Aug 1 12:47:12 server postfix/smtpd[7551]: NOQUEUE: reject: RCPT from 221.254.24.195.infosys.su[195.24.254.221]: 550 5.1.1 : Recipient address rejected: User unknown in local recipient table; from= to= proto=SMTP helo=
Aug 1 12:47:13 server postfix/smtpd[7551]: NOQUEUE: reject: RCPT from 221.254.24.195.infosys.su[195.24.254.221]: 550 5.1.1 <3dkacirova@ksunitra.sk>: Recipient address rejected: User unknown in local recipient table; from= to=<3dkacirova@ksunitra.sk> proto=SMTP helo=
Aug 1 12:47:13 server postfix/smtpd[7551]: NOQUEUE: reject: RCPT from 221.254.24.195.infosys.su[195.24.254.221]: 550 5.1.1 : Recipient address rejected: User unknown in local recipient table; from= to= proto=SMTP helo=
Aug 1 12:47:14 server postfix/smtpd[7551]: 4D8EF642EB1: client=221.254.24.195.infosys.su[195.24.254.221]
Aug 1 12:47:15 server postfix/cleanup[7553]: 4D8EF642EB1: message-id=<201108011718.ECCF41137BCCE361FEE0C@cnibva5p0>
Aug 1 12:47:15 server postfix/qmgr[2001]: 4D8EF642EB1: from=, size=1834, nrcpt=1 (queue active)
Aug 1 12:47:15 server postfix/smtpd[7555]: connect from localhost[127.0.0.1]
Aug 1 12:47:15 server postfix/smtpd[7555]: 912EA642EB3: client=localhost[127.0.0.1]
Aug 1 12:47:15 server postfix/cleanup[7553]: 912EA642EB3: message-id=<201108011718.ECCF41137BCCE361FEE0C@cnibva5p0>
Aug 1 12:47:15 server postfix/smtpd[7555]: disconnect from localhost[127.0.0.1]
Aug 1 12:47:15 server postfix/qmgr[2001]: 912EA642EB3: from=, size=2719, nrcpt=1 (queue active)
Aug 1 12:47:15 server postfix/smtp[7560]: 4D8EF642EB1: to=, relay=127.0.0.1[127.0.0.1]:2526, delay=4.1, delays=4/0/0/0.13, dsn=2.0.0, status=sent (250 2.0.0 Ok: queued as 912EA642EB3)
Aug 1 12:47:15 server postfix/qmgr[2001]: 4D8EF642EB1: removed
Aug 1 12:47:15 server postfix/local[7556]: 912EA642EB3: to=, orig_to=, relay=local, delay=0.19, delays=0.12/0/0/0.07, dsn=2.0.0, status=sent (delivered to maildir)
Aug 1 12:47:15 server postfix/qmgr[2001]: 912EA642EB3: removed
Aug 1 12:47:17 server postfix/smtpd[7551]: NOQUEUE: reject: RCPT from 221.254.24.195.infosys.su[195.24.254.221]: 550 5.1.1 : Recipient address rejected: User unknown in local recipient table; from= to= proto=SMTP helo=
Aug 1 12:47:17 server postfix/smtpd[7551]: NOQUEUE: reject: RCPT from 221.254.24.195.infosys.su[195.24.254.221]: 550 5.1.1 : Recipient address rejected: User unknown in local recipient table; from= to= proto=SMTP helo=
Aug 1 12:47:18 server postfix/smtpd[7551]: NOQUEUE: reject: RCPT from 221.254.24.195.infosys.su[195.24.254.221]: 550 5.1.1 : Recipient address rejected: User unknown in local recipient table; from= to= proto=SMTP helo=
Aug 1 12:47:18 server postfix/smtpd[7551]: NOQUEUE: reject: RCPT from 221.254.24.195.infosys.su[195.24.254.221]: 550 5.1.1 : Recipient address rejected: User unknown in local recipient table; from= to= proto=SMTP helo=
Aug 1 12:47:20 server postfix/smtpd[7551]: NOQUEUE: reject: RCPT from 221.254.24.195.infosys.su[195.24.254.221]: 550 5.1.1 : Recipient address rejected: User unknown in local recipient table; from= to= proto=SMTP helo=
Aug 1 12:47:20 server postfix/smtpd[7551]: NOQUEUE: reject: RCPT from 221.254.24.195.infosys.su[195.24.254.221]: 550 5.1.1 : Recipient address rejected: User unknown in local recipient table; from= to= proto=SMTP helo=
Aug 1 12:47:21 server postfix/smtpd[7570]: connect from unknown[109.67.9.213]
Aug 1 12:47:21 server dovecot: pop3-login: Login: user=, method=PLAIN, rip=194.160.31.14, lip=194.160.31.3, TLS
Aug 1 12:47:21 server dovecot: imap-login: Login: user=, method=PLAIN, rip=194.160.31.24, lip=193.87.99.30
Aug 1 12:47:21 server dovecot: IMAP(mlada): Disconnected: Logged out bytes=46/693
Aug 1 12:47:22 server postfix/smtpd[7551]: 23D92642EB1: client=221.254.24.195.infosys.su[195.24.254.221]
Aug 1 12:47:22 server dovecot: POP3(decsi): Disconnected: Logged out top=0/0, retr=1/706196, del=1/1, size=706176
Aug 1 12:47:22 server postfix/qmgr[2001]: A7038642771: from=, size=480196, nrcpt=50 (queue active)
Aug 1 12:47:23 server postfix/cleanup[7553]: 23D92642EB1: message-id=<201108011315.A1AB35EFFEAA8AFF96B32FA@q9clhy65s>
Aug 1 12:47:23 server postfix/qmgr[2001]: 23D92642EB1: from=, size=1917, nrcpt=1 (queue active)
Aug 1 12:47:23 server postfix/smtpd[7555]: connect from localhost[127.0.0.1]
Aug 1 12:47:23 server postfix/smtpd[7555]: A2A3364082A: client=localhost[127.0.0.1]
Aug 1 12:47:23 server postfix/cleanup[7553]: A2A3364082A: message-id=<201108011315.A1AB35EFFEAA8AFF96B32FA@q9clhy65s>
Aug 1 12:47:23 server postfix/qmgr[2001]: A2A3364082A: from=, size=2801, nrcpt=1 (queue active)
Aug 1 12:47:23 server postfix/smtpd[7555]: disconnect from localhost[127.0.0.1]
Aug 1 12:47:23 server postfix/smtp[7560]: 23D92642EB1: to=, relay=127.0.0.1[127.0.0.1]:2526, delay=7.3, delays=7.2/0/0/0.13, dsn=2.0.0, status=sent (250 2.0.0 Ok: queued as A2A3364082A)
Aug 1 12:47:23 server postfix/qmgr[2001]: 23D92642EB1: removed
Aug 1 12:47:23 server postfix/local[7556]: A2A3364082A: to=, orig_to=, relay=local, delay=0.19, delays=0.13/0/0/0.06, dsn=2.0.0, status=sent (delivered to maildir)
Aug 1 12:47:23 server postfix/local[7556]: A2A3364082A: to=, orig_to=, relay=local, delay=0.19, delays=0.13/0/0/0.06, dsn=2.0.0, status=sent (delivered to command: /usr/bin/vacation babkova)
Aug 1 12:47:23 server postfix/local[7556]: A2A3364082A: to=, orig_to=, relay=local, delay=0.26, delays=0.13/0/0/0.13, dsn=2.0.0, status=sent (delivered to maildir)
Aug 1 12:47:23 server postfix/local[7556]: A2A3364082A: to=, orig_to=, relay=local, delay=0.33, delays=0.13/0/0/0.19, dsn=2.0.0, status=sent (delivered to maildir)
Aug 1 12:47:23 server postfix/qmgr[2001]: A2A3364082A: removed
Aug 1 12:47:25 server postfix/smtpd[7551]: NOQUEUE: reject: RCPT from 221.254.24.195.infosys.su[195.24.254.221]: 550 5.1.1 : Recipient address rejected: User unknown in local recipient table; from= to= proto=SMTP helo=
Aug 1 12:47:25 server dovecot: imap-login: Login: user=, method=PLAIN, rip=194.160.31.61, lip=193.87.99.30
Aug 1 12:47:25 server dovecot: IMAP(moravcik): Disconnected: Logged out bytes=46/726
Aug 1 12:47:26 server postfix/smtpd[7551]: disconnect from 221.254.24.195.infosys.su[195.24.254.221]
Aug 1 12:47:26 server postfix/smtpd[7570]: 93BC864082A: client=unknown[109.67.9.213]
Aug 1 12:47:26 server postfix/smtp[7554]: A7038642771: to=, relay=mx.centrum.cz[90.183.38.55]:25, delay=1108, delays=1104/0/3.5/0.32, dsn=2.0.0, status=sent (250 ok: Message 172001580 accepted)
Aug 1 12:47:26 server postfix/smtp[7554]: A7038642771: to=, relay=mx.centrum.cz[90.183.38.55]:25, delay=1108, delays=1104/0/3.5/0.32, dsn=2.0.0, status=sent (250 ok: Message 172001580 accepted)
Aug 1 12:47:26 server postfix/smtp[7554]: A7038642771: to=, relay=mx.centrum.cz[90.183.38.55]:25, delay=1108, delays=1104/0/3.5/0.32, dsn=2.0.0, status=sent (250 ok: Message 172001580 accepted)
Aug 1 12:47:26 server postfix/qmgr[2001]: A7038642771: removed
Aug 1 12:47:27 server postfix/smtpd[7551]: connect from unknown[95.57.148.117]
Aug 1 12:47:29 server postfix/cleanup[7553]: 93BC864082A: message-id=<64v21j30w73-53695101-984h7v39@l6sddzfsv>
Aug 1 12:47:29 server postfix/qmgr[2001]: 93BC864082A: from=, size=1881, nrcpt=1 (queue active)
Aug 1 12:47:29 server postfix/smtpd[7555]: connect from localhost[127.0.0.1]
Aug 1 12:47:29 server postfix/smtpd[7555]: 3837C642771: client=localhost[127.0.0.1]
Aug 1 12:47:29 server postfix/cleanup[7553]: 3837C642771: message-id=<64v21j30w73-53695101-984h7v39@l6sddzfsv>
Aug 1 12:47:29 server postfix/qmgr[2001]: 3837C642771: from=, size=2764, nrcpt=1 (queue active)
Aug 1 12:47:29 server postfix/smtpd[7555]: disconnect from localhost[127.0.0.1]
Aug 1 12:47:29 server postfix/smtp[7560]: 93BC864082A: to=, relay=127.0.0.1[127.0.0.1]:2526, delay=3.8, delays=3.7/0/0/0.13, dsn=2.0.0, status=sent (250 2.0.0 Ok: queued as 3837C642771)
Aug 1 12:47:29 server postfix/qmgr[2001]: 93BC864082A: removed
Aug 1 12:47:29 server postfix/local[7556]: 3837C642771: to=, relay=local, delay=0.2, delays=0.13/0/0/0.07, dsn=2.0.0, status=sent (delivered to maildir)
Aug 1 12:47:29 server postfix/qmgr[2001]: 3837C642771: removed
Aug 1 12:47:30 server dovecot: imap-login: Login: user=, method=PLAIN, rip=194.160.31.96, lip=193.87.99.30
Aug 1 12:47:30 server dovecot: IMAP(porubska): Disconnected: Logged out bytes=46/725
Aug 1 12:47:30 server postfix/smtpd[7570]: disconnect from unknown[109.67.9.213]
Aug 1 12:47:31 server postfix/smtpd[7551]: 9E3ED64082A: client=unknown[95.57.148.117]
Aug 1 12:47:33 server postfix/cleanup[7553]: 9E3ED64082A: message-id=<4e368b36.288996c0@onelist.com>
Aug 1 12:47:33 server postfix/qmgr[2001]: 9E3ED64082A: from=, size=1870, nrcpt=1 (queue active)
Aug 1 12:47:33 server postfix/smtpd[7555]: connect from localhost[127.0.0.1]
Aug 1 12:47:33 server postfix/smtpd[7555]: 5D6F3642771: client=localhost[127.0.0.1]
Aug 1 12:47:33 server postfix/cleanup[7553]: 5D6F3642771: message-id=<4e368b36.288996c0@onelist.com>
Aug 1 12:47:33 server postfix/qmgr[2001]: 5D6F3642771: from=, size=2749, nrcpt=1 (queue active)
Aug 1 12:47:33 server postfix/smtpd[7555]: disconnect from localhost[127.0.0.1]
Aug 1 12:47:33 server postfix/smtp[7554]: 9E3ED64082A: to=, relay=127.0.0.1[127.0.0.1]:2526, delay=4.1, delays=4/0/0/0.14, dsn=2.0.0, status=sent (250 2.0.0 Ok: queued as 5D6F3642771)
Aug 1 12:47:33 server postfix/qmgr[2001]: 9E3ED64082A: removed
Aug 1 12:47:33 server postfix/local[7556]: 5D6F3642771: to=, relay=local, delay=0.2, delays=0.14/0/0/0.06, dsn=2.0.0, status=sent (delivered to maildir)
Aug 1 12:47:33 server postfix/qmgr[2001]: 5D6F3642771: removed
Aug 1 12:47:34 server postfix/smtpd[7551]: disconnect from unknown[95.57.148.117]
Aug 1 12:47:45 server postfix/smtpd[7570]: connect from kasa-web-vip.master.cz[89.185.247.227]
Aug 1 12:47:45 server postfix/smtpd[7570]: B63FD64082A: client=kasa-web-vip.master.cz[89.185.247.227]
Aug 1 12:47:45 server postfix/cleanup[7553]: B63FD64082A: message-id=<20110801102126.1B966C9E5B5@kasa-web-vip.master.cz>
Aug 1 12:47:45 server postfix/qmgr[2001]: B63FD64082A: from=, size=12508, nrcpt=1 (queue active)
Aug 1 12:47:45 server postfix/smtpd[7570]: disconnect from kasa-web-vip.master.cz[89.185.247.227]
Aug 1 12:47:45 server postfix/smtpd[7555]: connect from localhost[127.0.0.1]
Aug 1 12:47:45 server postfix/smtpd[7555]: E09F0642771: client=localhost[127.0.0.1]
Aug 1 12:47:46 server postfix/cleanup[7553]: E09F0642771: message-id=<20110801102126.1B966C9E5B5@kasa-web-vip.master.cz>
Aug 1 12:47:46 server postfix/qmgr[2001]: E09F0642771: from=, size=13189, nrcpt=1 (queue active)
Aug 1 12:47:46 server postfix/smtp[7560]: B63FD64082A: to=, relay=127.0.0.1[127.0.0.1]:2526, delay=0.69, delays=0.17/0/0/0.52, dsn=2.0.0, status=sent (250 2.0.0 Ok: queued as E09F0642771)
Aug 1 12:47:46 server postfix/qmgr[2001]: B63FD64082A: removed
Aug 1 12:47:46 server postfix/smtpd[7555]: disconnect from localhost[127.0.0.1]
Aug 1 12:47:46 server postfix/local[7556]: E09F0642771: to=, orig_to=, relay=local, delay=0.65, delays=0.52/0/0/0.13, dsn=2.0.0, status=sent (delivered to maildir)
Aug 1 12:47:46 server postfix/pickup[7020]: A3D4E642EB1: uid=1003 from=
Aug 1 12:47:46 server postfix/local[7556]: E09F0642771: to=, relay=local, delay=0.75, delays=0.52/0/0/0.23, dsn=2.0.0, status=sent (delivered to command: /usr/bin/vacation babkova)
Aug 1 12:47:46 server postfix/cleanup[7553]: A3D4E642EB1: message-id=<20110801104746.A3D4E642EB1@server.ksunitra.sk>
Aug 1 12:47:46 server postfix/qmgr[2001]: E09F0642771: removed
Aug 1 12:47:46 server postfix/qmgr[2001]: A3D4E642EB1: from=, size=642, nrcpt=1 (queue active)
Aug 1 12:47:46 server postfix/smtpd[7555]: connect from localhost[127.0.0.1]
Aug 1 12:47:46 server postfix/smtpd[7555]: B2AE264082A: client=localhost[127.0.0.1]
Aug 1 12:47:46 server postfix/cleanup[7553]: B2AE264082A: message-id=<20110801104746.A3D4E642EB1@server.ksunitra.sk>
Aug 1 12:47:46 server postfix/smtpd[7555]: disconnect from localhost[127.0.0.1]
Aug 1 12:47:46 server postfix/qmgr[2001]: B2AE264082A: from=, size=1269, nrcpt=1 (queue active)
Aug 1 12:47:46 server postfix/smtp[7554]: A3D4E642EB1: to=, relay=127.0.0.1[127.0.0.1]:2526, delay=0.27, delays=0.11/0/0/0.16, dsn=2.0.0, status=sent (250 2.0.0 Ok: queued as B2AE264082A)
Aug 1 12:47:46 server postfix/qmgr[2001]: A3D4E642EB1: removed
Aug 1 12:47:53 server dovecot: pop3-login: Login: user=, method=PLAIN, rip=194.160.31.72, lip=193.87.99.30
Aug 1 12:47:55 server dovecot: POP3(hrncarova): Disconnected: Logged out top=0/0, retr=3/714169, del=3/3, size=714115
Aug 1 12:47:57 server dovecot: imap-login: Login: user=, method=PLAIN, rip=194.160.31.12, lip=193.87.99.30
Aug 1 12:47:57 server dovecot: IMAP(hrdlovic): Disconnected: Logged out bytes=46/726
Aug 1 12:47:59 server dovecot: pop3-login: Login: user=, method=PLAIN, rip=194.160.31.72, lip=193.87.99.30
Aug 1 12:47:59 server dovecot: POP3(hrncarova): Disconnected: Logged out top=0/0, retr=0/0, del=0/0, size=0
Aug 1 12:48:07 server postfix/smtp[7560]: connect to kasa-web-4.masterinter.net[77.93.218.72]:25: Connection timed out
Aug 1 12:48:08 server postfix/smtp[7560]: B2AE264082A: to=, relay=none, delay=21, delays=0.16/0/21/0, dsn=4.4.1, status=deferred (connect to kasa-web-4.masterinter.net[77.93.218.72]:25: Connection timed out)
Aug 1 12:48:21 server dovecot: imap-login: Login: user=, method=PLAIN, rip=194.160.31.24, lip=193.87.99.30
Aug 1 12:48:22 server dovecot: IMAP(mlada): Disconnected: Logged out bytes=46/726
Aug 1 12:48:25 server dovecot: imap-login: Login: user=, method=PLAIN, rip=194.160.31.61, lip=193.87.99.30
Aug 1 12:48:25 server dovecot: IMAP(moravcik): Disconnected: Logged out bytes=46/726
Aug 1 12:48:26 server postfix/smtpd[7384]: lost connection after DATA (18 bytes) from unknown[194.160.31.96]
Aug 1 12:48:26 server postfix/smtpd[7384]: disconnect from unknown[194.160.31.96]
Aug 1 12:48:26 server postfix/cleanup[6791]: 3E85E642EB2: message-id=<>
Aug 1 12:48:30 server dovecot: imap-login: Login: user=, method=PLAIN, rip=194.160.31.96, lip=193.87.99.30
Aug 1 12:48:30 server dovecot: IMAP(porubska): Disconnected: Logged out bytes=46/725
Aug 1 12:48:46 server dovecot: pop3-login: Login: user=, method=PLAIN, rip=194.160.31.61, lip=193.87.99.30
Aug 1 12:48:47 server dovecot: POP3(moravcik): Disconnected: Logged out top=0/0, retr=1/2827, del=1/1, size=2810
Aug 1 12:48:47 server dovecot: pop3-login: Login: user=, method=PLAIN, rip=194.160.31.61, lip=193.87.99.30
Aug 1 12:48:47 server dovecot: POP3(moravcik): Disconnected: Logged out top=0/0, retr=0/0, del=0/0, size=0
Aug 1 12:48:57 server dovecot: imap-login: Login: user=, method=PLAIN, rip=194.160.31.12, lip=193.87.99.30
Aug 1 12:48:57 server dovecot: IMAP(hrdlovic): Disconnected: Logged out bytes=46/726
Aug 1 12:49:13 server postfix/smtpd[7551]: warning: 194.160.31.72: hostname pc72.ksunitra.sk verification failed: Name or service not known
Aug 1 12:49:13 server postfix/smtpd[7551]: connect from unknown[194.160.31.72]
Aug 1 12:49:13 server postfix/smtpd[7551]: ADA54642EB1: client=unknown[194.160.31.72]
Aug 1 12:49:13 server postfix/cleanup[7553]: ADA54642EB1: message-id=<5826AA6EB6AE4F2C9DBE166B2956F697@hrncarovapc>
Aug 1 12:49:14 server postfix/qmgr[2001]: ADA54642EB1: from=, size=709289, nrcpt=83 (queue active)
Aug 1 12:49:14 server postfix/smtpd[7555]: connect from localhost[127.0.0.1]
Aug 1 12:49:14 server postfix/smtpd[7555]: 0BB8D642EB2: client=localhost[127.0.0.1]
Aug 1 12:49:14 server postfix/smtpd[7551]: disconnect from unknown[194.160.31.72]
Aug 1 12:49:14 server postfix/smtpd[7613]: connect from localhost[127.0.0.1]
Aug 1 12:49:14 server postfix/smtpd[7613]: 0D45D642EB3: client=localhost[127.0.0.1]
Aug 1 12:49:14 server postfix/cleanup[6791]: 0BB8D642EB2: message-id=<5826AA6EB6AE4F2C9DBE166B2956F697@hrncarovapc>
Aug 1 12:49:14 server postfix/cleanup[7553]: 0D45D642EB3: message-id=<5826AA6EB6AE4F2C9DBE166B2956F697@hrncarovapc>
Aug 1 12:49:14 server postfix/qmgr[2001]: 0BB8D642EB2: from=, size=710143, nrcpt=50 (queue active)
Aug 1 12:49:14 server postfix/smtp[7554]: ADA54642EB1: to=, relay=127.0.0.1[127.0.0.1]:2526, delay=0.78, delays=0.34/0/0/0.44, dsn=2.0.0, status=sent (250 2.0.0 Ok: queued as 0BB8D642EB2)
Aug 1 12:49:14 server postfix/smtp[7554]: ADA54642EB1: to=, relay=127.0.0.1[127.0.0.1]:2526, delay=0.78, delays=0.34/0/0/0.44, dsn=2.0.0, status=sent (250 2.0.0 Ok: queued as 0BB8D642EB2)
Aug 1 12:49:14 server postfix/smtp[7554]: ADA54642EB1: to=, relay=127.0.0.1[127.0.0.1]:2526, delay=0.78, delays=0.34/0/0/0.44, dsn=2.0.0, status=sent (250 2.0.0 Ok: queued as 0BB8D642EB2)
Aug 1 12:49:14 server postfix/smtp[7554]: ADA54642EB1: to=, relay=127.0.0.1[127.0.0.1]:2526, delay=0.78, delays=0.34/0/0/0.44, dsn=2.0.0, status=sent (250 2.0.0 Ok: queued as 0BB8D642EB2)
Aug 1 12:49:14 server postfix/smtp[7554]: ADA54642EB1: to=, relay=127.0.0.1[127.0.0.1]:2526, delay=0.78, delays=0.34/0/0/0.44, dsn=2.0.0, status=sent (250 2.0.0 Ok: queued as 0BB8D642EB2)
Aug 1 12:49:14 server postfix/smtp[7554]: ADA54642EB1: to=, relay=127.0.0.1[127.0.0.1]:2526, delay=0.78, delays=0.34/0/0/0.44, dsn=2.0.0, status=sent (250 2.0.0 Ok: queued as 0BB8D642EB2)
Aug 1 12:49:14 server postfix/smtp[7554]: ADA54642EB1: to=, relay=127.0.0.1[127.0.0.1]:2526, delay=0.78, delays=0.34/0/0/0.44, dsn=2.0.0, status=sent (250 2.0.0 Ok: queued as 0BB8D642EB2)
Aug 1 12:49:14 server postfix/smtp[7554]: ADA54642EB1: to=, relay=127.0.0.1[127.0.0.1]:2526, delay=0.78, delays=0.34/0/0/0.44, dsn=2.0.0, status=sent (250 2.0.0 Ok: queued as 0BB8D642EB2)
Aug 1 12:49:14 server postfix/smtp[7554]: ADA54642EB1: to=, relay=127.0.0.1[127.0.0.1]:2526, delay=0.78, delays=0.34/0/0/0.44, dsn=2.0.0, status=sent (250 2.0.0 Ok: queued as 0BB8D642EB2)
Aug 1 12:49:14 server postfix/smtp[7554]: ADA54642EB1: to=, relay=127.0.0.1[127.0.0.1]:2526, delay=0.78, delays=0.34/0/0/0.44, dsn=2.0.0, status=sent (250 2.0.0 Ok: queued as 0BB8D642EB2)
Aug 1 12:49:14 server postfix/smtp[7554]: ADA54642EB1: to=, relay=127.0.0.1[127.0.0.1]:2526, delay=0.78, delays=0.34/0/0/0.44, dsn=2.0.0, status=sent (250 2.0.0 Ok: queued as 0BB8D642EB2)
Aug 1 12:49:14 server postfix/smtp[7554]: ADA54642EB1: to=, relay=127.0.0.1[127.0.0.1]:2526, delay=0.78, delays=0.34/0/0/0.44, dsn=2.0.0, status=sent (250 2.0.0 Ok: queued as 0BB8D642EB2)
Aug 1 12:49:14 server postfix/smtp[7554]: ADA54642EB1: to=, relay=127.0.0.1[127.0.0.1]:2526, delay=0.78, delays=0.34/0/0/0.44, dsn=2.0.0, status=sent (250 2.0.0 Ok: queued as 0BB8D642EB2)
Aug 1 12:49:14 server postfix/smtp[7554]: ADA54642EB1: to=, relay=127.0.0.1[127.0.0.1]:2526, delay=0.78, delays=0.34/0/0/0.44, dsn=2.0.0, status=sent (250 2.0.0 Ok: queued as 0BB8D642EB2)
Aug 1 12:49:14 server postfix/smtp[7554]: ADA54642EB1: to=, relay=127.0.0.1[127.0.0.1]:2526, delay=0.78, delays=0.34/0/0/0.44, dsn=2.0.0, status=sent (250 2.0.0 Ok: queued as 0BB8D642EB2)
Aug 1 12:49:14 server postfix/smtp[7554]: ADA54642EB1: to=, relay=127.0.0.1[127.0.0.1]:2526, delay=0.78, delays=0.34/0/0/0.44, dsn=2.0.0, status=sent (250 2.0.0 Ok: queued as 0BB8D642EB2)
Aug 1 12:49:14 server postfix/smtp[7554]: ADA54642EB1: to=, relay=127.0.0.1[127.0.0.1]:2526, delay=0.78, delays=0.34/0/0/0.44, dsn=2.0.0, status=sent (250 2.0.0 Ok: queued as 0BB8D642EB2)
Aug 1 12:49:14 server postfix/smtp[7554]: ADA54642EB1: to=, relay=127.0.0.1[127.0.0.1]:2526, delay=0.78, delays=0.34/0/0/0.44, dsn=2.0.0, status=sent (250 2.0.0 Ok: queued as 0BB8D642EB2)
Aug 1 12:49:14 server postfix/smtp[7554]: ADA54642EB1: to=, relay=127.0.0.1[127.0.0.1]:2526, delay=0.78, delays=0.34/0/0/0.44, dsn=2.0.0, status=sent (250 2.0.0 Ok: queued as 0BB8D642EB2)
Aug 1 12:49:14 server postfix/smtp[7554]: ADA54642EB1: to=, relay=127.0.0.1[127.0.0.1]:2526, delay=0.78, delays=0.34/0/0/0.44, dsn=2.0.0, status=sent (250 2.0.0 Ok: queued as 0BB8D642EB2)
Aug 1 12:49:14 server postfix/smtp[7554]: ADA54642EB1: to=, relay=127.0.0.1[127.0.0.1]:2526, delay=0.78, delays=0.34/0/0/0.44, dsn=2.0.0, status=sent (250 2.0.0 Ok: queued as 0BB8D642EB2)
Aug 1 12:49:14 server postfix/smtp[7554]: ADA54642EB1: to=, relay=127.0.0.1[127.0.0.1]:2526, delay=0.78, delays=0.34/0/0/0.44, dsn=2.0.0, status=sent (250 2.0.0 Ok: queued as 0BB8D642EB2)
Aug 1 12:49:14 server postfix/smtp[7554]: ADA54642EB1: to=, relay=127.0.0.1[127.0.0.1]:2526, delay=0.78, delays=0.34/0/0/0.44, dsn=2.0.0, status=sent (250 2.0.0 Ok: queued as 0BB8D642EB2)
Aug 1 12:49:14 server postfix/smtp[7554]: ADA54642EB1: to=, relay=127.0.0.1[127.0.0.1]:2526, delay=0.78, delays=0.34/0/0/0.44, dsn=2.0.0, status=sent (250 2.0.0 Ok: queued as 0BB8D642EB2)
Aug 1 12:49:14 server postfix/smtp[7554]: ADA54642EB1: to=, relay=127.0.0.1[127.0.0.1]:2526, delay=0.78, delays=0.34/0/0/0.44, dsn=2.0.0, status=sent (250 2.0.0 Ok: queued as 0BB8D642EB2)
Aug 1 12:49:14 server postfix/smtp[7554]: ADA54642EB1: to=, relay=127.0.0.1[127.0.0.1]:2526, delay=0.78, delays=0.34/0/0/0.44, dsn=2.0.0, status=sent (250 2.0.0 Ok: queued as 0BB8D642EB2)
Aug 1 12:49:14 server postfix/smtp[7554]: ADA54642EB1: to=, relay=127.0.0.1[127.0.0.1]:2526, delay=0.78, delays=0.34/0/0/0.44, dsn=2.0.0, status=sent (250 2.0.0 Ok: queued as 0BB8D642EB2)
Aug 1 12:49:14 server postfix/smtp[7554]: ADA54642EB1: to=, relay=127.0.0.1[127.0.0.1]:2526, delay=0.78, delays=0.34/0/0/0.44, dsn=2.0.0, status=sent (250 2.0.0 Ok: queued as 0BB8D642EB2)
Aug 1 12:49:14 server postfix/smtp[7554]: ADA54642EB1: to=, relay=127.0.0.1[127.0.0.1]:2526, delay=0.78, delays=0.34/0/0/0.44, dsn=2.0.0, status=sent (250 2.0.0 Ok: queued as 0BB8D642EB2)
Aug 1 12:49:14 server postfix/smtp[7554]: ADA54642EB1: to=, relay=127.0.0.1[127.0.0.1]:2526, delay=0.78, delays=0.34/0/0/0.44, dsn=2.0.0, status=sent (250 2.0.0 Ok: queued as 0BB8D642EB2)
Aug 1 12:49:14 server postfix/smtp[7554]: ADA54642EB1: to=, relay=127.0.0.1[127.0.0.1]:2526, delay=0.78, delays=0.34/0/0/0.44, dsn=2.0.0, status=sent (250 2.0.0 Ok: queued as 0BB8D642EB2)
Aug 1 12:49:14 server postfix/smtp[7554]: ADA54642EB1: to=, relay=127.0.0.1[127.0.0.1]:2526, delay=0.78, delays=0.34/0/0/0.44, dsn=2.0.0, status=sent (250 2.0.0 Ok: queued as 0BB8D642EB2)
Aug 1 12:49:14 server postfix/smtp[7554]: ADA54642EB1: to=, relay=127.0.0.1[127.0.0.1]:2526, delay=0.78, delays=0.34/0/0/0.44, dsn=2.0.0, status=sent (250 2.0.0 Ok: queued as 0BB8D642EB2)
Aug 1 12:49:14 server postfix/smtp[7554]: ADA54642EB1: to=, relay=127.0.0.1[127.0.0.1]:2526, delay=0.78, delays=0.34/0/0/0.44, dsn=2.0.0, status=sent (250 2.0.0 Ok: queued as 0BB8D642EB2)
Aug 1 12:49:14 server postfix/smtp[7554]: ADA54642EB1: to=, relay=127.0.0.1[127.0.0.1]:2526, delay=0.78, delays=0.34/0/0/0.44, dsn=2.0.0, status=sent (250 2.0.0 Ok: queued as 0BB8D642EB2)
Aug 1 12:49:14 server postfix/smtp[7554]: ADA54642EB1: to=, relay=127.0.0.1[127.0.0.1]:2526, delay=0.78, delays=0.34/0/0/0.44, dsn=2.0.0, status=sent (250 2.0.0 Ok: queued as 0BB8D642EB2)
Aug 1 12:49:14 server postfix/smtp[7554]: ADA54642EB1: to=, relay=127.0.0.1[127.0.0.1]:2526, delay=0.78, delays=0.34/0/0/0.44, dsn=2.0.0, status=sent (250 2.0.0 Ok: queued as 0BB8D642EB2)
Aug 1 12:49:14 server postfix/smtp[7554]: ADA54642EB1: to=, relay=127.0.0.1[127.0.0.1]:2526, delay=0.78, delays=0.34/0/0/0.44, dsn=2.0.0, status=sent (250 2.0.0 Ok: queued as 0BB8D642EB2)
Aug 1 12:49:14 server postfix/smtp[7554]: ADA54642EB1: to=, relay=127.0.0.1[127.0.0.1]:2526, delay=0.78, delays=0.34/0/0/0.44, dsn=2.0.0, status=sent (250 2.0.0 Ok: queued as 0BB8D642EB2)
Aug 1 12:49:14 server postfix/smtp[7554]: ADA54642EB1: to=, relay=127.0.0.1[127.0.0.1]:2526, delay=0.78, delays=0.34/0/0/0.44, dsn=2.0.0, status=sent (250 2.0.0 Ok: queued as 0BB8D642EB2)
Aug 1 12:49:14 server postfix/smtp[7554]: AD