Aug 1 12:06:30 server postfix/smtp[6660]: B9AF1642E51: to=, relay=mta-in.t-com.sk[213.81.152.19]:25, delay=1, delays=0.32/0.18/0.02/0.51, dsn=2.5.0, status=sent (250 2.5.0 Ok, envelope id 0LP800KQJTIZEQ00@mta-in2.stonline.sk)
Aug 1 12:06:30 server postfix/smtp[6660]: B9AF1642E51: to=, relay=mta-in.t-com.sk[213.81.152.19]:25, delay=1, delays=0.32/0.18/0.02/0.51, dsn=2.5.0, status=sent (250 2.5.0 Ok, envelope id 0LP800KQJTIZEQ00@mta-in2.stonline.sk)
Aug 1 12:06:30 server postfix/smtp[6660]: B9AF1642E51: to=, relay=mta-in.t-com.sk[213.81.152.19]:25, delay=1, delays=0.32/0.18/0.02/0.51, dsn=2.5.0, status=sent (250 2.5.0 Ok, envelope id 0LP800KQJTIZEQ00@mta-in2.stonline.sk)
Aug 1 12:06:30 server postfix/smtp[6660]: B9AF1642E51: to=, relay=mta-in.t-com.sk[213.81.152.19]:25, delay=1, delays=0.32/0.18/0.02/0.51, dsn=2.5.0, status=sent (250 2.5.0 Ok, envelope id 0LP800KQJTIZEQ00@mta-in2.stonline.sk)
Aug 1 12:06:30 server postfix/smtp[6660]: B9AF1642E51: to=, relay=mta-in.t-com.sk[213.81.152.19]:25, delay=1, delays=0.32/0.18/0.02/0.51, dsn=2.5.0, status=sent (250 2.5.0 Ok, envelope id 0LP800KQJTIZEQ00@mta-in2.stonline.sk)
Aug 1 12:06:30 server postfix/smtp[6660]: B9AF1642E51: to=, relay=mta-in.t-com.sk[213.81.152.19]:25, delay=1, delays=0.32/0.18/0.02/0.51, dsn=2.5.0, status=sent (250 2.5.0 Ok, envelope id 0LP800KQJTIZEQ00@mta-in2.stonline.sk)
Aug 1 12:06:30 server postfix/smtp[6660]: B9AF1642E51: to=, relay=mta-in.t-com.sk[213.81.152.19]:25, delay=1, delays=0.32/0.18/0.02/0.51, dsn=2.5.0, status=sent (250 2.5.0 Ok, envelope id 0LP800KQJTIZEQ00@mta-in2.stonline.sk)
Aug 1 12:06:30 server postfix/smtp[6660]: B9AF1642E51: to=, relay=mta-in.t-com.sk[213.81.152.19]:25, delay=1, delays=0.32/0.18/0.02/0.51, dsn=2.5.0, status=sent (250 2.5.0 Ok, envelope id 0LP800KQJTIZEQ00@mta-in2.stonline.sk)
Aug 1 12:06:30 server postfix/smtp[6660]: B9AF1642E51: to=, relay=mta-in.t-com.sk[213.81.152.19]:25, delay=1, delays=0.32/0.18/0.02/0.51, dsn=2.5.0, status=sent (250 2.5.0 Ok, envelope id 0LP800KQJTIZEQ00@mta-in2.stonline.sk)
Aug 1 12:06:30 server postfix/smtp[6660]: B9AF1642E51: to=, relay=mta-in.t-com.sk[213.81.152.19]:25, delay=1, delays=0.32/0.18/0.02/0.51, dsn=2.5.0, status=sent (250 2.5.0 Ok, envelope id 0LP800KQJTIZEQ00@mta-in2.stonline.sk)
Aug 1 12:06:30 server postfix/smtp[6660]: B9AF1642E51: to=, relay=mta-in.t-com.sk[213.81.152.19]:25, delay=1, delays=0.32/0.18/0.02/0.51, dsn=2.5.0, status=sent (250 2.5.0 Ok, envelope id 0LP800KQJTIZEQ00@mta-in2.stonline.sk)
Aug 1 12:06:30 server postfix/smtp[6645]: B9AF1642E51: to=, relay=mail.sasro.sk[80.81.224.130]:25, delay=1, delays=0.32/0.13/0.23/0.36, dsn=2.0.0, status=sent (250 2.0.0 Ok: queued as CDC898FEDC)
Aug 1 12:06:30 server postfix/smtpd[6665]: connect from mail.gymsahy.sk[213.81.186.61]
Aug 1 12:06:30 server postfix/smtpd[6666]: connect from idc-static-144.213-81-152.telecom.sk[213.81.152.144]
Aug 1 12:06:30 server postfix/smtpd[6666]: CE8DD6402E5: client=idc-static-144.213-81-152.telecom.sk[213.81.152.144]
Aug 1 12:06:30 server postfix/cleanup[6605]: CE8DD6402E5: message-id=<0LP800I5QTIZO900@mta-in1.stonline.sk>
Aug 1 12:06:30 server postfix/smtp[6639]: B9AF1642E51: to=, relay=mail.salamon.sk[194.1.215.2]:25, delay=1.1, delays=0.32/0.11/0.05/0.62, dsn=2.0.0, status=sent (250 2.0.0 Ok: queued as EAE121A18DD6)
Aug 1 12:06:30 server postfix/smtp[6629]: B615B642C0F: to=, relay=mailhub1.slovanet.net[195.28.64.118]:25, delay=1.1, delays=0.32/0.09/0.05/0.68, dsn=2.0.0, status=sent (250 2.0.0 Ok: queued as 881C41A21716)
Aug 1 12:06:30 server postfix/smtp[6629]: B615B642C0F: to=, relay=mailhub1.slovanet.net[195.28.64.118]:25, delay=1.1, delays=0.32/0.09/0.05/0.68, dsn=2.0.0, status=sent (250 2.0.0 Ok: queued as 881C41A21716)
Aug 1 12:06:30 server postfix/smtp[6640]: B9AF1642E51: to=, relay=mail.slovanet.sk[195.28.64.118]:25, delay=1.2, delays=0.32/0.11/0.07/0.64, dsn=2.0.0, status=sent (250 2.0.0 Ok: queued as D91268EEA01)
Aug 1 12:06:30 server postfix/smtp[6640]: B9AF1642E51: to=, relay=mail.slovanet.sk[195.28.64.118]:25, delay=1.2, delays=0.32/0.11/0.07/0.64, dsn=2.0.0, status=sent (250 2.0.0 Ok: queued as D91268EEA01)
Aug 1 12:06:30 server postfix/smtpd[6665]: E30D6642E88: client=mail.gymsahy.sk[213.81.186.61]
Aug 1 12:06:30 server postfix/qmgr[2001]: CE8DD6402E5: from=<>, size=15955, nrcpt=1 (queue active)
Aug 1 12:06:30 server postfix/smtpd[6603]: connect from localhost[127.0.0.1]
Aug 1 12:06:30 server postfix/smtpd[6603]: E75CB642EB0: client=localhost[127.0.0.1]
Aug 1 12:06:30 server postfix/smtpd[6666]: disconnect from idc-static-144.213-81-152.telecom.sk[213.81.152.144]
Aug 1 12:06:31 server postfix/cleanup[6601]: E30D6642E88: message-id=
Aug 1 12:06:31 server postfix/cleanup[6607]: E75CB642EB0: message-id=<0LP800I5QTIZO900@mta-in1.stonline.sk>
Aug 1 12:06:31 server postfix/smtp[6614]: B615B642C0F: to=, relay=mail.gljs.sk[193.87.81.34]:25, delay=1.5, delays=0.32/0.04/0.17/0.93, dsn=2.0.0, status=sent (250 2.0.0 Ok: queued as 7E0FF8D387)
Aug 1 12:06:31 server postfix/qmgr[2001]: E75CB642EB0: from=<>, size=16580, nrcpt=1 (queue active)
Aug 1 12:06:31 server postfix/smtp[6610]: CE8DD6402E5: to=, relay=127.0.0.1[127.0.0.1]:2526, delay=0.37, delays=0.1/0/0/0.27, dsn=2.0.0, status=sent (250 2.0.0 Ok: queued as E75CB642EB0)
Aug 1 12:06:31 server postfix/qmgr[2001]: E30D6642E88: from=<>, size=15370, nrcpt=1 (queue active)
Aug 1 12:06:31 server postfix/qmgr[2001]: CE8DD6402E5: removed
Aug 1 12:06:31 server postfix/smtpd[6603]: disconnect from localhost[127.0.0.1]
Aug 1 12:06:31 server postfix/smtpd[6564]: connect from localhost[127.0.0.1]
Aug 1 12:06:31 server postfix/local[6567]: E75CB642EB0: to=, orig_to=, relay=local, delay=0.33, delays=0.27/0/0/0.06, dsn=2.0.0, status=sent (delivered to maildir)
Aug 1 12:06:31 server postfix/qmgr[2001]: E75CB642EB0: removed
Aug 1 12:06:31 server postfix/smtpd[6564]: 42D3D6402E5: client=localhost[127.0.0.1]
Aug 1 12:06:31 server postfix/smtpd[6665]: disconnect from mail.gymsahy.sk[213.81.186.61]
Aug 1 12:06:31 server postfix/cleanup[6605]: 42D3D6402E5: message-id=
Aug 1 12:06:31 server postfix/smtp[6563]: B615B642C0F: to=, relay=triton.domains.sk[82.208.46.80]:25, delay=1.7, delays=0.32/0.01/0.12/1.2, dsn=2.0.0, status=sent (250 ok 1312191612 qp 11476)
Aug 1 12:06:31 server postfix/qmgr[2001]: 42D3D6402E5: from=<>, size=15996, nrcpt=1 (queue active)
Aug 1 12:06:31 server postfix/smtp[6624]: E30D6642E88: to=, relay=127.0.0.1[127.0.0.1]:2526, delay=0.68, delays=0.33/0/0.06/0.29, dsn=2.0.0, status=sent (250 2.0.0 Ok: queued as 42D3D6402E5)
Aug 1 12:06:31 server postfix/qmgr[2001]: E30D6642E88: removed
Aug 1 12:06:31 server postfix/smtp[6653]: B9AF1642E51: to=, relay=mail.spsenz.sk[195.168.92.246]:25, delay=1.9, delays=0.32/0.16/0.98/0.42, dsn=2.0.0, status=sent (250 2.0.0 Ok: queued as 3B3809104D7)
Aug 1 12:06:31 server postfix/local[6569]: 42D3D6402E5: to=, orig_to=, relay=local, delay=0.37, delays=0.29/0/0/0.08, dsn=2.0.0, status=sent (delivered to maildir)
Aug 1 12:06:31 server postfix/qmgr[2001]: 42D3D6402E5: removed
Aug 1 12:06:32 server postfix/smtp[6636]: B9AF1642E51: to=, relay=aspmx.l.google.com[74.125.39.27]:25, delay=2.3, delays=0.32/0.17/0.23/1.5, dsn=2.0.0, status=sent (250 2.0.0 OK 1312191613 c15si4961579fak.159)
Aug 1 12:06:32 server postfix/smtpd[6593]: disconnect from unknown[194.160.31.61]
Aug 1 12:06:32 server postfix/smtp[6619]: B615B642C0F: to=, relay=mail.gymnz.sk[213.81.187.20]:25, delay=2.8, delays=0.32/0.06/0.23/2.2, dsn=2.0.0, status=sent (250 2.0.0 Ok: queued as 6A7426AE709)
Aug 1 12:06:32 server postfix/smtp[6644]: B9AF1642E51: to=, relay=gemini.domains.sk[82.208.46.55]:25, delay=3, delays=0.32/0.13/0.11/2.4, dsn=2.0.0, status=sent (250 ok 1312191613 qp 29253)
Aug 1 12:06:33 server dovecot: pop3-login: Login: user=, method=PLAIN, rip=194.160.31.61, lip=193.87.99.30
Aug 1 12:06:33 server postfix/smtpd[6564]: disconnect from localhost[127.0.0.1]
Aug 1 12:06:33 server postfix/smtp[6602]: B615B642C0F: to=, relay=andromeda.domains.sk[82.208.46.61]:25, delay=4, delays=0.32/0.01/0.05/3.6, dsn=2.0.0, status=sent (250 ok 1312191614 qp 26058)
Aug 1 12:06:33 server postfix/smtp[6608]: B615B642C0F: to=, relay=xmx6.centrum.cz[90.183.38.55]:25, delay=4.1, delays=0.32/0.02/3.7/0.04, dsn=2.0.0, status=sent (250 ok: Message 172814387 accepted)
Aug 1 12:06:33 server postfix/smtp[6637]: B9AF1642E51: to=, relay=mx.centrum.cz[90.183.38.55]:25, delay=4.1, delays=0.32/0.11/3.6/0.05, dsn=2.0.0, status=sent (250 ok: Message 173038558 accepted)
Aug 1 12:06:33 server postfix/smtp[6637]: B9AF1642E51: to=, relay=mx.centrum.cz[90.183.38.55]:25, delay=4.1, delays=0.32/0.11/3.6/0.05, dsn=2.0.0, status=sent (250 ok: Message 173038558 accepted)
Aug 1 12:06:33 server postfix/smtp[6609]: B615B642C0F: to=, relay=gmsk-mx2.centrum.cz[90.183.38.55]:25, delay=4.1, delays=0.32/0.02/3.7/0.06, dsn=2.0.0, status=sent (250 ok: Message 173186154 accepted)
Aug 1 12:06:33 server postfix/smtp[6609]: B615B642C0F: to=, relay=gmsk-mx2.centrum.cz[90.183.38.55]:25, delay=4.1, delays=0.32/0.02/3.7/0.06, dsn=2.0.0, status=sent (250 ok: Message 173186154 accepted)
Aug 1 12:06:33 server postfix/smtp[6609]: B615B642C0F: to=, relay=gmsk-mx2.centrum.cz[90.183.38.55]:25, delay=4.1, delays=0.32/0.02/3.7/0.06, dsn=2.0.0, status=sent (250 ok: Message 173186154 accepted)
Aug 1 12:06:34 server dovecot: POP3(moravcik): Disconnected: Logged out top=0/0, retr=2/32822, del=2/2, size=32784
Aug 1 12:06:34 server dovecot: pop3-login: Login: user=, method=PLAIN, rip=194.160.31.61, lip=193.87.99.30
Aug 1 12:06:34 server postfix/smtp[6625]: B615B642C0F: to=, relay=relay.inmail24.com[217.198.113.80]:25, delay=4.9, delays=0.32/0.08/0.03/4.4, dsn=2.0.0, status=sent (250 2.0.0 Ok: queued as 6D0FB2801150F)
Aug 1 12:06:34 server postfix/smtp[6625]: B615B642C0F: to=, relay=relay.inmail24.com[217.198.113.80]:25, delay=4.9, delays=0.32/0.08/0.03/4.4, dsn=2.0.0, status=sent (250 2.0.0 Ok: queued as 6D0FB2801150F)
Aug 1 12:06:34 server postfix/smtp[6615]: B615B642C0F: to=, relay=gmail-smtp-in.l.google.com[74.125.39.27]:25, delay=4.9, delays=0.32/0.04/0.3/4.2, dsn=2.0.0, status=sent (250 2.0.0 OK 1312191615 l3si4962794fam.119)
Aug 1 12:06:34 server postfix/smtp[6615]: B615B642C0F: to=, relay=gmail-smtp-in.l.google.com[74.125.39.27]:25, delay=4.9, delays=0.32/0.04/0.3/4.2, dsn=2.0.0, status=sent (250 2.0.0 OK 1312191615 l3si4962794fam.119)
Aug 1 12:06:34 server postfix/smtp[6615]: B615B642C0F: to=, relay=gmail-smtp-in.l.google.com[74.125.39.27]:25, delay=4.9, delays=0.32/0.04/0.3/4.2, dsn=2.0.0, status=sent (250 2.0.0 OK 1312191615 l3si4962794fam.119)
Aug 1 12:06:34 server postfix/smtp[6615]: B615B642C0F: to=, relay=gmail-smtp-in.l.google.com[74.125.39.27]:25, delay=4.9, delays=0.32/0.04/0.3/4.2, dsn=2.0.0, status=sent (250 2.0.0 OK 1312191615 l3si4962794fam.119)
Aug 1 12:06:34 server postfix/smtp[6615]: B615B642C0F: to=, relay=gmail-smtp-in.l.google.com[74.125.39.27]:25, delay=4.9, delays=0.32/0.04/0.3/4.2, dsn=2.0.0, status=sent (250 2.0.0 OK 1312191615 l3si4962794fam.119)
Aug 1 12:06:34 server postfix/smtp[6615]: B615B642C0F: to=, relay=gmail-smtp-in.l.google.com[74.125.39.27]:25, delay=4.9, delays=0.32/0.04/0.3/4.2, dsn=2.0.0, status=sent (250 2.0.0 OK 1312191615 l3si4962794fam.119)
Aug 1 12:06:34 server dovecot: POP3(moravcik): Disconnected: Logged out top=0/0, retr=0/0, del=0/0, size=0
Aug 1 12:06:34 server postfix/smtp[6613]: B615B642C0F: to=, relay=in2.indatex.sk[93.184.69.44]:25, delay=5, delays=0.32/0.03/0.04/4.6, dsn=2.0.0, status=sent (250 2.0.0 Ok: queued as C5FC843C009)
Aug 1 12:06:34 server dovecot: pop3-login: Login: user=, method=PLAIN, rip=194.160.31.61, lip=193.87.99.30
Aug 1 12:06:35 server dovecot: POP3(moravcik): Disconnected: Logged out top=0/0, retr=0/0, del=0/0, size=0
Aug 1 12:06:35 server dovecot: pop3-login: Login: user=, method=PLAIN, rip=194.160.31.61, lip=193.87.99.30
Aug 1 12:06:35 server dovecot: POP3(moravcik): Disconnected: Logged out top=0/0, retr=0/0, del=0/0, size=0
Aug 1 12:06:35 server dovecot: pop3-login: Login: user=, method=PLAIN, rip=194.160.31.61, lip=193.87.99.30
Aug 1 12:06:35 server dovecot: POP3(moravcik): Disconnected: Logged out top=0/0, retr=0/0, del=0/0, size=0
Aug 1 12:06:35 server dovecot: pop3-login: Login: user=, method=PLAIN, rip=194.160.31.61, lip=193.87.99.30
Aug 1 12:06:36 server dovecot: POP3(moravcik): Disconnected: Logged out top=0/0, retr=0/0, del=0/0, size=0
Aug 1 12:06:36 server postfix/smtp[6612]: B615B642C0F: to=, relay=mail.gav.sk[109.74.159.2]:25, delay=7.1, delays=0.32/0.03/0.88/5.8, dsn=2.0.0, status=sent (250 ok 1312191617 qp 1076)
Aug 1 12:06:37 server postfix/smtp[6627]: B615B642C0F: to=, relay=email.kredit.sk[109.74.159.2]:25, delay=8, delays=0.32/0.08/0.84/6.7, dsn=2.0.0, status=sent (250 ok 1312191618 qp 1077)
Aug 1 12:06:45 server postfix/smtp[6661]: B9AF1642E51: to=, relay=mx2.zoznam.sk[213.81.185.94]:25, delay=16, delays=0.32/0.18/15/0.67, dsn=2.0.0, status=sent (250 2.0.0 Ok: queued as 6BF2125D0C4)
Aug 1 12:06:45 server postfix/smtp[6661]: B9AF1642E51: to=, relay=mx2.zoznam.sk[213.81.185.94]:25, delay=16, delays=0.32/0.18/15/0.67, dsn=2.0.0, status=sent (250 2.0.0 Ok: queued as 6BF2125D0C4)
Aug 1 12:06:48 server postfix/smtp[6657]: B9AF1642E51: to=, relay=mail.spssnr.sk[193.87.72.101]:25, delay=19, delays=0.32/0.17/0.1/18, dsn=2.0.0, status=sent (250 2.0.0 Ok: queued as C434F880EE4)
Aug 1 12:06:50 server dovecot: imap-login: Login: user=, method=PLAIN, rip=194.160.31.12, lip=193.87.99.30
Aug 1 12:06:50 server dovecot: IMAP(hrdlovic): Disconnected: Logged out bytes=46/726
Aug 1 12:07:01 server postfix/smtp[6638]: B9AF1642E51: to=, relay=smtp02.post.sk[85.248.69.95]:25, delay=32, delays=0.32/0.11/0.81/31, dsn=2.0.0, status=sent (250 2.0.0 Ok: queued as D09F46011)
Aug 1 12:07:01 server postfix/qmgr[2001]: B9AF1642E51: removed
Aug 1 12:07:04 server postfix/smtpd[6115]: lost connection after DATA (12 bytes) from unknown[194.160.31.96]
Aug 1 12:07:04 server postfix/smtpd[6115]: disconnect from unknown[194.160.31.96]
Aug 1 12:07:04 server postfix/cleanup[5592]: 36B116401AF: message-id=<>
Aug 1 12:07:05 server postfix/smtp[6633]: B615B642C0F: lost connection with mail.oalevice.edu.sk[213.81.187.177] while receiving the initial server greeting
Aug 1 12:07:05 server postfix/smtp[6633]: B615B642C0F: to=, relay=etrn.t-com.sk[213.81.152.20]:25, delay=36, delays=0.32/0.1/35/0.18, dsn=2.5.0, status=sent (250 2.5.0 Ok, envelope id 0LP80020GTJYNPA0@etrn.t-com.sk)
Aug 1 12:07:07 server postfix/smtpd[6666]: connect from unknown[79.135.196.253]
Aug 1 12:07:07 server postfix/smtpd[6666]: 96CAD6401AF: client=unknown[79.135.196.253]
Aug 1 12:07:07 server postfix/smtp[6632]: B615B642C0F: to=, relay=mailnew.uniag.sk[193.87.99.172]:25, delay=38, delays=0.32/0.1/35/2.3, dsn=2.0.0, status=sent (250 2.0.0 p718OtqE026961 Message accepted for delivery)
Aug 1 12:07:07 server postfix/qmgr[2001]: B615B642C0F: removed
Aug 1 12:07:07 server postfix/cleanup[6607]: 96CAD6401AF: message-id=<20110801092015.2800.qmail@79.135.196.253>
Aug 1 12:07:08 server postfix/qmgr[2001]: 96CAD6401AF: from=, size=1410, nrcpt=1 (queue active)
Aug 1 12:07:08 server postfix/smtpd[6606]: connect from localhost[127.0.0.1]
Aug 1 12:07:08 server postfix/smtpd[6606]: 15A046402E5: client=localhost[127.0.0.1]
Aug 1 12:07:08 server postfix/cleanup[6601]: 15A046402E5: message-id=<20110801092015.2800.qmail@79.135.196.253>
Aug 1 12:07:08 server postfix/smtpd[6666]: disconnect from unknown[79.135.196.253]
Aug 1 12:07:08 server postfix/smtpd[6606]: disconnect from localhost[127.0.0.1]
Aug 1 12:07:08 server postfix/qmgr[2001]: 15A046402E5: from=, size=2147, nrcpt=1 (queue active)
Aug 1 12:07:08 server postfix/smtp[6611]: 96CAD6401AF: to=, relay=127.0.0.1[127.0.0.1]:2526, delay=0.72, delays=0.58/0/0/0.14, dsn=2.0.0, status=sent (250 2.0.0 Ok: queued as 15A046402E5)
Aug 1 12:07:08 server postfix/qmgr[2001]: 96CAD6401AF: removed
Aug 1 12:07:08 server postfix/local[6571]: 15A046402E5: to=, orig_to=, relay=local, delay=0.19, delays=0.14/0/0/0.05, dsn=2.0.0, status=sent (delivered to maildir)
Aug 1 12:07:08 server postfix/qmgr[2001]: 15A046402E5: removed
Aug 1 12:07:16 server postfix/smtpd[6665]: warning: 213.201.21.157: hostname 157.screen-art.com verification failed: Name or service not known
Aug 1 12:07:16 server postfix/smtpd[6665]: connect from unknown[213.201.21.157]
Aug 1 12:07:16 server postfix/smtpd[6665]: 8ADC06401AF: client=unknown[213.201.21.157]
Aug 1 12:07:16 server dovecot: imap-login: Login: user=, method=PLAIN, rip=194.160.31.24, lip=193.87.99.30
Aug 1 12:07:16 server dovecot: IMAP(mlada): Disconnected: Logged out bytes=46/693
Aug 1 12:07:16 server postfix/cleanup[5592]: 8ADC06401AF: message-id=<>
Aug 1 12:07:16 server postfix/qmgr[2001]: 8ADC06401AF: from=, size=1253, nrcpt=1 (queue active)
Aug 1 12:07:16 server postfix/smtpd[6603]: connect from localhost[127.0.0.1]
Aug 1 12:07:16 server postfix/smtpd[6603]: EA29C6402E5: client=localhost[127.0.0.1]
Aug 1 12:07:17 server postfix/smtpd[6665]: disconnect from unknown[213.201.21.157]
Aug 1 12:07:17 server postfix/cleanup[6605]: EA29C6402E5: message-id=<20110801100716.EA29C6402E5@server.ksunitra.sk>
Aug 1 12:07:17 server postfix/smtpd[6603]: disconnect from localhost[127.0.0.1]
Aug 1 12:07:17 server postfix/qmgr[2001]: EA29C6402E5: from=, size=1971, nrcpt=1 (queue active)
Aug 1 12:07:17 server postfix/smtp[6630]: 8ADC06401AF: to=, relay=127.0.0.1[127.0.0.1]:2526, delay=0.66, delays=0.46/0/0/0.21, dsn=2.0.0, status=sent (250 2.0.0 Ok: queued as EA29C6402E5)
Aug 1 12:07:17 server postfix/qmgr[2001]: 8ADC06401AF: removed
Aug 1 12:07:17 server postfix/local[6567]: EA29C6402E5: to=, orig_to=, relay=local, delay=0.34, delays=0.21/0/0/0.13, dsn=2.0.0, status=sent (delivered to maildir)
Aug 1 12:07:17 server postfix/qmgr[2001]: EA29C6402E5: removed
Aug 1 12:07:19 server dovecot: imap-login: Login: user=, method=PLAIN, rip=194.160.31.61, lip=193.87.99.30
Aug 1 12:07:19 server dovecot: IMAP(moravcik): Disconnected: Logged out bytes=46/693
Aug 1 12:07:25 server dovecot: imap-login: Login: user=, method=PLAIN, rip=194.160.31.96, lip=193.87.99.30
Aug 1 12:07:25 server dovecot: IMAP(porubska): Disconnected: Logged out bytes=46/725
Aug 1 12:07:50 server dovecot: imap-login: Login: user=, method=PLAIN, rip=194.160.31.12, lip=193.87.99.30
Aug 1 12:07:50 server dovecot: IMAP(hrdlovic): Disconnected: Logged out bytes=46/728
Aug 1 12:08:05 server postfix/smtpd[6593]: warning: 194.160.31.96: hostname pc96.ksunitra.sk verification failed: Name or service not known
Aug 1 12:08:05 server postfix/smtpd[6593]: connect from unknown[194.160.31.96]
Aug 1 12:08:05 server postfix/smtpd[6593]: 22DF86401AF: client=unknown[194.160.31.96]
Aug 1 12:08:16 server dovecot: imap-login: Login: user=, method=PLAIN, rip=194.160.31.24, lip=193.87.99.30
Aug 1 12:08:16 server dovecot: IMAP(mlada): Disconnected: Logged out bytes=46/693
Aug 1 12:08:20 server dovecot: imap-login: Login: user=, method=PLAIN, rip=194.160.31.61, lip=193.87.99.30
Aug 1 12:08:20 server dovecot: IMAP(moravcik): Disconnected: Logged out bytes=46/693
Aug 1 12:08:25 server dovecot: imap-login: Login: user=, method=PLAIN, rip=194.160.31.96, lip=193.87.99.30
Aug 1 12:08:25 server dovecot: IMAP(porubska): Disconnected: Logged out bytes=46/725
Aug 1 12:08:25 server dovecot: pop3-login: Login: user=, method=PLAIN, rip=194.160.31.66, lip=193.87.99.30, TLS
Aug 1 12:08:26 server dovecot: POP3(vajda): Disconnected: Logged out top=0/0, retr=1/6977, del=1/1, size=6959
Aug 1 12:08:46 server dovecot: pop3-login: Login: user=, method=PLAIN, rip=194.160.31.14, lip=194.160.31.3, TLS
Aug 1 12:08:47 server dovecot: POP3(decsi): Disconnected: Logged out top=0/0, retr=1/6977, del=1/1, size=6959
Aug 1 12:08:50 server dovecot: imap-login: Login: user=, method=PLAIN, rip=194.160.31.12, lip=193.87.99.30
Aug 1 12:08:50 server dovecot: IMAP(hrdlovic): Disconnected: Logged out bytes=46/728
Aug 1 12:09:00 server dovecot: pop3-login: Login: user=, method=PLAIN, rip=194.160.31.24, lip=193.87.99.30
Aug 1 12:09:00 server dovecot: POP3(mlada): Disconnected: Logged out top=0/0, retr=0/0, del=0/0, size=0
Aug 1 12:09:16 server dovecot: imap-login: Login: user=, method=PLAIN, rip=194.160.31.24, lip=193.87.99.30
Aug 1 12:09:16 server dovecot: IMAP(mlada): Disconnected: Logged out bytes=46/693
Aug 1 12:09:20 server dovecot: imap-login: Login: user=, method=PLAIN, rip=194.160.31.61, lip=193.87.99.30
Aug 1 12:09:20 server dovecot: IMAP(moravcik): Disconnected: Logged out bytes=46/693
Aug 1 12:09:25 server dovecot: imap-login: Login: user=, method=PLAIN, rip=194.160.31.96, lip=193.87.99.30
Aug 1 12:09:25 server dovecot: IMAP(porubska): Disconnected: Logged out bytes=46/725
Aug 1 12:09:33 server postfix/smtpd[6593]: lost connection after DATA (12 bytes) from unknown[194.160.31.96]
Aug 1 12:09:33 server postfix/smtpd[6593]: disconnect from unknown[194.160.31.96]
Aug 1 12:09:33 server postfix/cleanup[6607]: 22DF86401AF: message-id=<>
Aug 1 12:09:39 server dovecot: pop3-login: Login: user=, method=PLAIN, rip=194.160.31.64, lip=193.87.99.30
Aug 1 12:09:42 server dovecot: pop3-login: Login: user=, method=PLAIN, rip=194.160.31.12, lip=193.87.99.30
Aug 1 12:09:43 server dovecot: POP3(kovacova): Disconnected: Logged out top=0/0, retr=2/65470, del=2/2, size=65433
Aug 1 12:09:50 server dovecot: imap-login: Login: user=, method=PLAIN, rip=194.160.31.12, lip=193.87.99.30
Aug 1 12:09:50 server dovecot: IMAP(hrdlovic): Disconnected: Logged out bytes=46/728
Aug 1 12:10:13 server dovecot: POP3(hrdlovic): Disconnected: Logged out top=0/0, retr=2/4056, del=2/2, size=4022
Aug 1 12:10:17 server dovecot: imap-login: Login: user=, method=PLAIN, rip=194.160.31.24, lip=193.87.99.30
Aug 1 12:10:17 server dovecot: IMAP(mlada): Disconnected: Logged out bytes=46/693
Aug 1 12:10:17 server postfix/anvil[5153]: statistics: max connection rate 1/60s for (smtp:46.158.17.144) at
Aug 1 12:00:45
Aug 1 12:10:17 server postfix/anvil[5153]: statistics: max connection count 1 for (smtp:46.158.17.144) at
Aug 1 12:00:45
Aug 1 12:10:17 server postfix/anvil[5153]: statistics: max cache size 4 at
Aug 1 12:07:07
Aug 1 12:10:20 server dovecot: imap-login: Login: user=, method=PLAIN, rip=194.160.31.61, lip=193.87.99.30
Aug 1 12:10:20 server dovecot: IMAP(moravcik): Disconnected: Logged out bytes=46/693
Aug 1 12:10:26 server dovecot: imap-login: Login: user=, method=PLAIN, rip=194.160.31.96, lip=193.87.99.30
Aug 1 12:10:26 server dovecot: IMAP(porubska): Disconnected: Logged out bytes=46/725
Aug 1 12:10:27 server postfix/scache[6667]: statistics: start interval
Aug 1 12:06:31
Aug 1 12:10:27 server postfix/scache[6667]: statistics: domain lookup hits=0 miss=1 success=0%
Aug 1 12:10:27 server postfix/scache[6667]: statistics: address lookup hits=0 miss=1 success=0%
Aug 1 12:10:27 server postfix/scache[6667]: statistics: max simultaneous domains=1 addresses=1 connection=1
Aug 1 12:10:35 server postfix/smtpd[6593]: warning: 194.160.31.96: hostname pc96.ksunitra.sk verification failed: Name or service not known
Aug 1 12:10:35 server postfix/smtpd[6593]: connect from unknown[194.160.31.96]
Aug 1 12:10:35 server postfix/smtpd[6593]: 26F0E6401AF: client=unknown[194.160.31.96]
Aug 1 12:10:49 server postfix/smtpd[6751]: connect from webmail.uips.sk[193.87.45.30]
Aug 1 12:10:50 server postfix/smtpd[6751]: 050D66402E5: client=webmail.uips.sk[193.87.45.30]
Aug 1 12:10:50 server postfix/cleanup[6753]: 050D66402E5: message-id=
Aug 1 12:10:50 server postfix/qmgr[2001]: 050D66402E5: from=, size=295694, nrcpt=1 (queue active)
Aug 1 12:10:50 server postfix/smtpd[6751]: disconnect from webmail.uips.sk[193.87.45.30]
Aug 1 12:10:50 server postfix/smtpd[6755]: connect from localhost[127.0.0.1]
Aug 1 12:10:50 server postfix/smtpd[6755]: 3469E642C0F: client=localhost[127.0.0.1]
Aug 1 12:10:50 server postfix/cleanup[6753]: 3469E642C0F: message-id=
Aug 1 12:10:50 server postfix/qmgr[2001]: 3469E642C0F: from=, size=296574, nrcpt=1 (queue active)
Aug 1 12:10:50 server postfix/smtpd[6755]: disconnect from localhost[127.0.0.1]
Aug 1 12:10:50 server postfix/smtp[6754]: 050D66402E5: to=, relay=127.0.0.1[127.0.0.1]:2526, delay=0.47, delays=0.19/0/0/0.27, dsn=2.0.0, status=sent (250 2.0.0 Ok: queued as 3469E642C0F)
Aug 1 12:10:50 server postfix/qmgr[2001]: 050D66402E5: removed
Aug 1 12:10:50 server postfix/local[6756]: 3469E642C0F: to=, relay=local, delay=0.4, delays=0.27/0/0/0.13, dsn=2.0.0, status=sent (delivered to maildir)
Aug 1 12:10:50 server postfix/qmgr[2001]: 3469E642C0F: removed
Aug 1 12:10:50 server dovecot: imap-login: Login: user=, method=PLAIN, rip=194.160.31.12, lip=193.87.99.30
Aug 1 12:10:51 server dovecot: IMAP(hrdlovic): Disconnected: Logged out bytes=46/693
Aug 1 12:10:59 server dovecot: pop3-login: Login: user=, method=PLAIN, rip=194.160.31.24, lip=193.87.99.30
Aug 1 12:10:59 server dovecot: POP3(mlada): Disconnected: Logged out top=0/0, retr=0/0, del=0/0, size=0
Aug 1 12:11:17 server dovecot: imap-login: Login: user=, method=PLAIN, rip=194.160.31.24, lip=193.87.99.30
Aug 1 12:11:17 server dovecot: IMAP(mlada): Disconnected: Logged out bytes=46/693
Aug 1 12:11:20 server dovecot: imap-login: Login: user=, method=PLAIN, rip=194.160.31.61, lip=193.87.99.30
Aug 1 12:11:20 server dovecot: IMAP(moravcik): Disconnected: Logged out bytes=46/693
Aug 1 12:11:26 server dovecot: imap-login: Login: user=, method=PLAIN, rip=194.160.31.96, lip=193.87.99.30
Aug 1 12:11:26 server dovecot: IMAP(porubska): Disconnected: Logged out bytes=46/725
Aug 1 12:11:51 server dovecot: imap-login: Login: user=, method=PLAIN, rip=194.160.31.12, lip=193.87.99.30
Aug 1 12:11:51 server dovecot: IMAP(hrdlovic): Disconnected: Logged out bytes=46/693
Aug 1 12:11:59 server dovecot: pop3-login: Login: user=, method=PLAIN, rip=194.160.31.64, lip=193.87.99.30
Aug 1 12:11:59 server dovecot: POP3(kovacova): Disconnected: Logged out top=0/0, retr=0/0, del=0/0, size=0
Aug 1 12:12:17 server dovecot: imap-login: Login: user=, method=PLAIN, rip=194.160.31.24, lip=193.87.99.30
Aug 1 12:12:17 server dovecot: IMAP(mlada): Disconnected: Logged out bytes=46/693
Aug 1 12:12:20 server dovecot: imap-login: Login: user=, method=PLAIN, rip=194.160.31.61, lip=193.87.99.30
Aug 1 12:12:20 server dovecot: IMAP(moravcik): Disconnected: Logged out bytes=46/693
Aug 1 12:12:26 server dovecot: imap-login: Login: user=, method=PLAIN, rip=194.160.31.96, lip=193.87.99.30
Aug 1 12:12:26 server dovecot: IMAP(porubska): Disconnected: Logged out bytes=46/725
Aug 1 12:12:39 server postfix/smtpd[6789]: warning: 194.160.31.14: hostname pc14.ksunitra.sk verification failed: Name or service not known
Aug 1 12:12:39 server postfix/smtpd[6789]: connect from unknown[194.160.31.14]
Aug 1 12:12:39 server postfix/smtpd[6789]: 1FB7A6402E5: client=unknown[194.160.31.14]
Aug 1 12:12:39 server postfix/cleanup[6791]: 1FB7A6402E5: message-id=<004501cc502f$e1fa6430$0e1fa0c2@DecsiPC>
Aug 1 12:12:39 server postfix/qmgr[2001]: 1FB7A6402E5: from=, size=14776, nrcpt=1 (queue active)
Aug 1 12:12:39 server postfix/smtpd[6789]: disconnect from unknown[194.160.31.14]
Aug 1 12:12:39 server postfix/smtpd[6793]: connect from localhost[127.0.0.1]
Aug 1 12:12:39 server postfix/smtpd[6793]: 50E60642C0F: client=localhost[127.0.0.1]
Aug 1 12:12:39 server postfix/cleanup[6791]: 50E60642C0F: message-id=<004501cc502f$e1fa6430$0e1fa0c2@DecsiPC>
Aug 1 12:12:39 server postfix/qmgr[2001]: 50E60642C0F: from=, size=15659, nrcpt=1 (queue active)
Aug 1 12:12:39 server postfix/smtp[6792]: 1FB7A6402E5: to=, relay=127.0.0.1[127.0.0.1]:2526, delay=0.77, delays=0.2/0/0/0.57, dsn=2.0.0, status=sent (250 2.0.0 Ok: queued as 50E60642C0F)
Aug 1 12:12:39 server postfix/qmgr[2001]: 1FB7A6402E5: removed
Aug 1 12:12:39 server postfix/smtpd[6793]: disconnect from localhost[127.0.0.1]
Aug 1 12:12:41 server postfix/smtp[6792]: 50E60642C0F: to=, relay=gmail-smtp-in.l.google.com[74.125.39.27]:25, delay=1.9, delays=0.57/0/0.16/1.2, dsn=2.0.0, status=sent (250 2.0.0 OK 1312191982 c13si4971171fai.94)
Aug 1 12:12:41 server postfix/qmgr[2001]: 50E60642C0F: removed
Aug 1 12:12:51 server dovecot: imap-login: Login: user=, method=PLAIN, rip=194.160.31.12, lip=193.87.99.30
Aug 1 12:12:51 server dovecot: IMAP(hrdlovic): Disconnected: Logged out bytes=46/693
Aug 1 12:13:12 server dovecot: pop3-login: Login: user=, method=PLAIN, rip=194.160.31.65, lip=193.87.99.30
Aug 1 12:13:12 server dovecot: POP3(joriova): Disconnected: Logged out top=0/0, retr=0/0, del=0/0, size=0
Aug 1 12:13:12 server dovecot: pop3-login: Login: user=, method=PLAIN, rip=194.160.31.65, lip=193.87.99.30
Aug 1 12:13:12 server dovecot: POP3(joriova): Disconnected: Logged out top=0/0, retr=0/0, del=0/0, size=0
Aug 1 12:13:17 server dovecot: imap-login: Login: user=, method=PLAIN, rip=194.160.31.24, lip=193.87.99.30
Aug 1 12:13:17 server dovecot: IMAP(mlada): Disconnected: Logged out bytes=46/693
Aug 1 12:13:20 server dovecot: imap-login: Login: user=, method=PLAIN, rip=194.160.31.61, lip=193.87.99.30
Aug 1 12:13:20 server dovecot: IMAP(moravcik): Disconnected: Logged out bytes=46/693
Aug 1 12:13:26 server dovecot: imap-login: Login: user=, method=PLAIN, rip=194.160.31.96, lip=193.87.99.30
Aug 1 12:13:26 server dovecot: IMAP(porubska): Disconnected: Logged out bytes=46/725
Aug 1 12:13:48 server postfix/smtpd[6789]: connect from bay0-omc1-s9.bay0.hotmail.com[65.54.190.20]
Aug 1 12:13:48 server postfix/smtpd[6789]: CB7766402E5: client=bay0-omc1-s9.bay0.hotmail.com[65.54.190.20]
Aug 1 12:13:49 server postfix/cleanup[6791]: CB7766402E5: message-id=
Aug 1 12:13:51 server dovecot: imap-login: Login: user=, method=PLAIN, rip=194.160.31.12, lip=193.87.99.30
Aug 1 12:13:51 server dovecot: IMAP(hrdlovic): Disconnected: Logged out bytes=46/693
Aug 1 12:13:56 server postfix/qmgr[2001]: CB7766402E5: from=, size=2586078, nrcpt=1 (queue active)
Aug 1 12:13:56 server postfix/smtpd[6793]: connect from localhost[127.0.0.1]
Aug 1 12:13:56 server postfix/smtpd[6793]: 77B4A642C0F: client=localhost[127.0.0.1]
Aug 1 12:13:56 server postfix/cleanup[6791]: 77B4A642C0F: message-id=
Aug 1 12:13:56 server postfix/smtpd[6789]: disconnect from bay0-omc1-s9.bay0.hotmail.com[65.54.190.20]
Aug 1 12:13:56 server postfix/qmgr[2001]: 77B4A642C0F: from=, size=2586702, nrcpt=1 (queue active)
Aug 1 12:13:56 server postfix/smtp[6794]: CB7766402E5: to=, relay=127.0.0.1[127.0.0.1]:2526, delay=8.2, delays=7.8/0/0/0.39, dsn=2.0.0, status=sent (250 2.0.0 Ok: queued as 77B4A642C0F)
Aug 1 12:13:56 server postfix/smtpd[6793]: disconnect from localhost[127.0.0.1]
Aug 1 12:13:56 server postfix/qmgr[2001]: CB7766402E5: removed
Aug 1 12:13:57 server postfix/local[6815]: 77B4A642C0F: to=, orig_to=, relay=local, delay=0.58, delays=0.39/0/0/0.18, dsn=2.0.0, status=sent (delivered to maildir)
Aug 1 12:13:57 server postfix/qmgr[2001]: 77B4A642C0F: removed
Aug 1 12:14:03 server postfix/smtpd[6593]: lost connection after DATA (18 bytes) from unknown[194.160.31.96]
Aug 1 12:14:03 server postfix/smtpd[6593]: disconnect from unknown[194.160.31.96]
Aug 1 12:14:03 server postfix/cleanup[6607]: 26F0E6401AF: message-id=<>
Aug 1 12:14:17 server dovecot: imap-login: Login: user=, method=PLAIN, rip=194.160.31.24, lip=193.87.99.30
Aug 1 12:14:17 server dovecot: IMAP(mlada): Disconnected: Logged out bytes=46/693
Aug 1 12:14:20 server dovecot: imap-login: Login: user=, method=PLAIN, rip=194.160.31.61, lip=193.87.99.30
Aug 1 12:14:20 server dovecot: IMAP(moravcik): Disconnected: Logged out bytes=46/693
Aug 1 12:14:26 server dovecot: imap-login: Login: user=, method=PLAIN, rip=194.160.31.96, lip=193.87.99.30
Aug 1 12:14:26 server dovecot: IMAP(porubska): Disconnected: Logged out bytes=46/725
Aug 1 12:14:46 server postfix/smtpd[6789]: warning: 194.160.31.13: hostname pc13.ksunitra.sk verification failed: Name or service not known
Aug 1 12:14:46 server postfix/smtpd[6789]: connect from unknown[194.160.31.13]
Aug 1 12:14:46 server postfix/smtpd[6789]: 6ADE56401AF: client=unknown[194.160.31.13]
Aug 1 12:14:46 server postfix/cleanup[6791]: 6ADE56401AF: message-id=<000001cc5030$2609f1e0$721dd5a0$@sestakova@ksunitra.sk>
Aug 1 12:14:46 server postfix/qmgr[2001]: 6ADE56401AF: from=, size=502852, nrcpt=1 (queue active)
Aug 1 12:14:46 server postfix/smtpd[6793]: connect from localhost[127.0.0.1]
Aug 1 12:14:46 server postfix/smtpd[6793]: BC03C6402E5: client=localhost[127.0.0.1]
Aug 1 12:14:46 server postfix/cleanup[6607]: BC03C6402E5: message-id=<000001cc5030$2609f1e0$721dd5a0$@sestakova@ksunitra.sk>
Aug 1 12:14:47 server postfix/qmgr[2001]: BC03C6402E5: from=, size=503478, nrcpt=1 (queue active)
Aug 1 12:14:47 server postfix/smtp[6794]: 6ADE56401AF: to=, relay=127.0.0.1[127.0.0.1]:2526, delay=0.6, delays=0.33/0/0/0.27, dsn=2.0.0, status=sent (250 2.0.0 Ok: queued as BC03C6402E5)
Aug 1 12:14:47 server postfix/smtpd[6793]: disconnect from localhost[127.0.0.1]
Aug 1 12:14:47 server postfix/qmgr[2001]: 6ADE56401AF: removed
Aug 1 12:14:49 server postfix/smtpd[6789]: disconnect from unknown[194.160.31.13]
Aug 1 12:14:49 server dovecot: pop3-login: Login: user=, method=PLAIN, rip=194.160.31.13, lip=193.87.99.30, TLS
Aug 1 12:14:50 server dovecot: POP3(sestakova): Disconnected: Logged out top=0/0, retr=4/116450, del=4/4, size=116379
Aug 1 12:14:50 server postfix/smtp[6794]: BC03C6402E5: to=, relay=gmsk-mx1.centrum.cz[90.183.38.55]:25, delay=4.1, delays=0.27/0/3.5/0.3, dsn=2.0.0, status=sent (250 ok: Message 173202097 accepted)
Aug 1 12:14:50 server postfix/qmgr[2001]: BC03C6402E5: removed
Aug 1 12:14:51 server postfix/smtpd[6593]: connect from gmmr5.centrum.cz[90.183.38.152]
Aug 1 12:14:51 server postfix/smtpd[6593]: 392A86401AF: client=gmmr5.centrum.cz[90.183.38.152]
Aug 1 12:14:51 server postfix/cleanup[6791]: 392A86401AF: message-id=<20110801094832.3AA16802313F@gmmr5.centrum.cz>
Aug 1 12:14:51 server dovecot: pop3-login: Login: user=, method=PLAIN, rip=194.160.31.13, lip=193.87.99.30, TLS
Aug 1 12:14:51 server postfix/qmgr[2001]: 392A86401AF: from=<>, size=2012, nrcpt=1 (queue active)
Aug 1 12:14:51 server postfix/smtpd[6593]: disconnect from gmmr5.centrum.cz[90.183.38.152]
Aug 1 12:14:51 server postfix/smtpd[6793]: connect from localhost[127.0.0.1]
Aug 1 12:14:51 server postfix/smtpd[6793]: 5F7916402E5: client=localhost[127.0.0.1]
Aug 1 12:14:51 server postfix/cleanup[6607]: 5F7916402E5: message-id=<20110801094832.3AA16802313F@gmmr5.centrum.cz>
Aug 1 12:14:51 server dovecot: imap-login: Login: user=, method=PLAIN, rip=194.160.31.12, lip=193.87.99.30
Aug 1 12:14:51 server dovecot: IMAP(hrdlovic): Disconnected: Logged out bytes=46/693
Aug 1 12:14:51 server postfix/qmgr[2001]: 5F7916402E5: from=<>, size=2637, nrcpt=1 (queue active)
Aug 1 12:14:51 server postfix/smtpd[6793]: disconnect from localhost[127.0.0.1]
Aug 1 12:14:51 server postfix/smtp[6829]: 392A86401AF: to=, relay=127.0.0.1[127.0.0.1]:2526, delay=0.42, delays=0.16/0/0/0.26, dsn=2.0.0, status=sent (250 2.0.0 Ok: queued as 5F7916402E5)
Aug 1 12:14:51 server postfix/qmgr[2001]: 392A86401AF: removed
Aug 1 12:14:51 server dovecot: POP3(sestakova): Disconnected: Logged out top=0/0, retr=0/0, del=0/0, size=0
Aug 1 12:14:51 server postfix/local[6815]: 5F7916402E5: to=, orig_to=, relay=local, delay=0.32, delays=0.26/0/0/0.06, dsn=2.0.0, status=sent (delivered to maildir)
Aug 1 12:14:51 server postfix/qmgr[2001]: 5F7916402E5: removed
Aug 1 12:15:04 server postfix/smtpd[6789]: warning: 194.160.31.96: hostname pc96.ksunitra.sk verification failed: Name or service not known
Aug 1 12:15:04 server postfix/smtpd[6789]: connect from unknown[194.160.31.96]
Aug 1 12:15:04 server postfix/smtpd[6789]: E9E5D6401AF: client=unknown[194.160.31.96]
Aug 1 12:15:17 server dovecot: imap-login: Login: user=, method=PLAIN, rip=194.160.31.24, lip=193.87.99.30
Aug 1 12:15:17 server dovecot: IMAP(mlada): Disconnected: Logged out bytes=46/693
Aug 1 12:15:20 server dovecot: imap-login: Login: user=, method=PLAIN, rip=194.160.31.61, lip=193.87.99.30
Aug 1 12:15:20 server dovecot: IMAP(moravcik): Disconnected: Logged out bytes=46/693
Aug 1 12:15:26 server dovecot: imap-login: Login: user=, method=PLAIN, rip=194.160.31.96, lip=193.87.99.30
Aug 1 12:15:26 server dovecot: IMAP(porubska): Disconnected: Logged out bytes=46/725
Aug 1 12:15:31 server dovecot: pop3-login: Login: user=, method=PLAIN, rip=194.160.31.43, lip=193.87.99.30, TLS
Aug 1 12:15:31 server dovecot: POP3(novakova): Disconnected: Logged out top=0/0, retr=0/0, del=0/0, size=0
Aug 1 12:15:51 server dovecot: imap-login: Login: user=, method=PLAIN, rip=194.160.31.12, lip=193.87.99.30
Aug 1 12:15:51 server dovecot: IMAP(hrdlovic): Disconnected: Logged out bytes=46/693
Aug 1 12:16:17 server dovecot: imap-login: Login: user=, method=PLAIN, rip=194.160.31.24, lip=193.87.99.30
Aug 1 12:16:17 server dovecot: IMAP(mlada): Disconnected: Logged out bytes=46/693
Aug 1 12:16:21 server dovecot: imap-login: Login: user=, method=PLAIN, rip=194.160.31.61, lip=193.87.99.30
Aug 1 12:16:21 server dovecot: IMAP(moravcik): Disconnected: Logged out bytes=46/693
Aug 1 12:16:26 server dovecot: imap-login: Login: user=, method=PLAIN, rip=194.160.31.96, lip=193.87.99.30
Aug 1 12:16:26 server dovecot: IMAP(porubska): Disconnected: Logged out bytes=46/725
Aug 1 12:16:33 server postfix/smtpd[6789]: lost connection after DATA (12 bytes) from unknown[194.160.31.96]
Aug 1 12:16:33 server postfix/smtpd[6789]: disconnect from unknown[194.160.31.96]
Aug 1 12:16:33 server postfix/cleanup[6791]: E9E5D6401AF: message-id=<>
Aug 1 12:16:51 server dovecot: imap-login: Login: user=, method=PLAIN, rip=194.160.31.12, lip=193.87.99.30
Aug 1 12:16:51 server dovecot: IMAP(hrdlovic): Disconnected: Logged out bytes=46/693
Aug 1 12:17:02 server dovecot: pop3-login: Login: user=, method=PLAIN, rip=194.160.31.38, lip=193.87.99.30
Aug 1 12:17:03 server dovecot: POP3(deakova): Disconnected: Logged out top=0/0, retr=0/0, del=0/0, size=0
Aug 1 12:17:17 server dovecot: imap-login: Login: user=, method=PLAIN, rip=194.160.31.24, lip=193.87.99.30
Aug 1 12:17:17 server dovecot: IMAP(mlada): Disconnected: Logged out bytes=46/693
Aug 1 12:17:19 server postfix/smtpd[6789]: warning: 194.160.31.14: hostname pc14.ksunitra.sk verification failed: Name or service not known
Aug 1 12:17:19 server postfix/smtpd[6789]: connect from unknown[194.160.31.14]
Aug 1 12:17:19 server postfix/smtpd[6789]: 8807B6401AF: client=unknown[194.160.31.14]
Aug 1 12:17:19 server postfix/cleanup[6791]: 8807B6401AF: message-id=<005e01cc5030$891aa9a0$0e1fa0c2@DecsiPC>
Aug 1 12:17:19 server postfix/qmgr[2001]: 8807B6401AF: from=, size=13918, nrcpt=1 (queue active)
Aug 1 12:17:19 server postfix/smtpd[6789]: disconnect from unknown[194.160.31.14]
Aug 1 12:17:19 server postfix/smtpd[6882]: connect from localhost[127.0.0.1]
Aug 1 12:17:19 server postfix/smtpd[6882]: C61876402E5: client=localhost[127.0.0.1]
Aug 1 12:17:20 server postfix/cleanup[6791]: C61876402E5: message-id=<005e01cc5030$891aa9a0$0e1fa0c2@DecsiPC>
Aug 1 12:17:20 server postfix/qmgr[2001]: C61876402E5: from=, size=14801, nrcpt=1 (queue active)
Aug 1 12:17:20 server postfix/smtp[6881]: 8807B6401AF: to=, relay=127.0.0.1[127.0.0.1]:2526, delay=0.77, delays=0.25/0/0/0.52, dsn=2.0.0, status=sent (250 2.0.0 Ok: queued as C61876402E5)
Aug 1 12:17:20 server postfix/qmgr[2001]: 8807B6401AF: removed
Aug 1 12:17:20 server postfix/smtpd[6882]: disconnect from localhost[127.0.0.1]
Aug 1 12:17:21 server dovecot: imap-login: Login: user=, method=PLAIN, rip=194.160.31.61, lip=193.87.99.30
Aug 1 12:17:21 server dovecot: IMAP(moravcik): Disconnected: Logged out bytes=46/693
Aug 1 12:17:21 server postfix/smtp[6881]: C61876402E5: to=, relay=gmail-smtp-in.l.google.com[74.125.39.27]:25, delay=1.8, delays=0.52/0/0.06/1.2, dsn=2.0.0, status=sent (250 2.0.0 OK 1312192262 g6si1520451faa.64)
Aug 1 12:17:21 server postfix/qmgr[2001]: C61876402E5: removed
Aug 1 12:17:26 server dovecot: imap-login: Login: user=, method=PLAIN, rip=194.160.31.96, lip=193.87.99.30
Aug 1 12:17:26 server dovecot: IMAP(porubska): Disconnected: Logged out bytes=46/725
Aug 1 12:17:33 server postfix/smtpd[6789]: warning: 194.160.31.96: hostname pc96.ksunitra.sk verification failed: Name or service not known
Aug 1 12:17:33 server postfix/smtpd[6789]: connect from unknown[194.160.31.96]
Aug 1 12:17:33 server postfix/smtpd[6789]: B1F9C6401AF: client=unknown[194.160.31.96]
Aug 1 12:17:52 server dovecot: imap-login: Login: user=, method=PLAIN, rip=194.160.31.12, lip=193.87.99.30
Aug 1 12:17:52 server dovecot: IMAP(hrdlovic): Disconnected: Logged out bytes=46/693
Aug 1 12:18:17 server dovecot: imap-login: Login: user=, method=PLAIN, rip=194.160.31.24, lip=193.87.99.30
Aug 1 12:18:17 server dovecot: IMAP(mlada): Disconnected: Logged out bytes=46/693
Aug 1 12:18:21 server dovecot: imap-login: Login: user=, method=PLAIN, rip=194.160.31.61, lip=193.87.99.30
Aug 1 12:18:21 server dovecot: IMAP(moravcik): Disconnected: Logged out bytes=46/693
Aug 1 12:18:26 server dovecot: imap-login: Login: user=, method=PLAIN, rip=194.160.31.96, lip=193.87.99.30
Aug 1 12:18:26 server dovecot: IMAP(porubska): Disconnected: Logged out bytes=46/725
Aug 1 12:18:43 server dovecot: pop3-login: Login: user=, method=PLAIN, rip=194.160.31.61, lip=193.87.99.30
Aug 1 12:18:43 server dovecot: POP3(moravcik): Disconnected: Logged out top=0/0, retr=0/0, del=0/0, size=0
Aug 1 12:18:43 server dovecot: pop3-login: Login: user=, method=PLAIN, rip=194.160.31.61, lip=193.87.99.30
Aug 1 12:18:43 server dovecot: POP3(moravcik): Disconnected: Logged out top=0/0, retr=0/0, del=0/0, size=0
Aug 1 12:18:52 server dovecot: imap-login: Login: user=, method=PLAIN, rip=194.160.31.12, lip=193.87.99.30
Aug 1 12:18:52 server dovecot: IMAP(hrdlovic): Disconnected: Logged out bytes=46/693
Aug 1 12:19:01 server postfix/smtpd[6789]: lost connection after DATA (12 bytes) from unknown[194.160.31.96]
Aug 1 12:19:01 server postfix/smtpd[6789]: disconnect from unknown[194.160.31.96]
Aug 1 12:19:01 server postfix/cleanup[6791]: B1F9C6401AF: message-id=<>
Aug 1 12:19:18 server dovecot: imap-login: Login: user=, method=PLAIN, rip=194.160.31.24, lip=193.87.99.30
Aug 1 12:19:18 server dovecot: IMAP(mlada): Disconnected: Logged out bytes=46/693
Aug 1 12:19:21 server dovecot: imap-login: Login: user=, method=PLAIN, rip=194.160.31.61, lip=193.87.99.30
Aug 1 12:19:21 server dovecot: IMAP(moravcik): Disconnected: Logged out bytes=46/693
Aug 1 12:19:27 server dovecot: imap-login: Login: user=, method=PLAIN, rip=194.160.31.96, lip=193.87.99.30
Aug 1 12:19:27 server dovecot: IMAP(porubska): Disconnected: Logged out bytes=46/725
Aug 1 12:19:52 server dovecot: imap-login: Login: user=, method=PLAIN, rip=194.160.31.12, lip=193.87.99.30
Aug 1 12:19:52 server dovecot: IMAP(hrdlovic): Disconnected: Logged out bytes=46/693
Aug 1 12:20:02 server postfix/smtpd[6789]: warning: 194.160.31.96: hostname pc96.ksunitra.sk verification failed: Name or service not known
Aug 1 12:20:02 server postfix/smtpd[6789]: connect from unknown[194.160.31.96]
Aug 1 12:20:02 server postfix/smtpd[6789]: 78CCB6401AF: client=unknown[194.160.31.96]
Aug 1 12:20:17 server postfix/anvil[5153]: statistics: max connection rate 1/60s for (smtp:193.87.45.30) at
Aug 1 12:10:49
Aug 1 12:20:17 server postfix/anvil[5153]: statistics: max connection count 1 for (smtp:193.87.45.30) at
Aug 1 12:10:49
Aug 1 12:20:17 server postfix/anvil[5153]: statistics: max cache size 2 at
Aug 1 12:14:51
Aug 1 12:20:18 server dovecot: imap-login: Login: user=, method=PLAIN, rip=194.160.31.24, lip=193.87.99.30
Aug 1 12:20:18 server dovecot: IMAP(mlada): Disconnected: Logged out bytes=46/693
Aug 1 12:20:21 server dovecot: imap-login: Login: user=, method=PLAIN, rip=194.160.31.61, lip=193.87.99.30
Aug 1 12:20:21 server dovecot: IMAP(moravcik): Disconnected: Logged out bytes=46/693
Aug 1 12:20:27 server dovecot: imap-login: Login: user=, method=PLAIN, rip=194.160.31.96, lip=193.87.99.30
Aug 1 12:20:27 server dovecot: IMAP(porubska): Disconnected: Logged out bytes=46/725
Aug 1 12:20:52 server dovecot: imap-login: Login: user=, method=PLAIN, rip=194.160.31.12, lip=193.87.99.30
Aug 1 12:20:52 server dovecot: IMAP(hrdlovic): Disconnected: Logged out bytes=46/693
Aug 1 12:21:18 server dovecot: imap-login: Login: user=, method=PLAIN, rip=194.160.31.24, lip=193.87.99.30
Aug 1 12:21:18 server dovecot: IMAP(mlada): Disconnected: Logged out bytes=46/693
Aug 1 12:21:21 server dovecot: imap-login: Login: user=, method=PLAIN, rip=194.160.31.61, lip=193.87.99.30
Aug 1 12:21:21 server dovecot: IMAP(moravcik): Disconnected: Logged out bytes=46/693
Aug 1 12:21:27 server dovecot: imap-login: Login: user=, method=PLAIN, rip=194.160.31.96, lip=193.87.99.30
Aug 1 12:21:27 server dovecot: IMAP(porubska): Disconnected: Logged out bytes=46/725
Aug 1 12:21:30 server postfix/smtpd[6789]: lost connection after DATA (12 bytes) from unknown[194.160.31.96]
Aug 1 12:21:30 server postfix/smtpd[6789]: disconnect from unknown[194.160.31.96]
Aug 1 12:21:30 server postfix/cleanup[6791]: 78CCB6401AF: message-id=<>
Aug 1 12:21:52 server dovecot: imap-login: Login: user=, method=PLAIN, rip=194.160.31.12, lip=193.87.99.30
Aug 1 12:21:52 server dovecot: IMAP(hrdlovic): Disconnected: Logged out bytes=46/693
Aug 1 12:22:18 server dovecot: imap-login: Login: user=, method=PLAIN, rip=194.160.31.24, lip=193.87.99.30
Aug 1 12:22:18 server dovecot: IMAP(mlada): Disconnected: Logged out bytes=46/693
Aug 1 12:22:20 server dovecot: pop3-login: Login: user=, method=PLAIN, rip=194.160.31.14, lip=194.160.31.3, TLS
Aug 1 12:22:20 server dovecot: POP3(decsi): Disconnected: Logged out top=0/0, retr=0/0, del=0/0, size=0
Aug 1 12:22:21 server dovecot: imap-login: Login: user=, method=PLAIN, rip=194.160.31.61, lip=193.87.99.30
Aug 1 12:22:21 server dovecot: IMAP(moravcik): Disconnected: Logged out bytes=46/693
Aug 1 12:22:27 server dovecot: imap-login: Login: user=, method=PLAIN, rip=194.160.31.96, lip=193.87.99.30
Aug 1 12:22:27 server dovecot: IMAP(porubska): Disconnected: Logged out bytes=46/725
Aug 1 12:22:35 server postfix/smtpd[6789]: warning: 194.160.31.96: hostname pc96.ksunitra.sk verification failed: Name or service not known
Aug 1 12:22:35 server postfix/smtpd[6789]: connect from unknown[194.160.31.96]
Aug 1 12:22:35 server postfix/smtpd[6789]: DD1E96401AF: client=unknown[194.160.31.96]
Aug 1 12:22:52 server dovecot: imap-login: Login: user=, method=PLAIN, rip=194.160.31.12, lip=193.87.99.30
Aug 1 12:22:53 server dovecot: IMAP(hrdlovic): Disconnected: Logged out bytes=46/693
Aug 1 12:23:12 server dovecot: pop3-login: Login: user=, method=PLAIN, rip=194.160.31.65, lip=193.87.99.30
Aug 1 12:23:12 server dovecot: POP3(joriova): Disconnected: Logged out top=0/0, retr=0/0, del=0/0, size=0
Aug 1 12:23:13 server dovecot: pop3-login: Login: user=, method=PLAIN, rip=194.160.31.65, lip=193.87.99.30
Aug 1 12:23:13 server dovecot: POP3(joriova): Disconnected: Logged out top=0/0, retr=0/0, del=0/0, size=0
Aug 1 12:23:18 server dovecot: imap-login: Login: user=, method=PLAIN, rip=194.160.31.24, lip=193.87.99.30
Aug 1 12:23:18 server dovecot: IMAP(mlada): Disconnected: Logged out bytes=46/693
Aug 1 12:23:21 server dovecot: imap-login: Login: user=, method=PLAIN, rip=194.160.31.61, lip=193.87.99.30
Aug 1 12:23:21 server dovecot: IMAP(moravcik): Disconnected: Logged out bytes=46/693
Aug 1 12:23:26 server dovecot: pop3-login: Login: user=, method=PLAIN, rip=194.160.31.66, lip=193.87.99.30, TLS
Aug 1 12:23:26 server dovecot: POP3(vajda): Disconnected: Logged out top=0/0, retr=0/0, del=0/0, size=0
Aug 1 12:23:27 server dovecot: imap-login: Login: user=, method=PLAIN, rip=194.160.31.96, lip=193.87.99.30
Aug 1 12:23:27 server dovecot: IMAP(porubska): Disconnected: Logged out bytes=46/725
Aug 1 12:23:53 server dovecot: imap-login: Login: user=, method=PLAIN, rip=194.160.31.12, lip=193.87.99.30
Aug 1 12:23:53 server dovecot: IMAP(hrdlovic): Disconnected: Logged out bytes=46/693
Aug 1 12:23:54 server dovecot: pop3-login: Login: user=, method=PLAIN, rip=194.160.31.72, lip=193.87.99.30
Aug 1 12:23:55 server dovecot: POP3(hrncarova): Disconnected: Logged out top=0/0, retr=1/6985, del=1/1, size=6967
Aug 1 12:24:18 server dovecot: imap-login: Login: user=, method=PLAIN, rip=194.160.31.24, lip=193.87.99.30
Aug 1 12:24:18 server dovecot: IMAP(mlada): Disconnected: Logged out bytes=46/693
Aug 1 12:24:22 server dovecot: imap-login: Login: user=, method=PLAIN, rip=194.160.31.61, lip=193.87.99.30
Aug 1 12:24:22 server dovecot: IMAP(moravcik): Disconnected: Logged out bytes=46/693
Aug 1 12:24:27 server dovecot: imap-login: Login: user=, method=PLAIN, rip=194.160.31.96, lip=193.87.99.30
Aug 1 12:24:27 server dovecot: IMAP(porubska): Disconnected: Logged out bytes=46/725
Aug 1 12:24:53 server dovecot: imap-login: Login: user=, method=PLAIN, rip=194.160.31.12, lip=193.87.99.30
Aug 1 12:24:53 server dovecot: IMAP(hrdlovic): Disconnected: Logged out bytes=46/693
Aug 1 12:24:55 server dovecot: pop3-login: Login: user=, method=PLAIN, rip=194.160.31.26, lip=193.87.99.30, TLS
Aug 1 12:24:57 server dovecot: pop3-login: Login: user=, method=PLAIN, rip=194.160.31.12, lip=193.87.99.30
Aug 1 12:24:57 server dovecot: POP3(bartova): Disconnected: Logged out top=0/0, retr=1/296705, del=1/1, size=296685
Aug 1 12:25:12 server dovecot: POP3(hrdlovic): Disconnected: Logged out top=0/0, retr=0/0, del=0/0, size=0
Aug 1 12:25:18 server dovecot: imap-login: Login: user=, method=PLAIN, rip=194.160.31.24, lip=193.87.99.30
Aug 1 12:25:18 server dovecot: IMAP(mlada): Disconnected: Logged out bytes=46/693
Aug 1 12:25:22 server dovecot: imap-login: Login: user=, method=PLAIN, rip=194.160.31.61, lip=193.87.99.30
Aug 1 12:25:22 server dovecot: IMAP(moravcik): Disconnected: Logged out bytes=46/693
Aug 1 12:25:27 server dovecot: imap-login: Login: user=, method=PLAIN, rip=194.160.31.96, lip=193.87.99.30
Aug 1 12:25:27 server dovecot: IMAP(porubska): Disconnected: Logged out bytes=46/725
Aug 1 12:25:32 server dovecot: pop3-login: Login: user=, method=PLAIN, rip=194.160.31.43, lip=193.87.99.30, TLS
Aug 1 12:25:32 server dovecot: POP3(novakova): Disconnected: Logged out top=0/0, retr=0/0, del=0/0, size=0
