Aug 1 12:37:24 server postfix/smtp[7151]: 7185E64082A: to=, relay=127.0.0.1[127.0.0.1]:2526, delay=0.65, delays=0.25/0/0/0.4, dsn=2.0.0, status=sent (250 2.0.0 Ok: queued as AF941642E88)
Aug 1 12:37:24 server postfix/qmgr[2001]: 7185E64082A: removed
Aug 1 12:37:24 server postfix/smtpd[7075]: disconnect from localhost[127.0.0.1]
Aug 1 12:37:24 server postfix/smtp[7281]: AF941642E88: to=, relay=mta-in.t-com.sk[213.81.152.19]:25, delay=0.53, delays=0.4/0.02/0.02/0.09, dsn=2.5.0, status=sent (250 2.5.0 Ok, envelope id 0LP80007PUYHX100@mta-in1.stonline.sk)
Aug 1 12:37:24 server postfix/smtp[7278]: AF941642E88: to=, relay=mail.msunitra.sk[194.160.215.2]:25, delay=0.89, delays=0.4/0.01/0/0.48, dsn=2.6.0, status=sent (250 2.6.0 <96C4BE6A17D64E65AB44DD4079769837@hrncarovapc> Queued mail for delivery)
Aug 1 12:37:24 server postfix/smtp[7277]: AF941642E88: to=, relay=relay.inmail24.com[217.198.113.91]:25, delay=0.93, delays=0.4/0/0.11/0.42, dsn=2.0.0, status=sent (250 2.0.0 Ok: queued as 5555010003140)
Aug 1 12:37:24 server postfix/smtp[7282]: AF941642E88: to=, relay=mxavas.forpsi.com[81.2.195.200]:25, delay=1.1, delays=0.4/0.02/0.09/0.63, dsn=2.0.0, status=sent (250 ok 1312193465 qp 18534)
Aug 1 12:37:25 server postfix/smtp[7279]: AF941642E88: to=, relay=inmail.syphon.sk[212.57.32.39]:25, delay=2.1, delays=0.4/0.01/0.21/1.5, dsn=2.0.0, status=sent (250 ok 1312193466 qp 3934)
Aug 1 12:37:25 server postfix/smtp[7275]: A7038642771: to=, relay=mx.centrum.cz[90.183.38.55]:25, delay=507, delays=504/0.01/3.2/0.18, dsn=4.0.0, status=deferred (host mx.centrum.cz[90.183.38.55] said: 452 Too many recipients received this hour (in reply to RCPT TO command))
Aug 1 12:37:25 server postfix/smtp[7275]: A7038642771: to=, relay=mx.centrum.cz[90.183.38.55]:25, delay=507, delays=504/0.01/3.2/0.25, dsn=4.0.0, status=deferred (host mx.centrum.cz[90.183.38.55] said: 452 Too many recipients received this hour (in reply to RCPT TO command))
Aug 1 12:37:26 server postfix/smtp[7275]: A7038642771: to=, relay=mx.centrum.cz[90.183.38.55]:25, delay=507, delays=504/0.01/3.2/0.32, dsn=4.0.0, status=deferred (host mx.centrum.cz[90.183.38.55] said: 452 Too many recipients received this hour (in reply to RCPT TO command))
Aug 1 12:37:26 server postfix/smtp[7274]: A7038642771: to=, relay=mx.centrum.cz[90.183.38.55]:25, delay=508, delays=504/0.01/3.6/0.3, dsn=2.0.0, status=sent (250 ok: Message 172873283 accepted)
Aug 1 12:37:26 server postfix/smtp[7274]: A7038642771: to=, relay=mx.centrum.cz[90.183.38.55]:25, delay=508, delays=504/0.01/3.6/0.3, dsn=2.0.0, status=sent (250 ok: Message 172873283 accepted)
Aug 1 12:37:27 server postfix/smtp[7151]: AF941642E88: to=, relay=gmsk-mx3.centrum.cz[90.183.38.55]:25, delay=3.9, delays=0.4/0/3.5/0.06, dsn=2.0.0, status=sent (250 ok: Message 174481727 accepted)
Aug 1 12:37:29 server dovecot: imap-login: Login: user=, method=PLAIN, rip=194.160.31.96, lip=193.87.99.30
Aug 1 12:37:29 server dovecot: IMAP(porubska): Disconnected: Logged out bytes=46/692
Aug 1 12:37:31 server dovecot: pop3-login: Login: user=, method=PLAIN, rip=194.160.31.72, lip=193.87.99.30
Aug 1 12:37:31 server postfix/smtpd[6789]: warning: 194.160.31.96: hostname pc96.ksunitra.sk verification failed: Name or service not known
Aug 1 12:37:31 server postfix/smtpd[6789]: connect from unknown[194.160.31.96]
Aug 1 12:37:31 server postfix/smtpd[6789]: 41BAC642EB1: client=unknown[194.160.31.96]
Aug 1 12:37:31 server dovecot: POP3(hrncarova): Disconnected: Logged out top=0/0, retr=0/0, del=0/0, size=0
Aug 1 12:37:38 server postfix/smtp[7280]: AF941642E88: to=, relay=mx2.zoznam.sk[213.81.185.94]:25, delay=15, delays=0.4/0.01/11/3.1, dsn=2.0.0, status=sent (250 2.0.0 Ok: queued as 4E25525CFD3)
Aug 1 12:37:38 server postfix/smtp[7280]: AF941642E88: to=, relay=mx2.zoznam.sk[213.81.185.94]:25, delay=15, delays=0.4/0.01/11/3.1, dsn=2.0.0, status=sent (250 2.0.0 Ok: queued as 4E25525CFD3)
Aug 1 12:37:38 server postfix/qmgr[2001]: AF941642E88: removed
Aug 1 12:37:46 server postfix/smtp[7273]: 9678A642EB0: to=, relay=mx.centrum.cz[90.183.38.55]:25, delay=449, delays=425/0.01/24/0.3, dsn=2.0.0, status=sent (250 ok: Message 174482462 accepted)
Aug 1 12:37:46 server postfix/qmgr[2001]: 9678A642EB0: removed
Aug 1 12:37:47 server postfix/smtpd[7132]: connect from ironport1.centrum.cz[90.183.38.167]
Aug 1 12:37:47 server postfix/smtpd[7132]: 1D0BB642E88: client=ironport1.centrum.cz[90.183.38.167]
Aug 1 12:37:47 server postfix/cleanup[7149]: 1D0BB642E88: message-id=
Aug 1 12:37:47 server postfix/qmgr[2001]: 1D0BB642E88: from=<>, size=4320, nrcpt=1 (queue active)
Aug 1 12:37:47 server postfix/smtpd[7075]: connect from localhost[127.0.0.1]
Aug 1 12:37:47 server postfix/smtpd[7075]: 3B400642EB0: client=localhost[127.0.0.1]
Aug 1 12:37:47 server postfix/cleanup[6791]: 3B400642EB0: message-id=
Aug 1 12:37:47 server postfix/qmgr[2001]: 3B400642EB0: from=<>, size=4949, nrcpt=1 (queue active)
Aug 1 12:37:47 server postfix/smtp[7281]: 1D0BB642E88: to=, relay=127.0.0.1[127.0.0.1]:2526, delay=0.46, delays=0.13/0/0/0.33, dsn=2.0.0, status=sent (250 2.0.0 Ok: queued as 3B400642EB0)
Aug 1 12:37:47 server postfix/qmgr[2001]: 1D0BB642E88: removed
Aug 1 12:37:47 server postfix/smtpd[7075]: disconnect from localhost[127.0.0.1]
Aug 1 12:37:47 server postfix/local[7260]: 3B400642EB0: to=, orig_to=, relay=local, delay=0.4, delays=0.33/0/0/0.07, dsn=2.0.0, status=sent (delivered to maildir)
Aug 1 12:37:47 server postfix/qmgr[2001]: 3B400642EB0: removed
Aug 1 12:37:50 server postfix/smtpd[7289]: warning: 194.160.31.70: hostname pc70.ksunitra.sk verification failed: Name or service not known
Aug 1 12:37:50 server postfix/smtpd[7289]: connect from unknown[194.160.31.70]
Aug 1 12:37:50 server postfix/smtpd[7289]: 0E924642E88: client=unknown[194.160.31.70]
Aug 1 12:37:50 server postfix/cleanup[7149]: 0E924642E88: message-id=<73E67150494347E1BC28B015F9AA1C12@Kerestesova>
Aug 1 12:37:50 server postfix/qmgr[2001]: 0E924642E88: from=, size=24974, nrcpt=1 (queue active)
Aug 1 12:37:50 server postfix/smtpd[7075]: connect from localhost[127.0.0.1]
Aug 1 12:37:50 server postfix/smtpd[7289]: disconnect from unknown[194.160.31.70]
Aug 1 12:37:50 server postfix/smtpd[7075]: 31FC8642EB0: client=localhost[127.0.0.1]
Aug 1 12:37:50 server postfix/cleanup[6791]: 31FC8642EB0: message-id=<73E67150494347E1BC28B015F9AA1C12@Kerestesova>
Aug 1 12:37:50 server postfix/qmgr[2001]: 31FC8642EB0: from=, size=25597, nrcpt=1 (queue active)
Aug 1 12:37:50 server postfix/smtp[7278]: 0E924642E88: to=, relay=127.0.0.1[127.0.0.1]:2526, delay=0.76, delays=0.14/0/0/0.62, dsn=2.0.0, status=sent (250 2.0.0 Ok: queued as 31FC8642EB0)
Aug 1 12:37:50 server postfix/qmgr[2001]: 0E924642E88: removed
Aug 1 12:37:50 server postfix/smtpd[7075]: disconnect from localhost[127.0.0.1]
Aug 1 12:37:51 server postfix/smtp[7277]: 31FC8642EB0: to=, relay=mail.msunitra.sk[194.160.215.2]:25, delay=0.88, delays=0.62/0/0/0.26, dsn=2.6.0, status=sent (250 2.6.0 <73E67150494347E1BC28B015F9AA1C12@Kerestesova> Queued mail for delivery)
Aug 1 12:37:51 server postfix/qmgr[2001]: 31FC8642EB0: removed
Aug 1 12:37:52 server postfix/smtpd[7132]: disconnect from ironport1.centrum.cz[90.183.38.167]
Aug 1 12:37:53 server dovecot: pop3-login: Login: user=, method=PLAIN, rip=194.160.31.70, lip=193.87.99.30, TLS
Aug 1 12:37:53 server dovecot: POP3(kerestes): Disconnected: Logged out top=0/0, retr=0/0, del=0/0, size=0
Aug 1 12:37:55 server dovecot: imap-login: Login: user=, method=PLAIN, rip=194.160.31.12, lip=193.87.99.30
Aug 1 12:37:55 server dovecot: IMAP(hrdlovic): Disconnected: Logged out bytes=46/693
Aug 1 12:37:58 server postfix/smtpd[7289]: connect from unknown[116.74.123.40]
Aug 1 12:37:59 server postfix/smtpd[7289]: warning: Illegal address syntax from unknown[116.74.123.40] in MAIL command:
Aug 1 12:38:00 server postfix/smtpd[7289]: lost connection after MAIL from unknown[116.74.123.40]
Aug 1 12:38:00 server postfix/smtpd[7289]: disconnect from unknown[116.74.123.40]
Aug 1 12:38:20 server dovecot: imap-login: Login: user=, method=PLAIN, rip=194.160.31.24, lip=193.87.99.30
Aug 1 12:38:20 server dovecot: IMAP(mlada): Disconnected: Logged out bytes=46/726
Aug 1 12:38:24 server dovecot: imap-login: Login: user=, method=PLAIN, rip=194.160.31.61, lip=193.87.99.30
Aug 1 12:38:24 server dovecot: IMAP(moravcik): Disconnected: Logged out bytes=46/726
Aug 1 12:38:27 server dovecot: pop3-login: Login: user=, method=PLAIN, rip=194.160.31.66, lip=193.87.99.30, TLS
Aug 1 12:38:27 server dovecot: POP3(vajda): Disconnected: Logged out top=0/0, retr=0/0, del=0/0, size=0
Aug 1 12:38:29 server dovecot: imap-login: Login: user=, method=PLAIN, rip=194.160.31.96, lip=193.87.99.30
Aug 1 12:38:29 server dovecot: IMAP(porubska): Disconnected: Logged out bytes=46/692
Aug 1 12:38:38 server postfix/smtpd[7132]: warning: 194.160.31.24: hostname pc24.ksunitra.sk verification failed: Name or service not known
Aug 1 12:38:38 server postfix/smtpd[7132]: connect from unknown[194.160.31.24]
Aug 1 12:38:38 server postfix/smtpd[7132]: 46FB9642E88: client=unknown[194.160.31.24]
Aug 1 12:38:38 server postfix/cleanup[7149]: 46FB9642E88: message-id=<000001cc5033$826c1fa0$87445ee0$@mlada@ksunitra.sk>
Aug 1 12:38:38 server postfix/qmgr[2001]: 46FB9642E88: from=, size=8441, nrcpt=1 (queue active)
Aug 1 12:38:38 server postfix/smtpd[7075]: connect from localhost[127.0.0.1]
Aug 1 12:38:38 server postfix/smtpd[7075]: 75888642EB0: client=localhost[127.0.0.1]
Aug 1 12:38:38 server postfix/cleanup[6791]: 75888642EB0: message-id=<000001cc5033$826c1fa0$87445ee0$@mlada@ksunitra.sk>
Aug 1 12:38:38 server postfix/qmgr[2001]: 75888642EB0: from=, size=9320, nrcpt=1 (queue active)
Aug 1 12:38:38 server postfix/smtp[7274]: 46FB9642E88: to=, relay=127.0.0.1[127.0.0.1]:2526, delay=0.6, delays=0.19/0/0/0.41, dsn=2.0.0, status=sent (250 2.0.0 Ok: queued as 75888642EB0)
Aug 1 12:38:38 server postfix/qmgr[2001]: 46FB9642E88: removed
Aug 1 12:38:38 server postfix/smtpd[7075]: disconnect from localhost[127.0.0.1]
Aug 1 12:38:39 server postfix/smtp[7151]: 75888642EB0: to=, relay=mx1.mail.volny.cz[62.44.29.54]:25, delay=0.72, delays=0.41/0/0.1/0.21, dsn=5.7.1, status=bounced (host mx1.mail.volny.cz[62.44.29.54] said: 550 5.7.1 Client host rejected: cannot find your hostname, [193.87.99.30] (in reply to RCPT TO command))
Aug 1 12:38:39 server postfix/cleanup[7149]: 32251642EB2: message-id=<20110801103839.32251642EB2@server.ksunitra.sk>
Aug 1 12:38:39 server postfix/bounce[7307]: 75888642EB0: sender non-delivery notification: 32251642EB2
Aug 1 12:38:39 server postfix/qmgr[2001]: 32251642EB2: from=<>, size=11352, nrcpt=1 (queue active)
Aug 1 12:38:39 server postfix/qmgr[2001]: 75888642EB0: removed
Aug 1 12:38:39 server postfix/local[7260]: 32251642EB2: to=, orig_to=, relay=local, delay=0.29, delays=0.14/0/0/0.15, dsn=2.0.0, status=sent (delivered to maildir)
Aug 1 12:38:39 server postfix/qmgr[2001]: 32251642EB2: removed
Aug 1 12:38:40 server postfix/smtpd[7132]: disconnect from unknown[194.160.31.24]
Aug 1 12:38:42 server dovecot: pop3-login: Login: user=, method=PLAIN, rip=194.160.31.24, lip=193.87.99.30
Aug 1 12:38:43 server dovecot: POP3(mlada): Disconnected: Logged out top=0/0, retr=2/13814, del=2/2, size=13778
Aug 1 12:38:55 server dovecot: imap-login: Login: user=, method=PLAIN, rip=194.160.31.12, lip=193.87.99.30
Aug 1 12:38:55 server dovecot: IMAP(hrdlovic): Disconnected: Logged out bytes=46/693
Aug 1 12:38:59 server postfix/smtpd[6789]: lost connection after DATA (12 bytes) from unknown[194.160.31.96]
Aug 1 12:38:59 server postfix/smtpd[6789]: disconnect from unknown[194.160.31.96]
Aug 1 12:38:59 server postfix/cleanup[7079]: 41BAC642EB1: message-id=<>
Aug 1 12:39:20 server dovecot: imap-login: Login: user=, method=PLAIN, rip=194.160.31.24, lip=193.87.99.30
Aug 1 12:39:20 server dovecot: IMAP(mlada): Disconnected: Logged out bytes=46/693
Aug 1 12:39:24 server dovecot: imap-login: Login: user=, method=PLAIN, rip=194.160.31.61, lip=193.87.99.30
Aug 1 12:39:24 server dovecot: IMAP(moravcik): Disconnected: Logged out bytes=46/726
Aug 1 12:39:25 server dovecot: pop3-login: Login: user=, method=PLAIN, rip=194.160.31.36, lip=193.87.99.30
Aug 1 12:39:26 server dovecot: POP3(sabikova): Disconnected: Logged out top=0/0, retr=1/2355, del=1/1, size=2338
Aug 1 12:39:29 server dovecot: imap-login: Login: user=, method=PLAIN, rip=194.160.31.96, lip=193.87.99.30
Aug 1 12:39:29 server dovecot: IMAP(porubska): Disconnected: Logged out bytes=46/692
Aug 1 12:39:56 server dovecot: imap-login: Login: user=, method=PLAIN, rip=194.160.31.12, lip=193.87.99.30
Aug 1 12:39:56 server dovecot: IMAP(hrdlovic): Disconnected: Logged out bytes=46/693
Aug 1 12:40:00 server postfix/smtpd[7132]: warning: 194.160.31.96: hostname pc96.ksunitra.sk verification failed: Name or service not known
Aug 1 12:40:00 server postfix/smtpd[7132]: connect from unknown[194.160.31.96]
Aug 1 12:40:00 server postfix/smtpd[7132]: 181AE642E88: client=unknown[194.160.31.96]
Aug 1 12:40:04 server dovecot: pop3-login: Login: user=, method=PLAIN, rip=194.160.31.12, lip=193.87.99.30
Aug 1 12:40:06 server dovecot: POP3(hrdlovic): Disconnected: Logged out top=0/0, retr=0/0, del=0/0, size=0
Aug 1 12:40:17 server postfix/anvil[5153]: statistics: max connection rate 1/60s for (smtp:213.81.152.145) at
Aug 1 12:30:22
Aug 1 12:40:17 server postfix/anvil[5153]: statistics: max connection count 1 for (smtp:213.81.152.145) at
Aug 1 12:30:22
Aug 1 12:40:17 server postfix/anvil[5153]: statistics: max cache size 3 at
Aug 1 12:31:20
Aug 1 12:40:20 server dovecot: imap-login: Login: user=, method=PLAIN, rip=194.160.31.24, lip=193.87.99.30
Aug 1 12:40:20 server dovecot: IMAP(mlada): Disconnected: Logged out bytes=46/693
Aug 1 12:40:24 server dovecot: imap-login: Login: user=, method=PLAIN, rip=194.160.31.61, lip=193.87.99.30
Aug 1 12:40:24 server dovecot: IMAP(moravcik): Disconnected: Logged out bytes=46/726
Aug 1 12:40:29 server dovecot: imap-login: Login: user=, method=PLAIN, rip=194.160.31.96, lip=193.87.99.30
Aug 1 12:40:29 server dovecot: IMAP(porubska): Disconnected: Logged out bytes=46/692
Aug 1 12:40:56 server dovecot: imap-login: Login: user=, method=PLAIN, rip=194.160.31.12, lip=193.87.99.30
Aug 1 12:40:56 server dovecot: IMAP(hrdlovic): Disconnected: Logged out bytes=46/693
Aug 1 12:41:01 server dovecot: pop3-login: Login: user=, method=PLAIN, rip=194.160.31.24, lip=193.87.99.30
Aug 1 12:41:01 server dovecot: POP3(mlada): Disconnected: Logged out top=0/0, retr=0/0, del=0/0, size=0
Aug 1 12:41:13 server postfix/smtpd[7132]: lost connection after DATA (12 bytes) from unknown[194.160.31.96]
Aug 1 12:41:13 server postfix/smtpd[7132]: disconnect from unknown[194.160.31.96]
Aug 1 12:41:13 server postfix/cleanup[6791]: 181AE642E88: message-id=<>
Aug 1 12:41:13 server postfix/smtpd[7132]: warning: 194.160.31.8: hostname pc8.ksunitra.sk verification failed: Name or service not known
Aug 1 12:41:13 server postfix/smtpd[7132]: connect from unknown[194.160.31.8]
Aug 1 12:41:14 server postfix/smtpd[7132]: 12E89642E88: client=unknown[194.160.31.8]
Aug 1 12:41:14 server postfix/cleanup[6791]: 12E89642E88: message-id=<20110801110002.29397.qmail@server.ksunitra.sk>
Aug 1 12:41:14 server postfix/qmgr[2001]: 12E89642E88: from=, size=3812, nrcpt=1 (queue active)
Aug 1 12:41:14 server postfix/smtpd[7132]: disconnect from unknown[194.160.31.8]
Aug 1 12:41:14 server postfix/smtpd[7359]: connect from localhost[127.0.0.1]
Aug 1 12:41:14 server postfix/smtpd[7359]: 34610642EB0: client=localhost[127.0.0.1]
Aug 1 12:41:14 server postfix/cleanup[6791]: 34610642EB0: message-id=<20110801110002.29397.qmail@server.ksunitra.sk>
Aug 1 12:41:14 server postfix/qmgr[2001]: 34610642EB0: from=, size=4433, nrcpt=1 (queue active)
Aug 1 12:41:14 server postfix/smtp[7358]: 12E89642E88: to=, relay=127.0.0.1[127.0.0.1]:2526, delay=0.42, delays=0.13/0/0/0.28, dsn=2.0.0, status=sent (250 2.0.0 Ok: queued as 34610642EB0)
Aug 1 12:41:14 server postfix/smtpd[7359]: disconnect from localhost[127.0.0.1]
Aug 1 12:41:14 server postfix/qmgr[2001]: 12E89642E88: removed
Aug 1 12:41:14 server postfix/local[7360]: 34610642EB0: to=, orig_to=, relay=local, delay=0.36, delays=0.28/0/0/0.08, dsn=2.0.0, status=sent (delivered to maildir)
Aug 1 12:41:14 server postfix/qmgr[2001]: 34610642EB0: removed
Aug 1 12:41:20 server dovecot: imap-login: Login: user=, method=PLAIN, rip=194.160.31.24, lip=193.87.99.30
Aug 1 12:41:20 server dovecot: IMAP(mlada): Disconnected: Logged out bytes=46/693
Aug 1 12:41:24 server dovecot: imap-login: Login: user=, method=PLAIN, rip=194.160.31.61, lip=193.87.99.30
Aug 1 12:41:24 server dovecot: IMAP(moravcik): Disconnected: Logged out bytes=46/726
Aug 1 12:41:29 server dovecot: imap-login: Login: user=, method=PLAIN, rip=194.160.31.96, lip=193.87.99.30
Aug 1 12:41:29 server dovecot: IMAP(porubska): Disconnected: Logged out bytes=46/692
Aug 1 12:41:56 server dovecot: imap-login: Login: user=, method=PLAIN, rip=194.160.31.12, lip=193.87.99.30
Aug 1 12:41:56 server dovecot: IMAP(hrdlovic): Disconnected: Logged out bytes=46/726
Aug 1 12:42:13 server postfix/smtpd[7132]: warning: 194.160.31.96: hostname pc96.ksunitra.sk verification failed: Name or service not known
Aug 1 12:42:13 server postfix/smtpd[7132]: connect from unknown[194.160.31.96]
Aug 1 12:42:13 server postfix/smtpd[7132]: AD7AC642E88: client=unknown[194.160.31.96]
Aug 1 12:42:21 server dovecot: imap-login: Login: user=, method=PLAIN, rip=194.160.31.24, lip=193.87.99.30
Aug 1 12:42:21 server dovecot: IMAP(mlada): Disconnected: Logged out bytes=46/693
Aug 1 12:42:21 server dovecot: pop3-login: Login: user=, method=PLAIN, rip=194.160.31.14, lip=194.160.31.3, TLS
Aug 1 12:42:21 server dovecot: POP3(decsi): Disconnected: Logged out top=0/0, retr=0/0, del=0/0, size=0
Aug 1 12:42:22 server postfix/qmgr[2001]: 8812A642C0F: from=, size=480584, nrcpt=50 (queue active)
Aug 1 12:42:22 server postfix/smtp[7358]: 8812A642C0F: to=, relay=mail.topolcany.sk[80.242.44.90]:25, delay=496, delays=496/0/0.06/0.31, dsn=4.3.2, status=deferred (host mail.topolcany.sk[80.242.44.90] said: 451 4.3.2 Temporary failure ! Come back later, please ! (in reply to RCPT TO command))
Aug 1 12:42:24 server dovecot: imap-login: Login: user=, method=PLAIN, rip=194.160.31.61, lip=193.87.99.30
Aug 1 12:42:24 server dovecot: IMAP(moravcik): Disconnected: Logged out bytes=46/726
Aug 1 12:42:29 server dovecot: imap-login: Login: user=, method=PLAIN, rip=194.160.31.96, lip=193.87.99.30
Aug 1 12:42:29 server dovecot: IMAP(porubska): Disconnected: Logged out bytes=46/692
Aug 1 12:42:36 server postfix/smtpd[7384]: warning: 194.160.31.24: hostname pc24.ksunitra.sk verification failed: Name or service not known
Aug 1 12:42:36 server postfix/smtpd[7384]: connect from unknown[194.160.31.24]
Aug 1 12:42:36 server postfix/smtpd[7384]: B3192642EB0: client=unknown[194.160.31.24]
Aug 1 12:42:36 server postfix/cleanup[7385]: B3192642EB0: message-id=<000b01cc5034$108a43c0$319ecb40$@mlada@ksunitra.sk>
Aug 1 12:42:37 server postfix/qmgr[2001]: B3192642EB0: from=, size=10053, nrcpt=1 (queue active)
Aug 1 12:42:37 server postfix/smtpd[7359]: connect from localhost[127.0.0.1]
Aug 1 12:42:37 server postfix/smtpd[7359]: 0A7F2642EB1: client=localhost[127.0.0.1]
Aug 1 12:42:37 server postfix/cleanup[7385]: 0A7F2642EB1: message-id=<000b01cc5034$108a43c0$319ecb40$@mlada@ksunitra.sk>
Aug 1 12:42:37 server postfix/qmgr[2001]: 0A7F2642EB1: from=, size=10932, nrcpt=1 (queue active)
Aug 1 12:42:37 server postfix/smtp[7358]: B3192642EB0: to=, relay=127.0.0.1[127.0.0.1]:2526, delay=1, delays=0.31/0/0/0.73, dsn=2.0.0, status=sent (250 2.0.0 Ok: queued as 0A7F2642EB1)
Aug 1 12:42:37 server postfix/smtpd[7359]: disconnect from localhost[127.0.0.1]
Aug 1 12:42:37 server postfix/qmgr[2001]: B3192642EB0: removed
Aug 1 12:42:38 server postfix/smtp[7358]: 0A7F2642EB1: to=, relay=mx2.mail.volny.cz[62.44.29.55]:25, delay=0.97, delays=0.73/0/0.09/0.15, dsn=5.7.1, status=bounced (host mx2.mail.volny.cz[62.44.29.55] said: 550 5.7.1 Client host rejected: cannot find your hostname, [193.87.99.30] (in reply to RCPT TO command))
Aug 1 12:42:38 server postfix/cleanup[7385]: 049E9642EB2: message-id=<20110801104238.049E9642EB2@server.ksunitra.sk>
Aug 1 12:42:38 server postfix/bounce[7387]: 0A7F2642EB1: sender non-delivery notification: 049E9642EB2
Aug 1 12:42:38 server postfix/qmgr[2001]: 049E9642EB2: from=<>, size=12964, nrcpt=1 (queue active)
Aug 1 12:42:38 server postfix/qmgr[2001]: 0A7F2642EB1: removed
Aug 1 12:42:38 server postfix/local[7360]: 049E9642EB2: to=, orig_to=, relay=local, delay=0.16, delays=0.08/0/0/0.08, dsn=2.0.0, status=sent (delivered to maildir)
Aug 1 12:42:38 server postfix/qmgr[2001]: 049E9642EB2: removed
Aug 1 12:42:39 server postfix/smtpd[7384]: disconnect from unknown[194.160.31.24]
Aug 1 12:42:45 server dovecot: pop3-login: Login: user=, method=PLAIN, rip=194.160.31.24, lip=193.87.99.30
Aug 1 12:42:46 server dovecot: POP3(mlada): Disconnected: Logged out top=0/0, retr=1/13079, del=1/1, size=13060
Aug 1 12:42:49 server postfix/smtpd[7384]: warning: 194.160.31.61: hostname pc61.ksunitra.sk verification failed: Name or service not known
Aug 1 12:42:49 server postfix/smtpd[7384]: connect from unknown[194.160.31.61]
Aug 1 12:42:49 server postfix/smtpd[7384]: 5696A642EB0: client=unknown[194.160.31.61]
Aug 1 12:42:49 server postfix/cleanup[7385]: 5696A642EB0: message-id=<05b901cc5034$13de02a0$3b9a07e0$@moravcik@ksunitra.sk>
Aug 1 12:42:49 server postfix/qmgr[2001]: 5696A642EB0: from=, size=705197, nrcpt=11 (queue active)
Aug 1 12:42:49 server postfix/smtpd[7359]: connect from localhost[127.0.0.1]
Aug 1 12:42:49 server postfix/smtpd[7359]: 96B10642EB1: client=localhost[127.0.0.1]
Aug 1 12:42:49 server postfix/cleanup[7385]: 96B10642EB1: message-id=<05b901cc5034$13de02a0$3b9a07e0$@moravcik@ksunitra.sk>
Aug 1 12:42:50 server postfix/qmgr[2001]: 96B10642EB1: from=, size=706051, nrcpt=11 (queue active)
Aug 1 12:42:50 server postfix/smtp[7386]: 5696A642EB0: to=, relay=127.0.0.1[127.0.0.1]:2526, delay=0.65, delays=0.26/0/0/0.38, dsn=2.0.0, status=sent (250 2.0.0 Ok: queued as 96B10642EB1)
Aug 1 12:42:50 server postfix/smtp[7386]: 5696A642EB0: to=, relay=127.0.0.1[127.0.0.1]:2526, delay=0.65, delays=0.26/0/0/0.38, dsn=2.0.0, status=sent (250 2.0.0 Ok: queued as 96B10642EB1)
Aug 1 12:42:50 server postfix/smtp[7386]: 5696A642EB0: to=, relay=127.0.0.1[127.0.0.1]:2526, delay=0.65, delays=0.26/0/0/0.38, dsn=2.0.0, status=sent (250 2.0.0 Ok: queued as 96B10642EB1)
Aug 1 12:42:50 server postfix/smtp[7386]: 5696A642EB0: to=, relay=127.0.0.1[127.0.0.1]:2526, delay=0.65, delays=0.26/0/0/0.38, dsn=2.0.0, status=sent (250 2.0.0 Ok: queued as 96B10642EB1)
Aug 1 12:42:50 server postfix/smtp[7386]: 5696A642EB0: to=, relay=127.0.0.1[127.0.0.1]:2526, delay=0.65, delays=0.26/0/0/0.38, dsn=2.0.0, status=sent (250 2.0.0 Ok: queued as 96B10642EB1)
Aug 1 12:42:50 server postfix/smtp[7386]: 5696A642EB0: to=, relay=127.0.0.1[127.0.0.1]:2526, delay=0.65, delays=0.26/0/0/0.38, dsn=2.0.0, status=sent (250 2.0.0 Ok: queued as 96B10642EB1)
Aug 1 12:42:50 server postfix/smtp[7386]: 5696A642EB0: to=, relay=127.0.0.1[127.0.0.1]:2526, delay=0.65, delays=0.26/0/0/0.38, dsn=2.0.0, status=sent (250 2.0.0 Ok: queued as 96B10642EB1)
Aug 1 12:42:50 server postfix/smtp[7386]: 5696A642EB0: to=, relay=127.0.0.1[127.0.0.1]:2526, delay=0.65, delays=0.26/0/0/0.38, dsn=2.0.0, status=sent (250 2.0.0 Ok: queued as 96B10642EB1)
Aug 1 12:42:50 server postfix/smtp[7386]: 5696A642EB0: to=, relay=127.0.0.1[127.0.0.1]:2526, delay=0.65, delays=0.26/0/0/0.38, dsn=2.0.0, status=sent (250 2.0.0 Ok: queued as 96B10642EB1)
Aug 1 12:42:50 server postfix/smtp[7386]: 5696A642EB0: to=, relay=127.0.0.1[127.0.0.1]:2526, delay=0.65, delays=0.26/0/0/0.38, dsn=2.0.0, status=sent (250 2.0.0 Ok: queued as 96B10642EB1)
Aug 1 12:42:50 server postfix/smtp[7386]: 5696A642EB0: to=, relay=127.0.0.1[127.0.0.1]:2526, delay=0.65, delays=0.26/0/0/0.38, dsn=2.0.0, status=sent (250 2.0.0 Ok: queued as 96B10642EB1)
Aug 1 12:42:50 server postfix/qmgr[2001]: 5696A642EB0: removed
Aug 1 12:42:50 server postfix/smtpd[7359]: disconnect from localhost[127.0.0.1]
Aug 1 12:42:50 server postfix/local[7394]: 96B10642EB1: to=, orig_to=, relay=local, delay=0.86, delays=0.38/0.02/0/0.46, dsn=2.0.0, status=sent (delivered to maildir)
Aug 1 12:42:50 server postfix/local[7392]: 96B10642EB1: to=, orig_to=, relay=local, delay=0.86, delays=0.38/0.01/0/0.47, dsn=2.0.0, status=sent (delivered to maildir)
Aug 1 12:42:50 server postfix/local[7391]: 96B10642EB1: to=, orig_to=, relay=local, delay=0.86, delays=0.38/0.01/0/0.47, dsn=2.0.0, status=sent (delivered to maildir)
Aug 1 12:42:50 server postfix/local[7395]: 96B10642EB1: to=, orig_to=, relay=local, delay=0.86, delays=0.38/0.02/0/0.46, dsn=2.0.0, status=sent (delivered to maildir)
Aug 1 12:42:50 server postfix/local[7397]: 96B10642EB1: to=, orig_to=, relay=local, delay=0.86, delays=0.38/0.03/0/0.45, dsn=2.0.0, status=sent (delivered to maildir)
Aug 1 12:42:50 server postfix/local[7393]: 96B10642EB1: to=, orig_to=, relay=local, delay=0.86, delays=0.38/0.02/0/0.46, dsn=2.0.0, status=sent (delivered to maildir)
Aug 1 12:42:50 server postfix/local[7396]: 96B10642EB1: to=, orig_to=, relay=local, delay=0.86, delays=0.38/0.03/0/0.45, dsn=2.0.0, status=sent (delivered to maildir)
Aug 1 12:42:50 server postfix/local[7390]: 96B10642EB1: to=, orig_to=, relay=local, delay=0.86, delays=0.38/0/0/0.47, dsn=2.0.0, status=sent (delivered to maildir)
Aug 1 12:42:50 server postfix/local[7398]: 96B10642EB1: to=, orig_to=, relay=local, delay=0.86, delays=0.38/0.03/0/0.45, dsn=2.0.0, status=sent (delivered to maildir)
Aug 1 12:42:50 server postfix/local[7399]: 96B10642EB1: to=, orig_to=, relay=local, delay=0.89, delays=0.38/0.04/0/0.47, dsn=2.0.0, status=sent (delivered to maildir)
Aug 1 12:42:50 server postfix/local[7360]: 96B10642EB1: to=, orig_to=, relay=local, delay=0.89, delays=0.38/0/0/0.51, dsn=2.0.0, status=sent (delivered to maildir)
Aug 1 12:42:50 server postfix/qmgr[2001]: 96B10642EB1: removed
Aug 1 12:42:52 server postfix/smtpd[7384]: disconnect from unknown[194.160.31.61]
Aug 1 12:42:56 server dovecot: imap-login: Login: user=, method=PLAIN, rip=194.160.31.12, lip=193.87.99.30
Aug 1 12:42:56 server dovecot: IMAP(hrdlovic): Disconnected: Logged out bytes=46/726
Aug 1 12:43:14 server dovecot: pop3-login: Login: user=, method=PLAIN, rip=194.160.31.65, lip=193.87.99.30
Aug 1 12:43:14 server dovecot: POP3(joriova): Disconnected: Logged out top=0/0, retr=0/0, del=0/0, size=0
Aug 1 12:43:14 server dovecot: pop3-login: Login: user=, method=PLAIN, rip=194.160.31.65, lip=193.87.99.30
Aug 1 12:43:14 server dovecot: POP3(joriova): Disconnected: Logged out top=0/0, retr=0/0, del=0/0, size=0
Aug 1 12:43:21 server dovecot: imap-login: Login: user=, method=PLAIN, rip=194.160.31.24, lip=193.87.99.30
Aug 1 12:43:21 server dovecot: IMAP(mlada): Disconnected: Logged out bytes=46/693
Aug 1 12:43:24 server dovecot: imap-login: Login: user=, method=PLAIN, rip=194.160.31.61, lip=193.87.99.30
Aug 1 12:43:24 server dovecot: IMAP(moravcik): Disconnected: Logged out bytes=46/726
Aug 1 12:43:29 server dovecot: imap-login: Login: user=, method=PLAIN, rip=194.160.31.96, lip=193.87.99.30
Aug 1 12:43:30 server dovecot: IMAP(porubska): Disconnected: Logged out bytes=46/725
Aug 1 12:43:30 server postfix/smtpd[7384]: connect from unknown[46.70.151.17]
Aug 1 12:43:38 server postfix/smtpd[7384]: C5ECA642EB0: client=unknown[46.70.151.17]
Aug 1 12:43:40 server postfix/smtpd[7384]: C5ECA642EB0: reject: RCPT from unknown[46.70.151.17]: 550 5.1.1 : Recipient address rejected: User unknown in local recipient table; from= to= proto=SMTP helo=
Aug 1 12:43:41 server postfix/smtpd[7132]: lost connection after DATA (12 bytes) from unknown[194.160.31.96]
Aug 1 12:43:41 server postfix/smtpd[7132]: disconnect from unknown[194.160.31.96]
Aug 1 12:43:41 server postfix/cleanup[6791]: AD7AC642E88: message-id=<>
Aug 1 12:43:41 server postfix/smtpd[7384]: C5ECA642EB0: reject: RCPT from unknown[46.70.151.17]: 550 5.1.1 : Recipient address rejected: User unknown in local recipient table; from= to= proto=SMTP helo=
Aug 1 12:43:46 server postfix/smtpd[7384]: C5ECA642EB0: reject: RCPT from unknown[46.70.151.17]: 550 5.1.1 : Recipient address rejected: User unknown in local recipient table; from= to= proto=SMTP helo=
Aug 1 12:43:46 server postfix/smtpd[7132]: warning: 194.160.31.61: hostname pc61.ksunitra.sk verification failed: Name or service not known
Aug 1 12:43:46 server postfix/smtpd[7132]: connect from unknown[194.160.31.61]
Aug 1 12:43:46 server postfix/smtpd[7132]: 7CB70642E88: client=unknown[194.160.31.61]
Aug 1 12:43:46 server postfix/cleanup[6791]: 7CB70642E88: message-id=<05bf01cc5034$35f40dd0$a1dc2970$@moravcik@ksunitra.sk>
Aug 1 12:43:46 server postfix/qmgr[2001]: 7CB70642E88: from=, size=712031, nrcpt=103 (queue active)
Aug 1 12:43:46 server postfix/smtpd[7359]: connect from localhost[127.0.0.1]
Aug 1 12:43:46 server postfix/smtpd[7359]: C7DE5642EB1: client=localhost[127.0.0.1]
Aug 1 12:43:46 server postfix/smtpd[7419]: connect from localhost[127.0.0.1]
Aug 1 12:43:46 server postfix/smtpd[7419]: CA48F642EB2: client=localhost[127.0.0.1]
Aug 1 12:43:47 server postfix/smtpd[7421]: connect from localhost[127.0.0.1]
Aug 1 12:43:47 server postfix/cleanup[7420]: CA48F642EB2: message-id=<05bf01cc5034$35f40dd0$a1dc2970$@moravcik@ksunitra.sk>
Aug 1 12:43:47 server postfix/smtpd[7421]: 01CB6642EB3: client=localhost[127.0.0.1]
Aug 1 12:43:47 server postfix/cleanup[6791]: C7DE5642EB1: message-id=<05bf01cc5034$35f40dd0$a1dc2970$@moravcik@ksunitra.sk>
Aug 1 12:43:47 server postfix/smtp[7358]: 7CB70642E88: to=, relay=127.0.0.1[127.0.0.1]:2526, delay=0.73, delays=0.31/0/0/0.42, dsn=2.0.0, status=sent (250 2.0.0 Ok: queued as C7DE5642EB1)
Aug 1 12:43:47 server postfix/smtp[7358]: 7CB70642E88: to=, relay=127.0.0.1[127.0.0.1]:2526, delay=0.73, delays=0.31/0/0/0.42, dsn=2.0.0, status=sent (250 2.0.0 Ok: queued as C7DE5642EB1)
Aug 1 12:43:47 server postfix/smtp[7358]: 7CB70642E88: to=, relay=127.0.0.1[127.0.0.1]:2526, delay=0.73, delays=0.31/0/0/0.42, dsn=2.0.0, status=sent (250 2.0.0 Ok: queued as C7DE5642EB1)
Aug 1 12:43:47 server postfix/smtp[7358]: 7CB70642E88: to=, relay=127.0.0.1[127.0.0.1]:2526, delay=0.73, delays=0.31/0/0/0.42, dsn=2.0.0, status=sent (250 2.0.0 Ok: queued as C7DE5642EB1)
Aug 1 12:43:47 server postfix/smtp[7358]: 7CB70642E88: to=, relay=127.0.0.1[127.0.0.1]:2526, delay=0.73, delays=0.31/0/0/0.42, dsn=2.0.0, status=sent (250 2.0.0 Ok: queued as C7DE5642EB1)
Aug 1 12:43:47 server postfix/smtp[7358]: 7CB70642E88: to=, relay=127.0.0.1[127.0.0.1]:2526, delay=0.73, delays=0.31/0/0/0.42, dsn=2.0.0, status=sent (250 2.0.0 Ok: queued as C7DE5642EB1)
Aug 1 12:43:47 server postfix/smtp[7358]: 7CB70642E88: to=, relay=127.0.0.1[127.0.0.1]:2526, delay=0.73, delays=0.31/0/0/0.42, dsn=2.0.0, status=sent (250 2.0.0 Ok: queued as C7DE5642EB1)
Aug 1 12:43:47 server postfix/smtp[7358]: 7CB70642E88: to=, relay=127.0.0.1[127.0.0.1]:2526, delay=0.73, delays=0.31/0/0/0.42, dsn=2.0.0, status=sent (250 2.0.0 Ok: queued as C7DE5642EB1)
Aug 1 12:43:47 server postfix/smtp[7358]: 7CB70642E88: to=, relay=127.0.0.1[127.0.0.1]:2526, delay=0.73, delays=0.31/0/0/0.42, dsn=2.0.0, status=sent (250 2.0.0 Ok: queued as C7DE5642EB1)
Aug 1 12:43:47 server postfix/smtp[7358]: 7CB70642E88: to=, relay=127.0.0.1[127.0.0.1]:2526, delay=0.73, delays=0.31/0/0/0.42, dsn=2.0.0, status=sent (250 2.0.0 Ok: queued as C7DE5642EB1)
Aug 1 12:43:47 server postfix/smtp[7358]: 7CB70642E88: to=, relay=127.0.0.1[127.0.0.1]:2526, delay=0.73, delays=0.31/0/0/0.42, dsn=2.0.0, status=sent (250 2.0.0 Ok: queued as C7DE5642EB1)
Aug 1 12:43:47 server postfix/smtp[7358]: 7CB70642E88: to=, relay=127.0.0.1[127.0.0.1]:2526, delay=0.73, delays=0.31/0/0/0.42, dsn=2.0.0, status=sent (250 2.0.0 Ok: queued as C7DE5642EB1)
Aug 1 12:43:47 server postfix/smtp[7358]: 7CB70642E88: to=, relay=127.0.0.1[127.0.0.1]:2526, delay=0.73, delays=0.31/0/0/0.42, dsn=2.0.0, status=sent (250 2.0.0 Ok: queued as C7DE5642EB1)
Aug 1 12:43:47 server postfix/smtp[7358]: 7CB70642E88: to=, relay=127.0.0.1[127.0.0.1]:2526, delay=0.73, delays=0.31/0/0/0.42, dsn=2.0.0, status=sent (250 2.0.0 Ok: queued as C7DE5642EB1)
Aug 1 12:43:47 server postfix/smtp[7358]: 7CB70642E88: to=, relay=127.0.0.1[127.0.0.1]:2526, delay=0.73, delays=0.31/0/0/0.42, dsn=2.0.0, status=sent (250 2.0.0 Ok: queued as C7DE5642EB1)
Aug 1 12:43:47 server postfix/smtp[7358]: 7CB70642E88: to=, relay=127.0.0.1[127.0.0.1]:2526, delay=0.73, delays=0.31/0/0/0.42, dsn=2.0.0, status=sent (250 2.0.0 Ok: queued as C7DE5642EB1)
Aug 1 12:43:47 server postfix/smtp[7358]: 7CB70642E88: to=, relay=127.0.0.1[127.0.0.1]:2526, delay=0.73, delays=0.31/0/0/0.42, dsn=2.0.0, status=sent (250 2.0.0 Ok: queued as C7DE5642EB1)
Aug 1 12:43:47 server postfix/smtp[7358]: 7CB70642E88: to=, relay=127.0.0.1[127.0.0.1]:2526, delay=0.73, delays=0.31/0/0/0.42, dsn=2.0.0, status=sent (250 2.0.0 Ok: queued as C7DE5642EB1)
Aug 1 12:43:47 server postfix/smtp[7358]: 7CB70642E88: to=, relay=127.0.0.1[127.0.0.1]:2526, delay=0.73, delays=0.31/0/0/0.42, dsn=2.0.0, status=sent (250 2.0.0 Ok: queued as C7DE5642EB1)
Aug 1 12:43:47 server postfix/smtp[7358]: 7CB70642E88: to=, relay=127.0.0.1[127.0.0.1]:2526, delay=0.73, delays=0.31/0/0/0.42, dsn=2.0.0, status=sent (250 2.0.0 Ok: queued as C7DE5642EB1)
Aug 1 12:43:47 server postfix/smtp[7358]: 7CB70642E88: to=, relay=127.0.0.1[127.0.0.1]:2526, delay=0.73, delays=0.31/0/0/0.42, dsn=2.0.0, status=sent (250 2.0.0 Ok: queued as C7DE5642EB1)
Aug 1 12:43:47 server postfix/smtp[7358]: 7CB70642E88: to=, relay=127.0.0.1[127.0.0.1]:2526, delay=0.73, delays=0.31/0/0/0.42, dsn=2.0.0, status=sent (250 2.0.0 Ok: queued as C7DE5642EB1)
Aug 1 12:43:47 server postfix/smtp[7358]: 7CB70642E88: to=, relay=127.0.0.1[127.0.0.1]:2526, delay=0.73, delays=0.31/0/0/0.42, dsn=2.0.0, status=sent (250 2.0.0 Ok: queued as C7DE5642EB1)
Aug 1 12:43:47 server postfix/smtp[7358]: 7CB70642E88: to=, relay=127.0.0.1[127.0.0.1]:2526, delay=0.73, delays=0.31/0/0/0.42, dsn=2.0.0, status=sent (250 2.0.0 Ok: queued as C7DE5642EB1)
Aug 1 12:43:47 server postfix/smtp[7358]: 7CB70642E88: to=, relay=127.0.0.1[127.0.0.1]:2526, delay=0.73, delays=0.31/0/0/0.42, dsn=2.0.0, status=sent (250 2.0.0 Ok: queued as C7DE5642EB1)
Aug 1 12:43:47 server postfix/smtp[7358]: 7CB70642E88: to=, relay=127.0.0.1[127.0.0.1]:2526, delay=0.73, delays=0.31/0/0/0.42, dsn=2.0.0, status=sent (250 2.0.0 Ok: queued as C7DE5642EB1)
Aug 1 12:43:47 server postfix/smtp[7358]: 7CB70642E88: to=, relay=127.0.0.1[127.0.0.1]:2526, delay=0.73, delays=0.31/0/0/0.42, dsn=2.0.0, status=sent (250 2.0.0 Ok: queued as C7DE5642EB1)
Aug 1 12:43:47 server postfix/smtp[7358]: 7CB70642E88: to=, relay=127.0.0.1[127.0.0.1]:2526, delay=0.73, delays=0.31/0/0/0.42, dsn=2.0.0, status=sent (250 2.0.0 Ok: queued as C7DE5642EB1)
Aug 1 12:43:47 server postfix/smtp[7358]: 7CB70642E88: to=, relay=127.0.0.1[127.0.0.1]:2526, delay=0.73, delays=0.31/0/0/0.42, dsn=2.0.0, status=sent (250 2.0.0 Ok: queued as C7DE5642EB1)
Aug 1 12:43:47 server postfix/smtp[7358]: 7CB70642E88: to=, relay=127.0.0.1[127.0.0.1]:2526, delay=0.73, delays=0.31/0/0/0.42, dsn=2.0.0, status=sent (250 2.0.0 Ok: queued as C7DE5642EB1)
Aug 1 12:43:47 server postfix/smtp[7358]: 7CB70642E88: to=, relay=127.0.0.1[127.0.0.1]:2526, delay=0.73, delays=0.31/0/0/0.42, dsn=2.0.0, status=sent (250 2.0.0 Ok: queued as C7DE5642EB1)
Aug 1 12:43:47 server postfix/smtp[7358]: 7CB70642E88: to=, relay=127.0.0.1[127.0.0.1]:2526, delay=0.73, delays=0.31/0/0/0.42, dsn=2.0.0, status=sent (250 2.0.0 Ok: queued as C7DE5642EB1)
Aug 1 12:43:47 server postfix/smtp[7358]: 7CB70642E88: to=, relay=127.0.0.1[127.0.0.1]:2526, delay=0.73, delays=0.31/0/0/0.42, dsn=2.0.0, status=sent (250 2.0.0 Ok: queued as C7DE5642EB1)
Aug 1 12:43:47 server postfix/smtp[7358]: 7CB70642E88: to=, relay=127.0.0.1[127.0.0.1]:2526, delay=0.73, delays=0.31/0/0/0.42, dsn=2.0.0, status=sent (250 2.0.0 Ok: queued as C7DE5642EB1)
Aug 1 12:43:47 server postfix/smtp[7358]: 7CB70642E88: to=, relay=127.0.0.1[127.0.0.1]:2526, delay=0.73, delays=0.31/0/0/0.42, dsn=2.0.0, status=sent (250 2.0.0 Ok: queued as C7DE5642EB1)
Aug 1 12:43:47 server postfix/smtp[7358]: 7CB70642E88: to=, relay=127.0.0.1[127.0.0.1]:2526, delay=0.73, delays=0.31/0/0/0.42, dsn=2.0.0, status=sent (250 2.0.0 Ok: queued as C7DE5642EB1)
Aug 1 12:43:47 server postfix/smtp[7358]: 7CB70642E88: to=, relay=127.0.0.1[127.0.0.1]:2526, delay=0.73, delays=0.31/0/0/0.42, dsn=2.0.0, status=sent (250 2.0.0 Ok: queued as C7DE5642EB1)
Aug 1 12:43:47 server postfix/smtp[7358]: 7CB70642E88: to=, relay=127.0.0.1[127.0.0.1]:2526, delay=0.73, delays=0.31/0/0/0.42, dsn=2.0.0, status=sent (250 2.0.0 Ok: queued as C7DE5642EB1)
Aug 1 12:43:47 server postfix/smtp[7358]: 7CB70642E88: to=, relay=127.0.0.1[127.0.0.1]:2526, delay=0.73, delays=0.31/0/0/0.42, dsn=2.0.0, status=sent (250 2.0.0 Ok: queued as C7DE5642EB1)
Aug 1 12:43:47 server postfix/smtp[7358]: 7CB70642E88: to=, relay=127.0.0.1[127.0.0.1]:2526, delay=0.73, delays=0.31/0/0/0.42, dsn=2.0.0, status=sent (250 2.0.0 Ok: queued as C7DE5642EB1)
Aug 1 12:43:47 server postfix/smtp[7358]: 7CB70642E88: to=, relay=127.0.0.1[127.0.0.1]:2526, delay=0.73, delays=0.31/0/0/0.42, dsn=2.0.0, status=sent (250 2.0.0 Ok: queued as C7DE5642EB1)
Aug 1 12:43:47 server postfix/smtp[7358]: 7CB70642E88: to=, relay=127.0.0.1[127.0.0.1]:2526, delay=0.73, delays=0.31/0/0/0.42, dsn=2.0.0, status=sent (250 2.0.0 Ok: queued as C7DE5642EB1)
Aug 1 12:43:47 server postfix/smtp[7358]: 7CB70642E88: to=, relay=127.0.0.1[127.0.0.1]:2526, delay=0.73, delays=0.31/0/0/0.42, dsn=2.0.0, status=sent (250 2.0.0 Ok: queued as C7DE5642EB1)
Aug 1 12:43:47 server postfix/smtp[7358]: 7CB70642E88: to=, relay=127.0.0.1[127.0.0.1]:2526, delay=0.73, delays=0.31/0/0/0.42, dsn=2.0.0, status=sent (250 2.0.0 Ok: queued as C7DE5642EB1)
Aug 1 12:43:47 server postfix/smtp[7358]: 7CB70642E88: to=, relay=127.0.0.1[127.0.0.1]:2526, delay=0.73, delays=0.31/0/0/0.42, dsn=2.0.0, status=sent (250 2.0.0 Ok: queued as C7DE5642EB1)
Aug 1 12:43:47 server postfix/smtp[7358]: 7CB70642E88: to=, relay=127.0.0.1[127.0.0.1]:2526, delay=0.73, delays=0.31/0/0/0.42, dsn=2.0.0, status=sent (250 2.0.0 Ok: queued as C7DE5642EB1)
Aug 1 12:43:47 server postfix/smtp[7358]: 7CB70642E88: to=, relay=127.0.0.1[127.0.0.1]:2526, delay=0.73, delays=0.31/0/0/0.42, dsn=2.0.0, status=sent (250 2.0.0 Ok: queued as C7DE5642EB1)
Aug 1 12:43:47 server postfix/smtp[7358]: 7CB70642E88: to=, relay=127.0.0.1[127.0.0.1]:2526, delay=0.73, delays=0.31/0/0/0.42, dsn=2.0.0, status=sent (250 2.0.0 Ok: queued as C7DE5642EB1)
Aug 1 12:43:47 server postfix/smtp[7358]: 7CB70642E88: to=, relay=127.0.0.1[127.0.0.1]:2526, delay=0.73, delays=0.31/0/0/0.42, dsn=2.0.0, status=sent (250 2.0.0 Ok: queued as C7DE5642EB1)
Aug 1 12:43:47 server postfix/smtp[7358]: 7CB70642E88: to=, relay=127.0.0.1[127.0.0.1]:2526, delay=0.73, delays=0.31/0/0/0.42, dsn=2.0.0, status=sent (250 2.0.0 Ok: queued as C7DE5642EB1)
Aug 1 12:43:47 server postfix/smtpd[7359]: disconnect from localhost[127.0.0.1]
Aug 1 12:43:47 server postfix/qmgr[2001]: CA48F642EB2: from=, size=712885, nrcpt=50 (queue active)
Aug 1 12:43:47 server postfix/cleanup[7422]: 01CB6642EB3: message-id=<05bf01cc5034$35f40dd0$a1dc2970$@moravcik@ksunitra.sk>
Aug 1 12:43:47 server postfix/qmgr[2001]: C7DE5642EB1: from=, size=712885, nrcpt=50 (queue active)
Aug 1 12:43:47 server postfix/smtp[7386]: 7CB70642E88: to=, relay=127.0.0.1[127.0.0.1]:2526, delay=0.74, delays=0.31/0/0.01/0.42, dsn=2.0.0, status=sent (250 2.0.0 Ok: queued as CA48F642EB2)
Aug 1 12:43:47 server postfix/smtp[7386]: 7CB70642E88: to=, relay=127.0.0.1[127.0.0.1]:2526, delay=0.74, delays=0.31/0/0.01/0.42, dsn=2.0.0, status=sent (250 2.0.0 Ok: queued as CA48F642EB2)
Aug 1 12:43:47 server postfix/smtp[7386]: 7CB70642E88: to=, relay=127.0.0.1[127.0.0.1]:2526, delay=0.74, delays=0.31/0/0.01/0.42, dsn=2.0.0, status=sent (250 2.0.0 Ok: queued as CA48F642EB2)
Aug 1 12:43:47 server postfix/smtp[7386]: 7CB70642E88: to=, relay=127.0.0.1[127.0.0.1]:2526, delay=0.74, delays=0.31/0/0.01/0.42, dsn=2.0.0, status=sent (250 2.0.0 Ok: queued as CA48F642EB2)
Aug 1 12:43:47 server postfix/smtp[7386]: 7CB70642E88: to=, relay=127.0.0.1[127.0.0.1]:2526, delay=0.74, delays=0.31/0/0.01/0.42, dsn=2.0.0, status=sent (250 2.0.0 Ok: queued as CA48F642EB2)
Aug 1 12:43:47 server postfix/smtp[7386]: 7CB70642E88: to=, relay=127.0.0.1[127.0.0.1]:2526, delay=0.74, delays=0.31/0/0.01/0.42, dsn=2.0.0, status=sent (250 2.0.0 Ok: queued as CA48F642EB2)
Aug 1 12:43:47 server postfix/smtp[7386]: 7CB70642E88: to=, relay=127.0.0.1[127.0.0.1]:2526, delay=0.74, delays=0.31/0/0.01/0.42, dsn=2.0.0, status=sent (250 2.0.0 Ok: queued as CA48F642EB2)
Aug 1 12:43:47 server postfix/smtp[7386]: 7CB70642E88: to=, relay=127.0.0.1[127.0.0.1]:2526, delay=0.74, delays=0.31/0/0.01/0.42, dsn=2.0.0, status=sent (250 2.0.0 Ok: queued as CA48F642EB2)
Aug 1 12:43:47 server postfix/smtp[7386]: 7CB70642E88: to=, relay=127.0.0.1[127.0.0.1]:2526, delay=0.74, delays=0.31/0/0.01/0.42, dsn=2.0.0, status=sent (250 2.0.0 Ok: queued as CA48F642EB2)
Aug 1 12:43:47 server postfix/smtp[7386]: 7CB70642E88: to=, relay=127.0.0.1[127.0.0.1]:2526, delay=0.74, delays=0.31/0/0.01/0.42, dsn=2.0.0, status=sent (250 2.0.0 Ok: queued as CA48F642EB2)
Aug 1 12:43:47 server postfix/smtp[7386]: 7CB70642E88: to=, relay=127.0.0.1[127.0.0.1]:2526, delay=0.74, delays=0.31/0/0.01/0.42, dsn=2.0.0, status=sent (250 2.0.0 Ok: queued as CA48F642EB2)
Aug 1 12:43:47 server postfix/smtp[7386]: 7CB70642E88: to=, relay=127.0.0.1[127.0.0.1]:2526, delay=0.74, delays=0.31/0/0.01/0.42, dsn=2.0.0, status=sent (250 2.0.0 Ok: queued as CA48F642EB2)
Aug 1 12:43:47 server postfix/smtp[7386]: 7CB70642E88: to=, relay=127.0.0.1[127.0.0.1]:2526, delay=0.74, delays=0.31/0/0.01/0.42, dsn=2.0.0, status=sent (250 2.0.0 Ok: queued as CA48F642EB2)
Aug 1 12:43:47 server postfix/smtp[7386]: 7CB70642E88: to=, relay=127.0.0.1[127.0.0.1]:2526, delay=0.74, delays=0.31/0/0.01/0.42, dsn=2.0.0, status=sent (250 2.0.0 Ok: queued as CA48F642EB2)
Aug 1 12:43:47 server postfix/smtp[7386]: 7CB70642E88: to=, relay=127.0.0.1[127.0.0.1]:2526, delay=0.74, delays=0.31/0/0.01/0.42, dsn=2.0.0, status=sent (250 2.0.0 Ok: queued as CA48F642EB2)
Aug 1 12:43:47 server postfix/smtp[7386]: 7CB70642E88: to=, relay=127.0.0.1[127.0.0.1]:2526, delay=0.74, delays=0.31/0/0.01/0.42, dsn=2.0.0, status=sent (250 2.0.0 Ok: queued as CA48F642EB2)
Aug 1 12:43:47 server postfix/smtp[7386]: 7CB70642E88: to=, relay=127.0.0.1[127.0.0.1]:2526, delay=0.74, delays=0.31/0/0.01/0.42, dsn=2.0.0, status=sent (250 2.0.0 Ok: queued as CA48F642EB2)
Aug 1 12:43:47 server postfix/smtp[7386]: 7CB70642E88: to=, relay=127.0.0.1[127.0.0.1]:2526, delay=0.74, delays=0.31/0/0.01/0.42, dsn=2.0.0, status=sent (250 2.0.0 Ok: queued as CA48F642EB2)
Aug 1 12:43:47 server postfix/smtp[7386]: 7CB70642E88: to=, relay=127.0.0.1[127.0.0.1]:2526, delay=0.74, delays=0.31/0/0.01/0.42, dsn=2.0.0, status=sent (250 2.0.0 Ok: queued as CA48F642EB2)
Aug 1 12:43:47 server postfix/smtp[7386]: 7CB70642E88: to=, relay=127.0.0.1[127.0.0.1]:2526, delay=0.74, delays=0.31/0/0.01/0.42, dsn=2.0.0, status=sent (250 2.0.0 Ok: queued as CA48F642EB2)
Aug 1 12:43:47 server postfix/smtp[7386]: 7CB70642E88: to=, relay=127.0.0.1[127.0.0.1]:2526, delay=0.74, delays=0.31/0/0.01/0.42, dsn=2.0.0, status=sent (250 2.0.0 Ok: queued as CA48F642EB2)
Aug 1 12:43:47 server postfix/smtp[7386]: 7CB70642E88: to=, relay=127.0.0.1[127.0.0.1]:2526, delay=0.74, delays=0.31/0/0.01/0.42, dsn=2.0.0, status=sent (250 2.0.0 Ok: queued as CA48F642EB2)
Aug 1 12:43:47 server postfix/smtp[7386]: 7CB70642E88: to=, relay=127.0.0.1[127.0.0.1]:2526, delay=0.74, delays=0.31/0/0.01/0.42, dsn=2.0.0, status=sent (250 2.0.0 Ok: queued as CA48F642EB2)
Aug 1 12:43:47 server postfix/smtp[7386]: 7CB70642E88: to=, relay=127.0.0.1[127.0.0.1]:2526, delay=0.74, delays=0.31/0/0.01/0.42, dsn=2.0.0, status=sent (250 2.0.0 Ok: queued as CA48F642EB2)
Aug 1 12:43:47 server postfix/smtp[7386]: 7CB70642E88: to=, relay=127.0.0.1[127.0.0.1]:2526, delay=0.74, delays=0.31/0/0.01/0.42, dsn=2.0.0, status=sent (250 2.0.0 Ok: queued as CA48F642EB2)
Aug 1 12:43:47 server postfix/smtp[7386]: 7CB70642E88: to=, relay=127.0.0.1[127.0.0.1]:2526, delay=0.74, delays=0.31/0/0.01/0.42, dsn=2.0.0, status=sent (250 2.0.0 Ok: queued as CA48F642EB2)
Aug 1 12:43:47 server postfix/smtp[7386]: 7CB70642E88: to=, relay=127.0.0.1[127.0.0.1]:2526, delay=0.74, delays=0.31/0/0.01/0.42, dsn=2.0.0, status=sent (250 2.0.0 Ok: queued as CA48F642EB2)
Aug 1 12:43:47 server postfix/smtp[7386]: 7CB70642E88: to=, relay=127.0.0.1[127.0.0.1]:2526, delay=0.74, delays=0.31/0/0.01/0.42, dsn=2.0.0, status=sent (250 2.0.0 Ok: queued as CA48F642EB2)
Aug 1 12:43:47 server postfix/smtp[7386]: 7CB70642E88: to=, relay=127.0.0.1[127.0.0.1]:2526, delay=0.74, delays=0.31/0/0.01/0.42, dsn=2.0.0, status=sent (250 2.0.0 Ok: queued as CA48F642EB2)
Aug 1 12:43:47 server postfix/smtp[7386]: 7CB70642E88: to=, relay=127.0.0.1[127.0.0.1]:2526, delay=0.74, delays=0.31/0/0.01/0.42, dsn=2.0.0, status=sent (250 2.0.0 Ok: queued as CA48F642EB2)
Aug 1 12:43:47 server postfix/smtp[7386]: 7CB70642E88: to=, relay=127.0.0.1[127.0.0.1]:2526, delay=0.74, delays=0.31/0/0.01/0.42, dsn=2.0.0, status=sent (250 2.0.0 Ok: queued as CA48F642EB2)
Aug 1 12:43:47 server postfix/smtp[7386]: 7CB70642E88: to=, relay=127.0.0.1[127.0.0.1]:2526, delay=0.74, delays=0.31/0/0.01/0.42, dsn=2.0.0, status=sent (250 2.0.0 Ok: queued as CA48F642EB2)
Aug 1 12:43:47 server postfix/smtp[7386]: 7CB70642E88: to=, relay=127.0.0.1[127.0.0.1]:2526, delay=0.74, delays=0.31/0/0.01/0.42, dsn=2.0.0, status=sent (250 2.0.0 Ok: queued as CA48F642EB2)
Aug 1 12:43:47 server postfix/smtp[7386]: 7CB70642E88: to=, relay=127.0.0.1[127.0.0.1]:2526, delay=0.74, delays=0.31/0/0.01/0.42, dsn=2.0.0, status=sent (250 2.0.0 Ok: queued as CA48F642EB2)
Aug 1 12:43:47 server postfix/smtp[7386]: 7CB70642E88: to=, relay=127.0.0.1[127.0.0.1]:2526, delay=0.74, delays=0.31/0/0.01/0.42, dsn=2.0.0, status=sent (250 2.0.0 Ok: queued as CA48F642EB2)
Aug 1 12:43:47 server postfix/smtp[7386]: 7CB70642E88: to=, relay=127.0.0.1[127.0.0.1]:2526, delay=0.74, delays=0.31/0/0.01/0.42, dsn=2.0.0, status=sent (250 2.0.0 Ok: queued as CA48F642EB2)
Aug 1 12:43:47 server postfix/smtp[7386]: 7CB70642E88: to=, relay=127.0.0.1[127.0.0.1]:2526, delay=0.74, delays=0.31/0/0.01/0.42, dsn=2.0.0, status=sent (250 2.0.0 Ok: queued as CA48F642EB2)
Aug 1 12:43:47 server postfix/smtp[7386]: 7CB70642E88: to=, relay=127.0.0.1[127.0.0.1]:2526, delay=0.74, delays=0.31/0/0.01/0.42, dsn=2.0.0, status=sent (250 2.0.0 Ok: queued as CA48F642EB2)
Aug 1 12:43:47 server postfix/smtp[7386]: 7CB70642E88: to=, relay=127.0.0.1[127.0.0.1]:2526, delay=0.74, delays=0.31/0/0.01/0.42, dsn=2.0.0, status=sent (250 2.0.0 Ok: queued as CA48F642EB2)
Aug 1 12:43:47 server postfix/smtp[7386]: 7CB70642E88: to=, relay=127.0.0.1[127.0.0.1]:2526, delay=0.74, delays=0.31/0/0.01/0.42, dsn=2.0.0, status=sent (250 2.0.0 Ok: queued as CA48F642EB2)
Aug 1 12:43:47 server postfix/smtp[7386]: 7CB70642E88: to=, relay=127.0.0.1[127.0.0.1]:2526, delay=0.74, delays=0.31/0/0.01/0.42, dsn=2.0.0, status=sent (250 2.0.0 Ok: queued as CA48F642EB2)
Aug 1 12:43:47 server postfix/smtp[7386]: 7CB70642E88: to=, relay=127.0.0.1[127.0.0.1]:2526, delay=0.74, delays=0.31/0/0.01/0.42, dsn=2.0.0, status=sent (250 2.0.0 Ok: queued as CA48F642EB2)
Aug 1 12:43:47 server postfix/smtp[7386]: 7CB70642E88: to=, relay=127.0.0.1[127.0.0.1]:2526, delay=0.74, delays=0.31/0/0.01/0.42, dsn=2.0.0, status=sent (250 2.0.0 Ok: queued as CA48F642EB2)
Aug 1 12:43:47 server postfix/smtp[7386]: 7CB70642E88: to=, relay=127.0.0.1[127.0.0.1]:2526, delay=0.74, delays=0.31/0/0.01/0.42, dsn=2.0.0, status=sent (250 2.0.0 Ok: queued as CA48F642EB2)
Aug 1 12:43:47 server postfix/smtp[7386]: 7CB70642E88: to=, relay=127.0.0.1[127.0.0.1]:2526, delay=0.74, delays=0.31/0/0.01/0.42, dsn=2.0.0, status=sent (250 2.0.0 Ok: queued as CA48F642EB2)
Aug 1 12:43:47 server postfix/smtp[7386]: 7CB70642E88: to=, relay=127.0.0.1[127.0.0.1]:2526, delay=0.74, delays=0.31/0/0.01/0.42, dsn=2.0.0, status=sent (250 2.0.0 Ok: queued as CA48F642EB2)
Aug 1 12:43:47 server postfix/smtp[7386]: 7CB70642E88: to=, relay=127.0.0.1[127.0.0.1]:2526, delay=0.74, delays=0.31/0/0.01/0.42, dsn=2.0.0, status=sent (250 2.0.0 Ok: queued as CA48F642EB2)
Aug 1 12:43:47 server postfix/smtp[7386]: 7CB70642E88: to=, relay=127.0.0.1[127.0.0.1]:2526, delay=0.74, delays=0.31/0/0.01/0.42, dsn=2.0.0, status=sent (250 2.0.0 Ok: queued as CA48F642EB2)
Aug 1 12:43:47 server postfix/smtp[7386]: 7CB70642E88: to=, relay=127.0.0.1[127.0.0.1]:2526, delay=0.74, delays=0.31/0/0.01/0.42, dsn=2.0.0, status=sent (250 2.0.0 Ok: queued as CA48F642EB2)
Aug 1 12:43:47 server postfix/smtp[7386]: 7CB70642E88: to=, relay=127.0.0.1[127.0.0.1]:2526, delay=0.74, delays=0.31/0/0.01/0.42, dsn=2.0.0, status=sent (250 2.0.0 Ok: queued as CA48F642EB2)
Aug 1 12:43:47 server postfix/smtpd[7419]: disconnect from localhost[127.0.0.1]
Aug 1 12:43:47 server postfix/smtp[7358]: CA48F642EB2: to=, relay=mail.pgjknr.sk[193.87.73.3]:25, delay=0.55, delays=0.39/0.03/0.02/0.11, dsn=2.0.0, status=sent (250 2.0.0 Ok: queued as 22CC71803B1B)
Aug 1 12:43:47 server postfix/smtp[7432]: CA48F642EB2: enabling PIX workarounds: disable_esmtp delay_dotcrlf for mail.soujesnz.sk[213.81.187.21]:25
Aug 1 12:43:47 server postfix/smtp[7436]: CA48F642EB2: enabling PIX workarounds: disable_esmtp delay_dotcrlf for mail.sposnr.sk[213.81.187.8]:25
Aug 1 12:43:47 server postfix/qmgr[2001]: 01CB6642EB3: from=, size=712885, nrcpt=3 (queue active)
Aug 1 12:43:47 server postfix/smtp[7418]: 7CB70642E88: to=, relay=127.0.0.1[127.0.0.1]:2526, delay=0.92, delays=0.31/0.02/0.16/0.43, dsn=2.0.0, status=sent (250 2.0.0 Ok: queued as 01CB6642EB3)
Aug 1 12:43:47 server postfix/smtp[7418]: 7CB70642E88: to=, relay=127.0.0.1[127.0.0.1]:2526, delay=0.92, delays=0.31/0.02/0.16/0.43, dsn=2.0.0, status=sent (250 2.0.0 Ok: queued as 01CB6642EB3)
