Aug 1 12:43:47 server postfix/smtp[7418]: 7CB70642E88: to=, relay=127.0.0.1[127.0.0.1]:2526, delay=0.92, delays=0.31/0.02/0.16/0.43, dsn=2.0.0, status=sent (250 2.0.0 Ok: queued as 01CB6642EB3)
Aug 1 12:43:47 server postfix/smtpd[7421]: disconnect from localhost[127.0.0.1]
Aug 1 12:43:47 server postfix/qmgr[2001]: 7CB70642E88: removed
Aug 1 12:43:47 server postfix/local[7392]: C7DE5642EB1: to=, orig_to=, relay=local, delay=0.63, delays=0.43/0/0/0.2, dsn=2.0.0, status=sent (delivered to maildir)
Aug 1 12:43:47 server postfix/smtp[7465]: C7DE5642EB1: enabling PIX workarounds: disable_esmtp delay_dotcrlf for mail.gymsahy.sk[213.81.186.61]:25
Aug 1 12:43:47 server postfix/smtp[7463]: C7DE5642EB1: enabling PIX workarounds: disable_esmtp delay_dotcrlf for mail.gymnz.sk[213.81.187.20]:25
Aug 1 12:43:47 server postfix/smtp[7439]: CA48F642EB2: to=, relay=ls5.spskn.sk[193.87.81.14]:25, delay=0.8, delays=0.39/0.09/0.04/0.27, dsn=2.0.0, status=sent (250 2.0.0 Ok: queued as 06044A429C)
Aug 1 12:43:48 server postfix/smtp[7425]: CA48F642EB2: to=, relay=mail.slovanet.sk[195.28.64.118]:25, delay=1.3, delays=0.39/0.04/0.02/0.87, dsn=2.0.0, status=sent (250 2.0.0 Ok: queued as 886CB1E721A)
Aug 1 12:43:48 server postfix/smtp[7425]: CA48F642EB2: to=, relay=mail.slovanet.sk[195.28.64.118]:25, delay=1.3, delays=0.39/0.04/0.02/0.87, dsn=2.0.0, status=sent (250 2.0.0 Ok: queued as 886CB1E721A)
Aug 1 12:43:48 server postfix/smtp[7464]: C7DE5642EB1: to=, relay=mail.gymparnr.edu.sk[193.87.175.245]:25, delay=1.4, delays=0.43/0.15/0.02/0.81, dsn=2.0.0, status=sent (250 Ok: queued as 447A75F17DEF)
Aug 1 12:43:48 server postfix/smtp[7424]: CA48F642EB2: to=, relay=mail.salamon.sk[194.1.215.2]:25, delay=1.7, delays=0.39/0.04/0.02/1.3, dsn=2.0.0, status=sent (250 2.0.0 Ok: queued as 2C9579500E2)
Aug 1 12:43:48 server postfix/smtp[7428]: CA48F642EB2: to=, relay=mta-in.t-com.sk[213.81.152.19]:25, delay=1.8, delays=0.39/0.05/0.01/1.3, dsn=2.5.0, status=sent (250 2.5.0 Ok, envelope id 0LP800L7XV94ZU10@mta-in1.stonline.sk)
Aug 1 12:43:48 server postfix/smtp[7431]: CA48F642EB2: to=, relay=mta-in.t-com.sk[213.81.152.19]:25, delay=1.8, delays=0.39/0.06/0.01/1.3, dsn=2.5.0, status=sent (250 2.5.0 Ok, envelope id 0LP800K7VV94DP20@mta-in2.stonline.sk)
Aug 1 12:43:48 server postfix/smtp[7423]: CA48F642EB2: to=, relay=smtp01.post.sk[85.248.69.94]:25, delay=1.9, delays=0.39/0.03/0.01/1.4, dsn=2.0.0, status=sent (250 2.0.0 Ok: queued as 74A392801A)
Aug 1 12:43:48 server postfix/smtp[7430]: CA48F642EB2: to=, relay=mail.sasro.sk[80.81.224.130]:25, delay=2, delays=0.39/0.06/0.15/1.4, dsn=2.0.0, status=sent (250 2.0.0 Ok: queued as 604C16B5F1)
Aug 1 12:43:48 server postfix/smtp[7427]: CA48F642EB2: to=, relay=mta-in.t-com.sk[213.81.152.19]:25, delay=2, delays=0.39/0.05/0.01/1.6, dsn=2.5.0, status=sent (250 2.5.0 Ok, envelope id 0LP800KNLV94EQ20@mta-in2.stonline.sk)
Aug 1 12:43:48 server postfix/smtp[7426]: CA48F642EB2: to=, relay=mta-in.t-com.sk[213.81.152.19]:25, delay=2.1, delays=0.39/0.04/0.01/1.6, dsn=2.5.0, status=sent (250 2.5.0 Ok, envelope id 0LP800JLSV94FL10@mta-in1.stonline.sk)
Aug 1 12:43:48 server postfix/smtp[7473]: C7DE5642EB1: to=, relay=mailhub1.slovanet.net[195.28.64.118]:25, delay=2.1, delays=0.43/0.18/0.08/1.4, dsn=2.0.0, status=sent (250 2.0.0 Ok: queued as AEA261E7213)
Aug 1 12:43:48 server postfix/smtp[7473]: C7DE5642EB1: to=, relay=mailhub1.slovanet.net[195.28.64.118]:25, delay=2.1, delays=0.43/0.18/0.08/1.4, dsn=2.0.0, status=sent (250 2.0.0 Ok: queued as AEA261E7213)
Aug 1 12:43:49 server postfix/smtp[7433]: CA48F642EB2: to=, relay=mta-in.t-com.sk[213.81.152.19]:25, delay=2.5, delays=0.39/0.07/0.02/2.1, dsn=2.5.0, status=sent (250 2.5.0 Ok, envelope id 0LP800MOYV947110@mta-in2.stonline.sk)
Aug 1 12:43:49 server postfix/smtpd[7132]: disconnect from unknown[194.160.31.61]
Aug 1 12:43:49 server postfix/smtp[7434]: CA48F642EB2: to=, relay=mailin.mx-hub.sk[217.67.30.112]:25, delay=2.6, delays=0.39/0.07/0.02/2.1, dsn=2.0.0, status=sent (250 OK id=1QnpYu-000DDf-EU)
Aug 1 12:43:49 server postfix/smtp[7451]: C7DE5642EB1: to=, relay=triton.domains.sk[82.208.46.80]:25, delay=2.8, delays=0.43/0.1/0.06/2.2, dsn=2.0.0, status=sent (250 ok 1312193850 qp 30973)
Aug 1 12:43:49 server postfix/smtp[7460]: C7DE5642EB1: to=, relay=mail1.websupport.sk[195.210.29.55]:25, delay=2.8, delays=0.43/0.13/0.02/2.3, dsn=2.0.0, status=sent (250 2.0.0 Ok: queued as 317528061CC6)
Aug 1 12:43:49 server postfix/smtp[7445]: CA48F642EB2: to=, relay=mail1.websupport.sk[195.210.29.55]:25, delay=2.8, delays=0.39/0.11/0.03/2.3, dsn=2.0.0, status=sent (250 2.0.0 Ok: queued as 2A6288062E37)
Aug 1 12:43:49 server postfix/smtp[7470]: C7DE5642EB1: to=, relay=triton.domains.sk[82.208.46.80]:25, delay=2.9, delays=0.43/0.17/0.14/2.1, dsn=2.0.0, status=sent (250 ok 1312193850 qp 30975)
Aug 1 12:43:49 server postfix/smtp[7440]: CA48F642EB2: to=, relay=mta-in.t-com.sk[213.81.152.19]:25, delay=2.9, delays=0.39/0.09/0.04/2.4, dsn=2.5.0, status=sent (250 2.5.0 Ok, envelope id 0LP800JLUV94FL10@mta-in1.stonline.sk)
Aug 1 12:43:49 server postfix/smtp[7435]: CA48F642EB2: to=, relay=mta-in.t-com.sk[213.81.152.19]:25, delay=3, delays=0.39/0.07/0.03/2.5, dsn=2.5.0, status=sent (250 2.5.0 Ok, envelope id 0LP800L7ZV94ZU10@mta-in1.stonline.sk)
Aug 1 12:43:49 server postfix/smtp[7454]: C7DE5642EB1: to=, relay=mta-in.t-com.sk[213.81.152.19]:25, delay=3.1, delays=0.43/0.11/0.02/2.5, dsn=2.5.0, status=sent (250 2.5.0 Ok, envelope id 0LP8000NWV947R00@mta-in1.stonline.sk)
Aug 1 12:43:49 server postfix/smtp[7449]: CA48F642EB2: to=, relay=mta-in.t-com.sk[213.81.152.19]:25, delay=3.1, delays=0.39/0.12/0.03/2.5, dsn=2.5.0, status=sent (250 2.5.0 Ok, envelope id 0LP800MP0V947110@mta-in2.stonline.sk)
Aug 1 12:43:49 server postfix/smtp[7455]: C7DE5642EB1: to=, relay=mta-in.t-com.sk[213.81.152.19]:25, delay=3.1, delays=0.43/0.12/0.02/2.5, dsn=2.5.0, status=sent (250 2.5.0 Ok, envelope id 0LP8000HQV94W600@mta-in1.stonline.sk)
Aug 1 12:43:49 server postfix/smtp[7458]: C7DE5642EB1: to=, relay=mail.gljs.sk[193.87.81.34]:25, delay=3.1, delays=0.43/0.13/0.11/2.5, dsn=2.0.0, status=sent (250 2.0.0 Ok: queued as 2A9228D414)
Aug 1 12:43:49 server postfix/smtp[7469]: C7DE5642EB1: to=, relay=relay.inmail24.com[217.198.113.91]:25, delay=3.2, delays=0.43/0.17/0.53/2, dsn=2.0.0, status=sent (250 2.0.0 Ok: queued as 1FD4110003143)
Aug 1 12:43:49 server postfix/smtp[7469]: C7DE5642EB1: to=, relay=relay.inmail24.com[217.198.113.91]:25, delay=3.2, delays=0.43/0.17/0.53/2, dsn=2.0.0, status=sent (250 2.0.0 Ok: queued as 1FD4110003143)
Aug 1 12:43:50 server postfix/smtp[7442]: CA48F642EB2: to=, relay=mta-in.t-com.sk[213.81.152.19]:25, delay=3.2, delays=0.39/0.1/0.04/2.7, dsn=2.5.0, status=sent (250 2.5.0 Ok, envelope id 0LP800H03V94WD20@mta-in1.stonline.sk)
Aug 1 12:43:50 server postfix/smtp[7442]: CA48F642EB2: to=, relay=mta-in.t-com.sk[213.81.152.19]:25, delay=3.2, delays=0.39/0.1/0.04/2.7, dsn=2.5.0, status=sent (250 2.5.0 Ok, envelope id 0LP800H03V94WD20@mta-in1.stonline.sk)
Aug 1 12:43:50 server postfix/smtp[7442]: CA48F642EB2: to=, relay=mta-in.t-com.sk[213.81.152.19]:25, delay=3.2, delays=0.39/0.1/0.04/2.7, dsn=2.5.0, status=sent (250 2.5.0 Ok, envelope id 0LP800H03V94WD20@mta-in1.stonline.sk)
Aug 1 12:43:50 server postfix/smtp[7442]: CA48F642EB2: to=, relay=mta-in.t-com.sk[213.81.152.19]:25, delay=3.2, delays=0.39/0.1/0.04/2.7, dsn=2.5.0, status=sent (250 2.5.0 Ok, envelope id 0LP800H03V94WD20@mta-in1.stonline.sk)
Aug 1 12:43:50 server postfix/smtp[7442]: CA48F642EB2: to=, relay=mta-in.t-com.sk[213.81.152.19]:25, delay=3.2, delays=0.39/0.1/0.04/2.7, dsn=2.5.0, status=sent (250 2.5.0 Ok, envelope id 0LP800H03V94WD20@mta-in1.stonline.sk)
Aug 1 12:43:50 server postfix/smtp[7466]: C7DE5642EB1: to=, relay=mta-in.t-com.sk[213.81.152.19]:25, delay=3.3, delays=0.43/0.16/0.05/2.7, dsn=2.5.0, status=sent (250 2.5.0 Ok, envelope id 0LP80017IV94XU10@mta-in2.stonline.sk)
Aug 1 12:43:50 server postfix/smtp[7475]: C7DE5642EB1: to=, relay=mailhub.nextra.sk[195.168.1.43]:25, delay=3.3, delays=0.43/0.19/0.41/2.3, dsn=2.0.0, status=sent (250 Ok. 000000004E367D38.00007FED)
Aug 1 12:43:50 server postfix/smtp[7475]: C7DE5642EB1: to=, relay=mailhub.nextra.sk[195.168.1.43]:25, delay=3.3, delays=0.43/0.19/0.41/2.3, dsn=2.0.0, status=sent (250 Ok. 000000004E367D38.00007FED)
Aug 1 12:43:50 server postfix/smtp[7468]: C7DE5642EB1: to=, relay=mta-in.t-com.sk[213.81.152.19]:25, delay=3.4, delays=0.43/0.16/0.07/2.7, dsn=2.5.0, status=sent (250 2.5.0 Ok, envelope id 0LP800KXXV94GY10@mta-in2.stonline.sk)
Aug 1 12:43:50 server postfix/smtp[7476]: 01CB6642EB3: to=, relay=mta-in.t-com.sk[213.81.152.19]:25, delay=3.2, delays=0.43/0.01/0.09/2.7, dsn=2.5.0, status=sent (250 2.5.0 Ok, envelope id 0LP800KAKV94DZ20@mta-in2.stonline.sk)
Aug 1 12:43:50 server postfix/smtp[7461]: C7DE5642EB1: to=, relay=mta-in.t-com.sk[213.81.152.19]:25, delay=3.4, delays=0.43/0.14/0.02/2.8, dsn=2.5.0, status=sent (250 2.5.0 Ok, envelope id 0LP800KNNV94EQ20@mta-in2.stonline.sk)
Aug 1 12:43:50 server postfix/smtp[7474]: C7DE5642EB1: to=, relay=mta-in.t-com.sk[213.81.152.19]:25, delay=3.4, delays=0.43/0.18/0.08/2.7, dsn=2.5.0, status=sent (250 2.5.0 Ok, envelope id 0LP800K6VV94H020@mta-in2.stonline.sk)
Aug 1 12:43:50 server postfix/smtp[7448]: CA48F642EB2: to=, relay=mailcheck.dynamit.sk[92.240.241.71]:25, delay=3.4, delays=0.39/0.12/0.06/2.9, dsn=2.0.0, status=sent (250 2.0.0 Ok: queued as 410F27CC41)
Aug 1 12:43:50 server postfix/smtp[7358]: 01CB6642EB3: to=, relay=mta-in.t-com.sk[213.81.152.19]:25, delay=3.3, delays=0.43/0/0.09/2.7, dsn=2.5.0, status=sent (250 2.5.0 Ok, envelope id 0LP800KVIV94DM10@mta-in2.stonline.sk)
Aug 1 12:43:50 server postfix/smtp[7418]: 01CB6642EB3: to=, relay=mta-in.t-com.sk[213.81.152.19]:25, delay=3.3, delays=0.43/0/0.09/2.7, dsn=2.5.0, status=sent (250 2.5.0 Ok, envelope id 0LP800L3RV94Z210@mta-in1.stonline.sk)
Aug 1 12:43:50 server postfix/qmgr[2001]: 01CB6642EB3: removed
Aug 1 12:43:50 server postfix/smtp[7480]: C7DE5642EB1: to=, relay=mta-in.t-com.sk[213.81.152.19]:25, delay=3.5, delays=0.43/0.21/0.11/2.7, dsn=2.5.0, status=sent (250 2.5.0 Ok, envelope id 0LP80011NV94Z110@mta-in2.stonline.sk)
Aug 1 12:43:50 server postfix/smtp[7479]: C7DE5642EB1: to=, relay=mta-in.t-com.sk[213.81.152.19]:25, delay=3.5, delays=0.43/0.2/0.1/2.7, dsn=2.5.0, status=sent (250 2.5.0 Ok, envelope id 0LP800KQ1V94KX10@mta-in1.stonline.sk)
Aug 1 12:43:50 server postfix/smtp[7479]: C7DE5642EB1: to=, relay=mta-in.t-com.sk[213.81.152.19]:25, delay=3.5, delays=0.43/0.2/0.1/2.7, dsn=2.5.0, status=sent (250 2.5.0 Ok, envelope id 0LP800KQ1V94KX10@mta-in1.stonline.sk)
Aug 1 12:43:50 server postfix/smtp[7444]: CA48F642EB2: to=, relay=mail.spsstav.edu.sk[193.87.106.66]:25, delay=3.5, delays=0.39/0.1/0.33/2.6, dsn=2.0.0, status=sent (250 OK)
Aug 1 12:43:50 server postfix/smtp[7437]: CA48F642EB2: to=, relay=mailer.gratex.sk[195.98.128.20]:25, delay=3.5, delays=0.39/0.08/0.1/2.9, dsn=2.0.0, status=sent (250 2.0.0 Ok: queued as 9C54B12000144)
Aug 1 12:43:50 server postfix/smtp[7429]: CA48F642EB2: to=, relay=gemini.domains.sk[82.208.46.55]:25, delay=3.5, delays=0.39/0.05/0.06/3, dsn=2.0.0, status=sent (250 ok 1312193851 qp 29539)
Aug 1 12:43:50 server postfix/smtp[7450]: C7DE5642EB1: to=, relay=andromeda.domains.sk[82.208.46.61]:25, delay=3.5, delays=0.43/0.1/0.43/2.6, dsn=2.0.0, status=sent (250 ok 1312193851 qp 12827)
Aug 1 12:43:50 server postfix/smtp[7462]: C7DE5642EB1: to=, relay=mta-in.t-com.sk[213.81.152.19]:25, delay=3.7, delays=0.43/0.14/0.03/3.1, dsn=2.5.0, status=sent (250 2.5.0 Ok, envelope id 0LP800JRRV942Y10@mta-in1.stonline.sk)
Aug 1 12:43:50 server postfix/smtp[7432]: CA48F642EB2: to=, relay=mail.soujesnz.sk[213.81.187.21]:25, delay=3.7, delays=0.39/0.06/0.12/3.1, dsn=2.0.0, status=sent (250 2.0.0 Ok: queued as 581396276F0D8)
Aug 1 12:43:50 server postfix/smtp[7467]: C7DE5642EB1: to=, relay=mta-in.t-com.sk[213.81.152.19]:25, delay=3.7, delays=0.43/0.16/0.06/3, dsn=2.5.0, status=sent (250 2.5.0 Ok, envelope id 0LP800JSCV944S10@mta-in1.stonline.sk)
Aug 1 12:43:50 server postfix/smtp[7465]: C7DE5642EB1: to=, relay=mail.gymsahy.sk[213.81.186.61]:25, delay=3.8, delays=0.43/0.15/0.13/3.1, dsn=2.6.0, status=sent (250 2.6.0 <05bf01cc5034$35f40dd0$a1dc2970$@moravcik@ksunitra.sk> Queued mail for delivery)
Aug 1 12:43:50 server postfix/smtp[7446]: CA48F642EB2: to=, relay=mta-in.t-com.sk[213.81.152.19]:25, delay=3.9, delays=0.39/0.11/0.05/3.4, dsn=2.5.0, status=sent (250 2.5.0 Ok, envelope id 0LP800K7XV94DP20@mta-in2.stonline.sk)
Aug 1 12:43:50 server postfix/smtp[7446]: CA48F642EB2: to=, relay=mta-in.t-com.sk[213.81.152.19]:25, delay=3.9, delays=0.39/0.11/0.05/3.4, dsn=2.5.0, status=sent (250 2.5.0 Ok, envelope id 0LP800K7XV94DP20@mta-in2.stonline.sk)
Aug 1 12:43:50 server postfix/smtp[7446]: CA48F642EB2: to=, relay=mta-in.t-com.sk[213.81.152.19]:25, delay=3.9, delays=0.39/0.11/0.05/3.4, dsn=2.5.0, status=sent (250 2.5.0 Ok, envelope id 0LP800K7XV94DP20@mta-in2.stonline.sk)
Aug 1 12:43:50 server postfix/smtp[7446]: CA48F642EB2: to=, relay=mta-in.t-com.sk[213.81.152.19]:25, delay=3.9, delays=0.39/0.11/0.05/3.4, dsn=2.5.0, status=sent (250 2.5.0 Ok, envelope id 0LP800K7XV94DP20@mta-in2.stonline.sk)
Aug 1 12:43:50 server postfix/smtp[7446]: CA48F642EB2: to=, relay=mta-in.t-com.sk[213.81.152.19]:25, delay=3.9, delays=0.39/0.11/0.05/3.4, dsn=2.5.0, status=sent (250 2.5.0 Ok, envelope id 0LP800K7XV94DP20@mta-in2.stonline.sk)
Aug 1 12:43:50 server postfix/smtp[7446]: CA48F642EB2: to=, relay=mta-in.t-com.sk[213.81.152.19]:25, delay=3.9, delays=0.39/0.11/0.05/3.4, dsn=2.5.0, status=sent (250 2.5.0 Ok, envelope id 0LP800K7XV94DP20@mta-in2.stonline.sk)
Aug 1 12:43:50 server postfix/smtp[7446]: CA48F642EB2: to=, relay=mta-in.t-com.sk[213.81.152.19]:25, delay=3.9, delays=0.39/0.11/0.05/3.4, dsn=2.5.0, status=sent (250 2.5.0 Ok, envelope id 0LP800K7XV94DP20@mta-in2.stonline.sk)
Aug 1 12:43:50 server postfix/smtp[7446]: CA48F642EB2: to=, relay=mta-in.t-com.sk[213.81.152.19]:25, delay=3.9, delays=0.39/0.11/0.05/3.4, dsn=2.5.0, status=sent (250 2.5.0 Ok, envelope id 0LP800K7XV94DP20@mta-in2.stonline.sk)
Aug 1 12:43:50 server postfix/smtp[7446]: CA48F642EB2: to=, relay=mta-in.t-com.sk[213.81.152.19]:25, delay=3.9, delays=0.39/0.11/0.05/3.4, dsn=2.5.0, status=sent (250 2.5.0 Ok, envelope id 0LP800K7XV94DP20@mta-in2.stonline.sk)
Aug 1 12:43:50 server postfix/smtp[7446]: CA48F642EB2: to=, relay=mta-in.t-com.sk[213.81.152.19]:25, delay=3.9, delays=0.39/0.11/0.05/3.4, dsn=2.5.0, status=sent (250 2.5.0 Ok, envelope id 0LP800K7XV94DP20@mta-in2.stonline.sk)
Aug 1 12:43:50 server postfix/smtp[7446]: CA48F642EB2: to=, relay=mta-in.t-com.sk[213.81.152.19]:25, delay=3.9, delays=0.39/0.11/0.05/3.4, dsn=2.5.0, status=sent (250 2.5.0 Ok, envelope id 0LP800K7XV94DP20@mta-in2.stonline.sk)
Aug 1 12:43:50 server postfix/smtp[7446]: CA48F642EB2: to=, relay=mta-in.t-com.sk[213.81.152.19]:25, delay=3.9, delays=0.39/0.11/0.05/3.4, dsn=2.5.0, status=sent (250 2.5.0 Ok, envelope id 0LP800K7XV94DP20@mta-in2.stonline.sk)
Aug 1 12:43:50 server postfix/smtp[7446]: CA48F642EB2: to=, relay=mta-in.t-com.sk[213.81.152.19]:25, delay=3.9, delays=0.39/0.11/0.05/3.4, dsn=2.5.0, status=sent (250 2.5.0 Ok, envelope id 0LP800K7XV94DP20@mta-in2.stonline.sk)
Aug 1 12:43:50 server postfix/smtp[7446]: CA48F642EB2: to=, relay=mta-in.t-com.sk[213.81.152.19]:25, delay=3.9, delays=0.39/0.11/0.05/3.4, dsn=2.5.0, status=sent (250 2.5.0 Ok, envelope id 0LP800K7XV94DP20@mta-in2.stonline.sk)
Aug 1 12:43:50 server postfix/smtp[7446]: CA48F642EB2: to=, relay=mta-in.t-com.sk[213.81.152.19]:25, delay=3.9, delays=0.39/0.11/0.05/3.4, dsn=2.5.0, status=sent (250 2.5.0 Ok, envelope id 0LP800K7XV94DP20@mta-in2.stonline.sk)
Aug 1 12:43:50 server postfix/smtp[7436]: CA48F642EB2: to=, relay=mail.sposnr.sk[213.81.187.8]:25, delay=4.1, delays=0.39/0.08/0.15/3.5, dsn=2.0.0, status=sent (250 Ok: queued as 4E3A11421FD7)
Aug 1 12:43:51 server postfix/smtp[7463]: C7DE5642EB1: to=, relay=mail.gymnz.sk[213.81.187.20]:25, delay=4.2, delays=0.43/0.15/0.29/3.3, dsn=2.0.0, status=sent (250 2.0.0 Ok: queued as 99D056AE709)
Aug 1 12:43:51 server postfix/smtp[7472]: C7DE5642EB1: to=, relay=mta-in.t-com.sk[213.81.152.19]:25, delay=4.3, delays=0.43/0.18/0.08/3.7, dsn=2.5.0, status=sent (250 2.5.0 Ok, envelope id 0LP800KB3V94N210@mta-in1.stonline.sk)
Aug 1 12:43:51 server postfix/smtp[7472]: C7DE5642EB1: to=, relay=mta-in.t-com.sk[213.81.152.19]:25, delay=4.3, delays=0.43/0.18/0.08/3.7, dsn=2.5.0, status=sent (250 2.5.0 Ok, envelope id 0LP800KB3V94N210@mta-in1.stonline.sk)
Aug 1 12:43:51 server postfix/smtp[7472]: C7DE5642EB1: to=, relay=mta-in.t-com.sk[213.81.152.19]:25, delay=4.3, delays=0.43/0.18/0.08/3.7, dsn=2.5.0, status=sent (250 2.5.0 Ok, envelope id 0LP800KB3V94N210@mta-in1.stonline.sk)
Aug 1 12:43:51 server postfix/smtp[7472]: C7DE5642EB1: to=, relay=mta-in.t-com.sk[213.81.152.19]:25, delay=4.3, delays=0.43/0.18/0.08/3.7, dsn=2.5.0, status=sent (250 2.5.0 Ok, envelope id 0LP800KB3V94N210@mta-in1.stonline.sk)
Aug 1 12:43:51 server postfix/smtp[7472]: C7DE5642EB1: to=, relay=mta-in.t-com.sk[213.81.152.19]:25, delay=4.3, delays=0.43/0.18/0.08/3.7, dsn=2.5.0, status=sent (250 2.5.0 Ok, envelope id 0LP800KB3V94N210@mta-in1.stonline.sk)
Aug 1 12:43:51 server postfix/smtp[7472]: C7DE5642EB1: to=, relay=mta-in.t-com.sk[213.81.152.19]:25, delay=4.3, delays=0.43/0.18/0.08/3.7, dsn=2.5.0, status=sent (250 2.5.0 Ok, envelope id 0LP800KB3V94N210@mta-in1.stonline.sk)
Aug 1 12:43:51 server postfix/smtp[7472]: C7DE5642EB1: to=, relay=mta-in.t-com.sk[213.81.152.19]:25, delay=4.3, delays=0.43/0.18/0.08/3.7, dsn=2.5.0, status=sent (250 2.5.0 Ok, envelope id 0LP800KB3V94N210@mta-in1.stonline.sk)
Aug 1 12:43:51 server postfix/smtp[7472]: C7DE5642EB1: to=, relay=mta-in.t-com.sk[213.81.152.19]:25, delay=4.3, delays=0.43/0.18/0.08/3.7, dsn=2.5.0, status=sent (250 2.5.0 Ok, envelope id 0LP800KB3V94N210@mta-in1.stonline.sk)
Aug 1 12:43:51 server postfix/smtp[7472]: C7DE5642EB1: to=, relay=mta-in.t-com.sk[213.81.152.19]:25, delay=4.3, delays=0.43/0.18/0.08/3.7, dsn=2.5.0, status=sent (250 2.5.0 Ok, envelope id 0LP800KB3V94N210@mta-in1.stonline.sk)
Aug 1 12:43:51 server postfix/smtpd[7132]: connect from mail.gymsahy.sk[213.81.186.61]
Aug 1 12:43:51 server postfix/smtpd[7132]: 49155642E88: client=mail.gymsahy.sk[213.81.186.61]
Aug 1 12:43:51 server postfix/smtpd[7481]: connect from idc-static-144.213-81-152.telecom.sk[213.81.152.144]
Aug 1 12:43:51 server postfix/smtpd[7481]: 5A330642EB3: client=idc-static-144.213-81-152.telecom.sk[213.81.152.144]
Aug 1 12:43:51 server postfix/cleanup[7420]: 5A330642EB3: message-id=<0LP800258V97IV00@mta-in1.stonline.sk>
Aug 1 12:43:51 server postfix/smtp[7441]: CA48F642EB2: to=, relay=aspmx.l.google.com[74.125.39.27]:25, delay=4.5, delays=0.39/0.09/0.11/4, dsn=2.0.0, status=sent (250 2.0.0 OK 1312193852 d7si5012981faa.77)
Aug 1 12:43:51 server postfix/cleanup[6791]: 49155642E88: message-id=
Aug 1 12:43:51 server dovecot: pop3-login: Login: user=, method=PLAIN, rip=194.160.31.61, lip=193.87.99.30
Aug 1 12:43:51 server postfix/smtp[7438]: CA48F642EB2: to=, relay=mail.spsenz.sk[195.168.92.246]:25, delay=4.8, delays=0.39/0.08/0.19/4.1, dsn=2.0.0, status=sent (250 2.0.0 Ok: queued as 288239104D7)
Aug 1 12:43:51 server postfix/qmgr[2001]: 5A330642EB3: from=<>, size=715046, nrcpt=1 (queue active)
Aug 1 12:43:51 server postfix/smtpd[7359]: connect from localhost[127.0.0.1]
Aug 1 12:43:51 server postfix/smtpd[7359]: 9B97F642EB4: client=localhost[127.0.0.1]
Aug 1 12:43:51 server postfix/smtpd[7481]: disconnect from idc-static-144.213-81-152.telecom.sk[213.81.152.144]
Aug 1 12:43:51 server postfix/cleanup[7422]: 9B97F642EB4: message-id=<0LP800258V97IV00@mta-in1.stonline.sk>
Aug 1 12:43:51 server postfix/qmgr[2001]: 9B97F642EB4: from=<>, size=715671, nrcpt=1 (queue active)
Aug 1 12:43:51 server postfix/smtp[7439]: 5A330642EB3: to=, relay=127.0.0.1[127.0.0.1]:2526, delay=0.58, delays=0.27/0/0/0.31, dsn=2.0.0, status=sent (250 2.0.0 Ok: queued as 9B97F642EB4)
Aug 1 12:43:51 server postfix/qmgr[2001]: 5A330642EB3: removed
Aug 1 12:43:51 server postfix/smtpd[7359]: disconnect from localhost[127.0.0.1]
Aug 1 12:43:52 server postfix/local[7393]: 9B97F642EB4: to=, orig_to=, relay=local, delay=0.4, delays=0.31/0/0/0.09, dsn=2.0.0, status=sent (delivered to maildir)
Aug 1 12:43:52 server postfix/qmgr[2001]: 9B97F642EB4: removed
Aug 1 12:43:52 server postfix/smtp[7386]: CA48F642EB2: to=, relay=mx.centrum.cz[90.183.38.55]:25, delay=5.2, delays=0.39/0.03/4.3/0.48, dsn=2.0.0, status=sent (250 ok: Message 173779660 accepted)
Aug 1 12:43:52 server postfix/smtp[7386]: CA48F642EB2: to=, relay=mx.centrum.cz[90.183.38.55]:25, delay=5.2, delays=0.39/0.03/4.3/0.48, dsn=2.0.0, status=sent (250 ok: Message 173779660 accepted)
Aug 1 12:43:52 server dovecot: POP3(moravcik): Disconnected: Logged out top=0/0, retr=1/2351, del=1/1, size=2334
Aug 1 12:43:52 server postfix/smtp[7457]: C7DE5642EB1: to=, relay=in2.indatex.sk[93.184.69.44]:25, delay=5.6, delays=0.43/0.12/0.07/5, dsn=2.0.0, status=sent (250 2.0.0 Ok: queued as ADA8B43C003)
Aug 1 12:43:52 server dovecot: pop3-login: Login: user=, method=PLAIN, rip=194.160.31.61, lip=193.87.99.30
Aug 1 12:43:52 server postfix/smtp[7459]: C7DE5642EB1: to=, relay=gmail-smtp-in.l.google.com[74.125.39.27]:25, delay=5.8, delays=0.43/0.13/0.51/4.7, dsn=2.0.0, status=sent (250 2.0.0 OK 1312193853 j8si5011719faa.110)
Aug 1 12:43:52 server postfix/smtpd[7481]: connect from gmmr5.centrum.cz[90.183.38.152]
Aug 1 12:43:52 server postfix/smtp[7459]: C7DE5642EB1: to=, relay=gmail-smtp-in.l.google.com[74.125.39.27]:25, delay=5.8, delays=0.43/0.13/0.51/4.7, dsn=2.0.0, status=sent (250 2.0.0 OK 1312193853 j8si5011719faa.110)
Aug 1 12:43:52 server postfix/smtp[7459]: C7DE5642EB1: to=, relay=gmail-smtp-in.l.google.com[74.125.39.27]:25, delay=5.8, delays=0.43/0.13/0.51/4.7, dsn=2.0.0, status=sent (250 2.0.0 OK 1312193853 j8si5011719faa.110)
Aug 1 12:43:52 server postfix/smtp[7459]: C7DE5642EB1: to=, relay=gmail-smtp-in.l.google.com[74.125.39.27]:25, delay=5.8, delays=0.43/0.13/0.51/4.7, dsn=2.0.0, status=sent (250 2.0.0 OK 1312193853 j8si5011719faa.110)
Aug 1 12:43:52 server postfix/smtp[7459]: C7DE5642EB1: to=, relay=gmail-smtp-in.l.google.com[74.125.39.27]:25, delay=5.8, delays=0.43/0.13/0.51/4.7, dsn=2.0.0, status=sent (250 2.0.0 OK 1312193853 j8si5011719faa.110)
Aug 1 12:43:52 server postfix/smtp[7459]: C7DE5642EB1: to=, relay=gmail-smtp-in.l.google.com[74.125.39.27]:25, delay=5.8, delays=0.43/0.13/0.51/4.7, dsn=2.0.0, status=sent (250 2.0.0 OK 1312193853 j8si5011719faa.110)
Aug 1 12:43:52 server postfix/smtpd[7481]: CD4F2642EB3: client=gmmr5.centrum.cz[90.183.38.152]
Aug 1 12:43:52 server postfix/cleanup[7420]: CD4F2642EB3: message-id=<20110801101733.8390E8022ECC@gmmr5.centrum.cz>
Aug 1 12:43:53 server postfix/qmgr[2001]: CD4F2642EB3: from=<>, size=2004, nrcpt=1 (queue active)
Aug 1 12:43:53 server postfix/smtpd[7481]: disconnect from gmmr5.centrum.cz[90.183.38.152]
Aug 1 12:43:53 server postfix/smtpd[7419]: connect from localhost[127.0.0.1]
Aug 1 12:43:53 server postfix/smtpd[7419]: 0C4CE642EB4: client=localhost[127.0.0.1]
Aug 1 12:43:53 server postfix/cleanup[7422]: 0C4CE642EB4: message-id=<20110801101733.8390E8022ECC@gmmr5.centrum.cz>
Aug 1 12:43:53 server postfix/smtp[7452]: C7DE5642EB1: to=, relay=xmx3.centrum.cz[90.183.38.55]:25, delay=6.4, delays=0.43/0.1/5.4/0.53, dsn=2.0.0, status=sent (250 ok: Message 172387434 accepted)
Aug 1 12:43:53 server postfix/qmgr[2001]: 0C4CE642EB4: from=<>, size=2630, nrcpt=1 (queue active)
Aug 1 12:43:53 server postfix/smtpd[7419]: disconnect from localhost[127.0.0.1]
Aug 1 12:43:53 server postfix/smtp[7424]: CD4F2642EB3: to=, relay=127.0.0.1[127.0.0.1]:2526, delay=0.5, delays=0.29/0/0/0.21, dsn=2.0.0, status=sent (250 2.0.0 Ok: queued as 0C4CE642EB4)
Aug 1 12:43:53 server postfix/qmgr[2001]: CD4F2642EB3: removed
Aug 1 12:43:53 server postfix/smtp[7453]: C7DE5642EB1: to=, relay=gmsk-mx1.centrum.cz[90.183.38.55]:25, delay=6.4, delays=0.43/0.11/5/0.87, dsn=2.0.0, status=sent (250 ok: Message 172608057 accepted)
Aug 1 12:43:53 server postfix/smtp[7453]: C7DE5642EB1: to=, relay=gmsk-mx1.centrum.cz[90.183.38.55]:25, delay=6.4, delays=0.43/0.11/5/0.87, dsn=2.0.0, status=sent (250 ok: Message 172608057 accepted)
Aug 1 12:43:53 server postfix/smtp[7453]: C7DE5642EB1: to=, relay=gmsk-mx1.centrum.cz[90.183.38.55]:25, delay=6.4, delays=0.43/0.11/5/0.87, dsn=2.0.0, status=sent (250 ok: Message 172608057 accepted)
Aug 1 12:43:53 server postfix/smtp[7456]: C7DE5642EB1: to=, relay=mail.gav.sk[109.74.159.2]:25, delay=6.5, delays=0.43/0.12/3.1/2.9, dsn=2.0.0, status=sent (250 ok 1312193854 qp 3898)
Aug 1 12:43:53 server postfix/local[7394]: 0C4CE642EB4: to=, orig_to=, relay=local, delay=0.32, delays=0.21/0/0/0.11, dsn=2.0.0, status=sent (delivered to maildir)
Aug 1 12:43:53 server postfix/qmgr[2001]: 0C4CE642EB4: removed
Aug 1 12:43:53 server postfix/smtp[7471]: C7DE5642EB1: to=, relay=email.kredit.sk[109.74.159.2]:25, delay=6.8, delays=0.43/0.17/3.1/3.1, dsn=2.0.0, status=sent (250 ok 1312193854 qp 3899)
Aug 1 12:43:56 server dovecot: imap-login: Login: user=, method=PLAIN, rip=194.160.31.12, lip=193.87.99.30
Aug 1 12:43:56 server dovecot: IMAP(hrdlovic): Disconnected: Logged out bytes=46/726
Aug 1 12:43:58 server postfix/smtp[7447]: CA48F642EB2: to=, relay=mx3.zoznam.sk[213.81.185.95]:25, delay=12, delays=0.39/0.11/11/0.18, dsn=2.0.0, status=sent (250 2.0.0 Ok: queued as 38F5DC410A)
Aug 1 12:43:58 server postfix/smtp[7447]: CA48F642EB2: to=, relay=mx3.zoznam.sk[213.81.185.95]:25, delay=12, delays=0.39/0.11/11/0.18, dsn=2.0.0, status=sent (250 2.0.0 Ok: queued as 38F5DC410A)
Aug 1 12:44:00 server dovecot: POP3(moravcik): Disconnected: Logged out top=0/0, retr=1/715795, del=1/1, size=715775
Aug 1 12:44:00 server dovecot: pop3-login: Login: user=, method=PLAIN, rip=194.160.31.61, lip=193.87.99.30
Aug 1 12:44:00 server postfix/cleanup[7385]: C5ECA642EB0: message-id=<201108011414.2E10C8BFE7F3BF26F8621D2@b208thxn32>
Aug 1 12:44:00 server postfix/qmgr[2001]: C5ECA642EB0: from=, size=1425, nrcpt=3 (queue active)
Aug 1 12:44:00 server postfix/smtpd[7421]: connect from localhost[127.0.0.1]
Aug 1 12:44:00 server postfix/smtpd[7421]: B04EC642EB3: client=localhost[127.0.0.1]
Aug 1 12:44:00 server postfix/cleanup[7420]: B04EC642EB3: message-id=<201108011414.2E10C8BFE7F3BF26F8621D2@b208thxn32>
Aug 1 12:44:00 server postfix/smtpd[7421]: disconnect from localhost[127.0.0.1]
Aug 1 12:44:00 server postfix/qmgr[2001]: B04EC642EB3: from=, size=2026, nrcpt=3 (queue active)
Aug 1 12:44:00 server postfix/smtp[7428]: C5ECA642EB0: to=, relay=127.0.0.1[127.0.0.1]:2526, delay=26, delays=26/0/0/0.19, dsn=2.0.0, status=sent (250 2.0.0 Ok: queued as B04EC642EB3)
Aug 1 12:44:00 server postfix/smtp[7428]: C5ECA642EB0: to=, relay=127.0.0.1[127.0.0.1]:2526, delay=26, delays=26/0/0/0.19, dsn=2.0.0, status=sent (250 2.0.0 Ok: queued as B04EC642EB3)
Aug 1 12:44:00 server postfix/smtp[7428]: C5ECA642EB0: to=, relay=127.0.0.1[127.0.0.1]:2526, delay=26, delays=26/0/0/0.19, dsn=2.0.0, status=sent (250 2.0.0 Ok: queued as B04EC642EB3)
Aug 1 12:44:00 server postfix/qmgr[2001]: C5ECA642EB0: removed
Aug 1 12:44:01 server postfix/local[7360]: B04EC642EB3: to=, orig_to=, relay=local, delay=0.33, delays=0.19/0/0/0.14, dsn=2.0.0, status=sent (delivered to maildir)
Aug 1 12:44:01 server postfix/local[7391]: B04EC642EB3: to=, relay=local, delay=0.33, delays=0.19/0/0/0.14, dsn=2.0.0, status=sent (delivered to maildir)
Aug 1 12:44:01 server postfix/local[7397]: B04EC642EB3: to=, relay=local, delay=0.34, delays=0.19/0/0/0.15, dsn=2.0.0, status=sent (delivered to maildir)
Aug 1 12:44:01 server postfix/qmgr[2001]: B04EC642EB3: removed
Aug 1 12:44:01 server dovecot: POP3(moravcik): Disconnected: Logged out top=0/0, retr=1/2751, del=1/1, size=2734
Aug 1 12:44:01 server postfix/smtpd[7384]: disconnect from unknown[46.70.151.17]
Aug 1 12:44:01 server dovecot: pop3-login: Login: user=, method=PLAIN, rip=194.160.31.61, lip=193.87.99.30
Aug 1 12:44:01 server dovecot: POP3(moravcik): Disconnected: Logged out top=0/0, retr=0/0, del=0/0, size=0
Aug 1 12:44:02 server dovecot: pop3-login: Login: user=, method=PLAIN, rip=194.160.31.61, lip=193.87.99.30
Aug 1 12:44:02 server dovecot: POP3(moravcik): Disconnected: Logged out top=0/0, retr=0/0, del=0/0, size=0
Aug 1 12:44:02 server dovecot: pop3-login: Login: user=, method=PLAIN, rip=194.160.31.61, lip=193.87.99.30
Aug 1 12:44:02 server dovecot: POP3(moravcik): Disconnected: Logged out top=0/0, retr=0/0, del=0/0, size=0
Aug 1 12:44:04 server postfix/qmgr[2001]: 49155642E88: from=<>, size=714625, nrcpt=1 (queue active)
Aug 1 12:44:04 server postfix/smtpd[7359]: connect from localhost[127.0.0.1]
Aug 1 12:44:04 server postfix/smtpd[7359]: 3A2CB642EB0: client=localhost[127.0.0.1]
Aug 1 12:44:04 server postfix/smtpd[7132]: disconnect from mail.gymsahy.sk[213.81.186.61]
Aug 1 12:44:04 server postfix/cleanup[7422]: 3A2CB642EB0: message-id=
Aug 1 12:44:04 server postfix/qmgr[2001]: 3A2CB642EB0: from=<>, size=715251, nrcpt=1 (queue active)
Aug 1 12:44:04 server postfix/smtp[7431]: 49155642E88: to=, relay=127.0.0.1[127.0.0.1]:2526, delay=13, delays=13/0/0/0.39, dsn=2.0.0, status=sent (250 2.0.0 Ok: queued as 3A2CB642EB0)
Aug 1 12:44:04 server postfix/qmgr[2001]: 49155642E88: removed
Aug 1 12:44:04 server postfix/smtpd[7359]: disconnect from localhost[127.0.0.1]
Aug 1 12:44:04 server postfix/local[7399]: 3A2CB642EB0: to=, orig_to=, relay=local, delay=0.49, delays=0.39/0/0/0.1, dsn=2.0.0, status=sent (delivered to maildir)
Aug 1 12:44:04 server postfix/qmgr[2001]: 3A2CB642EB0: removed
Aug 1 12:44:05 server postfix/smtp[7443]: CA48F642EB2: to=, relay=mail.spssnr.sk[193.87.72.101]:25, delay=18, delays=0.39/0.1/0.03/18, dsn=2.0.0, status=sent (250 2.0.0 Ok: queued as C3FC7882F6F)
Aug 1 12:44:05 server postfix/qmgr[2001]: CA48F642EB2: removed
Aug 1 12:44:17 server dovecot: pop3-login: Login: user=, method=PLAIN, rip=194.160.31.61, lip=193.87.99.30
Aug 1 12:44:21 server dovecot: imap-login: Login: user=, method=PLAIN, rip=194.160.31.24, lip=193.87.99.30
Aug 1 12:44:21 server dovecot: IMAP(mlada): Disconnected: Logged out bytes=46/693
Aug 1 12:44:23 server postfix/smtp[7477]: C7DE5642EB1: to=, relay=mailnew.uniag.sk[193.87.99.172]:25, delay=36, delays=0.43/0.2/35/0.48, dsn=2.0.0, status=sent (250 2.0.0 p7192CL8029353 Message accepted for delivery)
Aug 1 12:44:23 server dovecot: POP3(moravcik): Disconnected: Logged out top=0/0, retr=1/715375, del=1/1, size=715355
Aug 1 12:44:24 server dovecot: pop3-login: Login: user=, method=PLAIN, rip=194.160.31.61, lip=193.87.99.30
Aug 1 12:44:24 server postfix/smtpd[7481]: warning: 194.160.31.72: hostname pc72.ksunitra.sk verification failed: Name or service not known
Aug 1 12:44:24 server postfix/smtpd[7481]: connect from unknown[194.160.31.72]
Aug 1 12:44:24 server postfix/smtpd[7481]: 43AA5642E88: client=unknown[194.160.31.72]
Aug 1 12:44:24 server postfix/cleanup[7385]: 43AA5642E88: message-id=<31151DD26B1740C09DCA367C0046D1AC@hrncarovapc>
Aug 1 12:44:24 server dovecot: POP3(moravcik): Disconnected: Logged out top=0/0, retr=0/0, del=0/0, size=0
Aug 1 12:44:24 server dovecot: pop3-login: Login: user=, method=PLAIN, rip=194.160.31.61, lip=193.87.99.30
Aug 1 12:44:24 server postfix/qmgr[2001]: 43AA5642E88: from=, size=478671, nrcpt=1 (queue active)
Aug 1 12:44:24 server postfix/smtpd[7481]: disconnect from unknown[194.160.31.72]
Aug 1 12:44:24 server postfix/smtpd[7419]: connect from localhost[127.0.0.1]
Aug 1 12:44:24 server postfix/smtpd[7419]: A1F37642EB0: client=localhost[127.0.0.1]
Aug 1 12:44:24 server dovecot: imap-login: Login: user=, method=PLAIN, rip=194.160.31.61, lip=193.87.99.30
Aug 1 12:44:24 server dovecot: POP3(moravcik): Disconnected: Logged out top=0/0, retr=0/0, del=0/0, size=0
Aug 1 12:44:24 server dovecot: IMAP(moravcik): Disconnected: Logged out bytes=46/693
Aug 1 12:44:24 server dovecot: pop3-login: Login: user=, method=PLAIN, rip=194.160.31.61, lip=193.87.99.30
Aug 1 12:44:25 server dovecot: POP3(moravcik): Disconnected: Logged out top=0/0, retr=0/0, del=0/0, size=0
Aug 1 12:44:25 server postfix/cleanup[7420]: A1F37642EB0: message-id=<31151DD26B1740C09DCA367C0046D1AC@hrncarovapc>
Aug 1 12:44:25 server dovecot: pop3-login: Login: user=, method=PLAIN, rip=194.160.31.61, lip=193.87.99.30
Aug 1 12:44:25 server postfix/qmgr[2001]: A1F37642EB0: from=, size=479552, nrcpt=1 (queue active)
Aug 1 12:44:25 server postfix/smtp[7473]: 43AA5642E88: to=, relay=127.0.0.1[127.0.0.1]:2526, delay=1.1, delays=0.39/0/0/0.74, dsn=2.0.0, status=sent (250 2.0.0 Ok: queued as A1F37642EB0)
Aug 1 12:44:25 server postfix/smtpd[7419]: disconnect from localhost[127.0.0.1]
Aug 1 12:44:25 server postfix/qmgr[2001]: 43AA5642E88: removed
Aug 1 12:44:25 server dovecot: POP3(moravcik): Disconnected: Logged out top=0/0, retr=0/0, del=0/0, size=0
Aug 1 12:44:25 server dovecot: pop3-login: Login: user=, method=PLAIN, rip=194.160.31.61, lip=193.87.99.30
Aug 1 12:44:25 server postfix/smtp[7461]: A1F37642EB0: host mail.slovenska.sk[217.67.22.50] said: 451 4.7.1 Please try again later (in reply to RCPT TO command)
Aug 1 12:44:25 server dovecot: POP3(moravcik): Disconnected: Logged out top=0/0, retr=0/0, del=0/0, size=0
Aug 1 12:44:26 server postfix/smtp[7461]: A1F37642EB0: to=, relay=mail-relay.slovenska.sk[212.5.219.72]:25, delay=1.4, delays=0.74/0/0.51/0.13, dsn=4.7.1, status=deferred (host mail-relay.slovenska.sk[212.5.219.72] said: 451 4.7.1 Please try again later (in reply to RCPT TO command))
Aug 1 12:44:30 server dovecot: imap-login: Login: user=, method=PLAIN, rip=194.160.31.96, lip=193.87.99.30
Aug 1 12:44:30 server dovecot: IMAP(porubska): Disconnected: Logged out bytes=46/725
Aug 1 12:44:42 server postfix/smtp[7478]: C7DE5642EB1: lost connection with mail.oalevice.edu.sk[213.81.187.177] while receiving the initial server greeting
Aug 1 12:44:43 server postfix/smtpd[7384]: warning: 194.160.31.96: hostname pc96.ksunitra.sk verification failed: Name or service not known
Aug 1 12:44:43 server postfix/smtpd[7384]: connect from unknown[194.160.31.96]
Aug 1 12:44:43 server postfix/smtpd[7384]: 3E85E642EB2: client=unknown[194.160.31.96]
Aug 1 12:44:43 server postfix/smtp[7478]: C7DE5642EB1: to=, relay=etrn.t-com.sk[213.81.152.20]:25, delay=56, delays=0.43/0.2/55/0.69, dsn=2.5.0, status=sent (250 2.5.0 Ok, envelope id 0LP8002BHVANNPA0@etrn.t-com.sk)
Aug 1 12:44:43 server postfix/qmgr[2001]: C7DE5642EB1: removed
Aug 1 12:44:57 server dovecot: imap-login: Login: user=, method=PLAIN, rip=194.160.31.12, lip=193.87.99.30
Aug 1 12:44:57 server dovecot: IMAP(hrdlovic): Disconnected: Logged out bytes=46/726
Aug 1 12:44:58 server dovecot: pop3-login: Login: user=, method=PLAIN, rip=194.160.31.26, lip=193.87.99.30, TLS
Aug 1 12:44:59 server dovecot: POP3(bartova): Disconnected: Logged out top=0/0, retr=2/4696, del=2/2, size=4662
Aug 1 12:45:21 server dovecot: imap-login: Login: user=, method=PLAIN, rip=194.160.31.24, lip=193.87.99.30
Aug 1 12:45:21 server dovecot: IMAP(mlada): Disconnected: Logged out bytes=46/693
Aug 1 12:45:25 server dovecot: imap-login: Login: user=, method=PLAIN, rip=194.160.31.61, lip=193.87.99.30
Aug 1 12:45:25 server dovecot: IMAP(moravcik): Disconnected: Logged out bytes=46/693
Aug 1 12:45:30 server dovecot: imap-login: Login: user=, method=PLAIN, rip=194.160.31.96, lip=193.87.99.30
Aug 1 12:45:30 server dovecot: IMAP(porubska): Disconnected: Logged out bytes=46/725
Aug 1 12:45:32 server dovecot: pop3-login: Login: user=, method=PLAIN, rip=194.160.31.43, lip=193.87.99.30, TLS
Aug 1 12:45:33 server dovecot: POP3(novakova): Disconnected: Logged out top=0/0, retr=0/0, del=0/0, size=0
Aug 1 12:45:57 server dovecot: imap-login: Login: user=, method=PLAIN, rip=194.160.31.12, lip=193.87.99.30
Aug 1 12:45:57 server dovecot: IMAP(hrdlovic): Disconnected: Logged out bytes=46/726
Aug 1 12:46:21 server dovecot: imap-login: Login: user=, method=PLAIN, rip=194.160.31.24, lip=193.87.99.30
Aug 1 12:46:21 server dovecot: IMAP(mlada): Disconnected: Logged out bytes=46/693
Aug 1 12:46:25 server dovecot: imap-login: Login: user=, method=PLAIN, rip=194.160.31.61, lip=193.87.99.30
Aug 1 12:46:25 server dovecot: IMAP(moravcik): Disconnected: Logged out bytes=46/693
Aug 1 12:46:30 server dovecot: imap-login: Login: user=, method=PLAIN, rip=194.160.31.96, lip=193.87.99.30
Aug 1 12:46:30 server dovecot: IMAP(porubska): Disconnected: Logged out bytes=46/725
Aug 1 12:46:33 server postfix/smtpd[7551]: connect from 221.254.24.195.infosys.su[195.24.254.221]
Aug 1 12:46:38 server postfix/smtpd[7551]: NOQUEUE: reject: RCPT from 221.254.24.195.infosys.su[195.24.254.221]: 550 5.1.1 : Recipient address rejected: User unknown in local recipient table; from= to= proto=SMTP helo=
Aug 1 12:46:38 server postfix/smtpd[7551]: DA63E642EB1: client=221.254.24.195.infosys.su[195.24.254.221]
Aug 1 12:46:40 server postfix/cleanup[7553]: DA63E642EB1: message-id=<14v35b92z60-53367315-323f5z95@dqfkkmurpv>
Aug 1 12:46:40 server postfix/qmgr[2001]: DA63E642EB1: from=, size=1838, nrcpt=1 (queue active)
Aug 1 12:46:40 server postfix/smtpd[7555]: connect from localhost[127.0.0.1]
Aug 1 12:46:40 server postfix/smtpd[7555]: 37A55642EB3: client=localhost[127.0.0.1]
Aug 1 12:46:40 server postfix/cleanup[7553]: 37A55642EB3: message-id=<14v35b92z60-53367315-323f5z95@dqfkkmurpv>
Aug 1 12:46:40 server postfix/qmgr[2001]: 37A55642EB3: from=, size=2719, nrcpt=1 (queue active)
Aug 1 12:46:40 server postfix/smtp[7554]: DA63E642EB1: to=, relay=127.0.0.1[127.0.0.1]:2526, delay=2.8, delays=2.6/0/0/0.17, dsn=2.0.0, status=sent (250 2.0.0 Ok: queued as 37A55642EB3)
Aug 1 12:46:40 server postfix/smtpd[7555]: disconnect from localhost[127.0.0.1]
Aug 1 12:46:40 server postfix/qmgr[2001]: DA63E642EB1: removed
Aug 1 12:46:40 server postfix/local[7556]: 37A55642EB3: to=, relay=local, delay=0.29, delays=0.17/0/0/0.12, dsn=2.0.0, status=sent (delivered to maildir)
Aug 1 12:46:40 server postfix/qmgr[2001]: 37A55642EB3: removed
Aug 1 12:46:41 server postfix/smtpd[7551]: NOQUEUE: reject: RCPT from 221.254.24.195.infosys.su[195.24.254.221]: 550 5.1.1 : Recipient address rejected: User unknown in local recipient table; from= to= proto=SMTP helo=
Aug 1 12:46:42 server postfix/smtpd[7551]: 8213C642EB1: client=221.254.24.195.infosys.su[195.24.254.221]
Aug 1 12:46:43 server postfix/cleanup[7553]: 8213C642EB1: message-id=<62q75k74i37-62027420-509k4j66@ez8xb5hvpni>
Aug 1 12:46:44 server postfix/qmgr[2001]: 8213C642EB1: from=, size=1819, nrcpt=1 (queue active)
Aug 1 12:46:44 server postfix/smtpd[7555]: connect from localhost[127.0.0.1]
Aug 1 12:46:44 server postfix/smtpd[7555]: 3A6FA642EB3: client=localhost[127.0.0.1]
Aug 1 12:46:44 server postfix/cleanup[7553]: 3A6FA642EB3: message-id=<62q75k74i37-62027420-509k4j66@ez8xb5hvpni>
Aug 1 12:46:44 server postfix/qmgr[2001]: 3A6FA642EB3: from=, size=2704, nrcpt=1 (queue active)
Aug 1 12:46:44 server postfix/smtpd[7555]: disconnect from localhost[127.0.0.1]
Aug 1 12:46:44 server postfix/smtp[7554]: 8213C642EB1: to=, relay=127.0.0.1[127.0.0.1]:2526, delay=3.6, delays=3.4/0/0/0.15, dsn=2.0.0, status=sent (250 2.0.0 Ok: queued as 3A6FA642EB3)
Aug 1 12:46:44 server postfix/qmgr[2001]: 8213C642EB1: removed
Aug 1 12:46:44 server postfix/local[7556]: 3A6FA642EB3: to=, orig_to=, relay=local, delay=0.27, delays=0.15/0/0/0.12, dsn=2.0.0, status=sent (delivered to maildir)
Aug 1 12:46:44 server postfix/qmgr[2001]: 3A6FA642EB3: removed
Aug 1 12:46:45 server postfix/smtpd[7551]: NOQUEUE: reject: RCPT from 221.254.24.195.infosys.su[195.24.254.221]: 550 5.1.1 : Recipient address rejected: User unknown in local recipient table; from= to= proto=SMTP helo=
Aug 1 12:46:46 server postfix/smtpd[7551]: NOQUEUE: reject: RCPT from 221.254.24.195.infosys.su[195.24.254.221]: 550 5.1.1 : Recipient address rejected: User unknown in local recipient table; from= to= proto=SMTP helo=
Aug 1 12:46:46 server postfix/smtpd[7551]: NOQUEUE: reject: RCPT from 221.254.24.195.infosys.su[195.24.254.221]: 550 5.1.1 : Recipient address rejected: User unknown in local recipient table; from= to= proto=SMTP helo=
Aug 1 12:46:47 server postfix/smtpd[7551]: 5FE50642EB1: client=221.254.24.195.infosys.su[195.24.254.221]
Aug 1 12:46:49 server postfix/cleanup[7553]: 5FE50642EB1: message-id=<19t67a57n29-05366278-617e1f19@yjguztngto>
Aug 1 12:46:49 server postfix/qmgr[2001]: 5FE50642EB1: from=, size=1831, nrcpt=1 (queue active)
Aug 1 12:46:49 server postfix/smtpd[7555]: connect from localhost[127.0.0.1]
Aug 1 12:46:49 server postfix/smtpd[7555]: 844F2642EB3: client=localhost[127.0.0.1]
Aug 1 12:46:49 server postfix/cleanup[7553]: 844F2642EB3: message-id=<19t67a57n29-05366278-617e1f19@yjguztngto>
Aug 1 12:46:49 server postfix/smtpd[7555]: disconnect from localhost[127.0.0.1]
Aug 1 12:46:49 server postfix/qmgr[2001]: 844F2642EB3: from=, size=2712, nrcpt=1 (queue active)
Aug 1 12:46:49 server postfix/smtp[7554]: 5FE50642EB1: to=, relay=127.0.0.1[127.0.0.1]:2526, delay=4.7, delays=4.6/0/0/0.12, dsn=2.0.0, status=sent (250 2.0.0 Ok: queued as 844F2642EB3)
Aug 1 12:46:49 server postfix/qmgr[2001]: 5FE50642EB1: removed
Aug 1 12:46:49 server postfix/local[7556]: 844F2642EB3: to=, orig_to=, relay=local, delay=0.18, delays=0.12/0/0/0.06, dsn=2.0.0, status=sent (delivered to maildir)
Aug 1 12:46:49 server postfix/pickup[7020]: C5A6F642EB4: uid=1003 from=
Aug 1 12:46:49 server postfix/local[7556]: 844F2642EB3: to=, relay=local, delay=0.27, delays=0.12/0/0/0.15, dsn=2.0.0, status=sent (delivered to command: /usr/bin/vacation babkova)
Aug 1 12:46:49 server postfix/qmgr[2001]: 844F2642EB3: removed
Aug 1 12:46:49 server postfix/cleanup[7553]: C5A6F642EB4: message-id=<20110801104649.C5A6F642EB4@server.ksunitra.sk>
Aug 1 12:46:49 server postfix/qmgr[2001]: C5A6F642EB4: from=, size=664, nrcpt=1 (queue active)
Aug 1 12:46:49 server postfix/smtpd[7555]: connect from localhost[127.0.0.1]
Aug 1 12:46:49 server postfix/smtpd[7555]: D4371642EB1: client=localhost[127.0.0.1]
Aug 1 12:46:49 server postfix/cleanup[7553]: D4371642EB1: message-id=<20110801104649.C5A6F642EB4@server.ksunitra.sk>
Aug 1 12:46:50 server postfix/qmgr[2001]: D4371642EB1: from=, size=1295, nrcpt=1 (queue active)
Aug 1 12:46:50 server postfix/smtpd[7555]: disconnect from localhost[127.0.0.1]
Aug 1 12:46:50 server postfix/smtp[7554]: C5A6F642EB4: to=, relay=127.0.0.1[127.0.0.1]:2526, delay=0.27, delays=0.1/0/0/0.17, dsn=2.0.0, status=sent (250 2.0.0 Ok: queued as D4371642EB1)
Aug 1 12:46:50 server postfix/qmgr[2001]: C5A6F642EB4: removed
Aug 1 12:46:50 server postfix/smtpd[7551]: 9D02B642EB3: client=221.254.24.195.infosys.su[195.24.254.221]
Aug 1 12:46:52 server postfix/cleanup[7553]: 9D02B642EB3: message-id=<20r25y67z89-10708254-724l8q40@ez8xb5hvpni>
Aug 1 12:46:52 server postfix/qmgr[2001]: 9D02B642EB3: from=, size=1829, nrcpt=1 (queue active)
Aug 1 12:46:52 server postfix/smtpd[7555]: connect from localhost[127.0.0.1]
Aug 1 12:46:52 server postfix/smtpd[7555]: 383F9642EB4: client=localhost[127.0.0.1]
Aug 1 12:46:52 server postfix/cleanup[7553]: 383F9642EB4: message-id=<20r25y67z89-10708254-724l8q40@ez8xb5hvpni>
Aug 1 12:46:52 server postfix/qmgr[2001]: 383F9642EB4: from=, size=2714, nrcpt=1 (queue active)
Aug 1 12:46:52 server postfix/smtpd[7555]: disconnect from localhost[127.0.0.1]
Aug 1 12:46:52 server postfix/smtp[7560]: 9D02B642EB3: to=, relay=127.0.0.1[127.0.0.1]:2526, delay=2.3, delays=2.2/0/0/0.1, dsn=2.0.0, status=sent (250 2.0.0 Ok: queued as 383F9642EB4)
Aug 1 12:46:52 server postfix/qmgr[2001]: 9D02B642EB3: removed
Aug 1 12:46:52 server postfix/local[7556]: 383F9642EB4: to=, orig_to=, relay=local, delay=0.16, delays=0.1/0/0/0.06, dsn=2.0.0, status=sent (delivered to maildir)
Aug 1 12:46:52 server postfix/qmgr[2001]: 383F9642EB4: removed
Aug 1 12:46:52 server postfix/smtp[7554]: D4371642EB1: to=, relay=mxa-00105401.gslb.pphosted.com[67.231.144.184]:25, delay=2.7, delays=0.17/0/2.1/0.42, dsn=2.0.0, status=sent (250 2.0.0 xwt81r663-1 Message accepted for delivery)
Aug 1 12:46:52 server postfix/qmgr[2001]: D4371642EB1: removed
Aug 1 12:46:53 server postfix/smtpd[7551]: NOQUEUE: reject: RCPT from 221.254.24.195.infosys.su[195.24.254.221]: 550 5.1.1 : Recipient address rejected: User unknown in local recipient table; from= to= proto=SMTP helo=
Aug 1 12:46:54 server postfix/smtpd[7551]: 0FF48642EB1: client=221.254.24.195.infosys.su[195.24.254.221]
Aug 1 12:46:55 server postfix/cleanup[7553]: 0FF48642EB1: message-id=<91f68e24x67-71681472-026z4w70@ez8xb5hvpni>
Aug 1 12:46:55 server postfix/qmgr[2001]: 0FF48642EB1: from=, size=1826, nrcpt=1 (queue active)
Aug 1 12:46:55 server postfix/smtpd[7555]: connect from localhost[127.0.0.1]
Aug 1 12:46:55 server postfix/smtpd[7555]: 5F774642EB3: client=localhost[127.0.0.1]
Aug 1 12:46:55 server postfix/cleanup[7553]: 5F774642EB3: message-id=<91f68e24x67-71681472-026z4w70@ez8xb5hvpni>
Aug 1 12:46:55 server postfix/qmgr[2001]: 5F774642EB3: from=, size=2707, nrcpt=1 (queue active)
Aug 1 12:46:55 server postfix/smtpd[7555]: disconnect from localhost[127.0.0.1]
Aug 1 12:46:55 server postfix/smtp[7560]: 0FF48642EB1: to=, relay=127.0.0.1[127.0.0.1]:2526, delay=2.6, delays=2.5/0/0/0.15, dsn=2.0.0, status=sent (250 2.0.0 Ok: queued as 5F774642EB3)
Aug 1 12:46:55 server postfix/qmgr[2001]: 0FF48642EB1: removed
Aug 1 12:46:55 server postfix/local[7556]: 5F774642EB3: to=, relay=local, delay=0.23, delays=0.15/0/0/0.08, dsn=2.0.0, status=sent (delivered to maildir)
Aug 1 12:46:55 server postfix/qmgr[2001]: 5F774642EB3: removed
Aug 1 12:46:56 server postfix/smtpd[7551]: E1D80642EB1: client=221.254.24.195.infosys.su[195.24.254.221]
Aug 1 12:46:57 server dovecot: imap-login: Login: user=, method=PLAIN, rip=194.160.31.12, lip=193.87.99.30
Aug 1 12:46:57 server dovecot: IMAP(hrdlovic): Disconnected: Logged out bytes=46/726
Aug 1 12:46:58 server postfix/cleanup[7553]: E1D80642EB1: message-id=<201108011416.E5DD2F2A08E9BE422D041C@v8e2up1j41>
Aug 1 12:46:58 server postfix/qmgr[2001]: E1D80642EB1: from=, size=1818, nrcpt=1 (queue active)
Aug 1 12:46:58 server postfix/smtpd[7555]: connect from localhost[127.0.0.1]
Aug 1 12:46:58 server postfix/smtpd[7555]: 7C7FB642EB3: client=localhost[127.0.0.1]
Aug 1 12:46:58 server postfix/cleanup[7553]: 7C7FB642EB3: message-id=<201108011416.E5DD2F2A08E9BE422D041C@v8e2up1j41>
Aug 1 12:46:58 server postfix/smtpd[7555]: disconnect from localhost[127.0.0.1]
Aug 1 12:46:58 server postfix/qmgr[2001]: 7C7FB642EB3: from=, size=2701, nrcpt=1 (queue active)
Aug 1 12:46:58 server postfix/smtp[7554]: E1D80642EB1: to=, relay=127.0.0.1[127.0.0.1]:2526, delay=2.6, delays=2.4/0/0/0.12, dsn=2.0.0, status=sent (250 2.0.0 Ok: queued as 7C7FB642EB3)
Aug 1 12:46:58 server postfix/qmgr[2001]: E1D80642EB1: removed
Aug 1 12:46:58 server postfix/local[7556]: 7C7FB642EB3: to=, orig_to=, relay=local, delay=0.18, delays=0.12/0/0/0.06, dsn=2.0.0, status=sent (delivered to maildir)
Aug 1 12:46:58 server postfix/qmgr[2001]: 7C7FB642EB3: removed
Aug 1 12:47:00 server postfix/smtpd[7551]: NOQUEUE: reject: RCPT from 221.254.24.195.infosys.su[195.24.254.221]: 550 5.1.1 : Recipient address rejected: User unknown in local recipient table; from= to= proto=SMTP helo=
Aug 1 12:47:00 server postfix/smtpd[7551]: NOQUEUE: reject: RCPT from 221.254.24.195.infosys.su[195.24.254.221]: 550 5.1.1 : Recipient address rejected: User unknown in local recipient table; from= to= proto=SMTP helo=
Aug 1 12:47:03 server dovecot: pop3-login: Login: user=, method=PLAIN, rip=194.160.31.38, lip=193.87.99.30
Aug 1 12:47:03 server postfix/smtpd[7551]: 0C6E2642EB1: client=221.254.24.195.infosys.su[195.24.254.221]
Aug 1 12:47:04 server dovecot: POP3(deakova): Disconnected: Logged out top=0/0, retr=0/0, del=0/0, size=0
Aug 1 12:47:08 server postfix/cleanup[7553]: 0C6E2642EB1: message-id=<91y86o17n65-93673983-527c9b32@smkciey>
Aug 1 12:47:08 server postfix/qmgr[2001]: 0C6E2642EB1: from=, size=1838, nrcpt=1 (queue active)
Aug 1 12:47:08 server postfix/smtpd[7555]: connect from localhost[127.0.0.1]
Aug 1 12:47:08 server postfix/smtpd[7555]: 509B6642EB3: client=localhost[127.0.0.1]
Aug 1 12:47:08 server postfix/cleanup[7553]: 509B6642EB3: message-id=<91y86o17n65-93673983-527c9b32@smkciey>
Aug 1 12:47:08 server postfix/smtpd[7555]: disconnect from localhost[127.0.0.1]
Aug 1 12:47:08 server postfix/qmgr[2001]: 509B6642EB3: from=, size=2717, nrcpt=1 (queue active)
Aug 1 12:47:08 server postfix/smtp[7560]: 0C6E2642EB1: to=, relay=127.0.0.1[127.0.0.1]:2526, delay=8.9, delays=8.8/0/0/0.1, dsn=2.0.0, status=sent (250 2.0.0 Ok: queued as 509B6642EB3)
Aug 1 12:47:08 server postfix/qmgr[2001]: 0C6E2642EB1: removed
Aug 1 12:47:08 server postfix/local[7556]: 509B6642EB3: to=, relay=local, delay=0.16, delays=0.1/0/0/0.06, dsn=2.0.0, status=sent (delivered to maildir)
Aug 1 12:47:08 server postfix/qmgr[2001]: 509B6642EB3: removed
Aug 1 12:47:09 server postfix/smtpd[7551]: 86AED642EB1: client=221.254.24.195.infosys.su[195.24.254.221]
Aug 1 12:47:10 server postfix/cleanup[7553]: 86AED642EB1: message-id=<201108011018.EA2D1E4E283C7FF1F49557@j24a0ab>
Aug 1 12:47:10 server postfix/qmgr[2001]: 86AED642EB1: from=, size=1898, nrcpt=1 (queue active)
Aug 1 12:47:10 server postfix/smtpd[7555]: connect from localhost[127.0.0.1]
Aug 1 12:47:10 server postfix/smtpd[7555]: F0301642EB3: client=localhost[127.0.0.1]
Aug 1 12:47:11 server postfix/cleanup[7553]: F0301642EB3: message-id=<201108011018.EA2D1E4E283C7FF1F49557@j24a0ab>
Aug 1 12:47:11 server postfix/qmgr[2001]: F0301642EB3: from=, size=2779, nrcpt=1 (queue active)
Aug 1 12:47:11 server postfix/smtpd[7555]: disconnect from localhost[127.0.0.1]
Aug 1 12:47:11 server postfix/smtp[7554]: 86AED642EB1: to=, relay=127.0.0.1[127.0.0.1]:2526, delay=2.2, delays=2/0/0/0.17, dsn=2.0.0, status=sent (250 2.0.0 Ok: queued as F0301642EB3)
Aug 1 12:47:11 server postfix/qmgr[2001]: 86AED642EB1: removed
Aug 1 12:47:11 server postfix/local[7556]: F0301642EB3: to=, relay=local, delay=0.3, delays=0.17/0/0/0.13, dsn=2.0.0, status=sent (delivered to maildir)
Aug 1 12:47:11 server postfix/qmgr[2001]: F0301642EB3: removed
